{"id":19605,"date":"2025-06-12T12:46:11","date_gmt":"2025-06-12T10:46:11","guid":{"rendered":"https:\/\/www.mirare.fr\/artistes\/margaux-poguet\/"},"modified":"2025-06-12T12:57:54","modified_gmt":"2025-06-12T10:57:54","slug":"margaux-poguet","status":"publish","type":"artist","link":"https:\/\/www.mirare.fr\/en\/artists\/margaux-poguet\/","title":{"rendered":"Margaux Poguet"},"content":{"rendered":"<p>Soprano Margaux Poguet sings to tell stories.<\/p>\n<p>She first explored music through the bassoon and theater at the Conservatoire of Bourges before graduating with distinction and the jury\u2019s highest honors from the Conservatoire National Sup\u00e9rieur de Musique et de Danse de Paris in 2023.<\/p>\n<p>In the 2024\/2025 season, she makes several important role debuts in the Mozartian repertoire, including Elvira (Don Giovanni), Fiordiligi (Cos\u00ec fan tutte), and Vitellia (La clemenza di Tito), with appearances at the Th\u00e9\u00e2tre de l\u2019Ath\u00e9n\u00e9e, Atelier Lyrique de Tourcoing, Th\u00e9\u00e2tre Imp\u00e9rial de Compi\u00e8gne, and the Op\u00e9ra de Massy.<\/p>\n<p>Passionately committed to artistic diversity, Margaux regularly collaborates with young composers on contemporary creations and expands her stage experience through musical theater projects at venues such as Lido 2 Paris and the Op\u00e9ra de Toulon.<\/p>\n<p>A laureate of the Fondation Royaumont, the Festival Ravel Academy, and the Villecroze Academy, she has also received support from the Lions Club Foundation, the Fondation Meyer, and patron Patrick Petit.<\/p>\n<p>For her debut recording, she offers a program of German music weaving together Alban Berg\u2019s Sieben fru\u0308he Lieder, Viktor Ullmann\u2019s settings of poems by Louise Lab\u00e9, and songs by Kurt Weill arranged for trio with piano and jazz double bass.<\/p>\n<p>Margaux also holds a research master\u2019s degree in philosophy from Paris 1 Panth\u00e9on-Sorbonne University.<\/p>\n","protected":false},"excerpt":{"rendered":"<p>Soprano Margaux Poguet sings to tell stories.<\/p>\n","protected":false},"author":3,"featured_media":19606,"template":"","class_list":["post-19605","artist","type-artist","status-publish","has-post-thumbnail","hentry"],"acf":[],"yoast_head":"<!-- This site is optimized with the Yoast SEO plugin v27.5 - https:\/\/yoast.com\/product\/yoast-seo-wordpress\/ -->\n<title>Margaux Poguet - Mirare<\/title>\n<meta name=\"description\" content=\"Soprano Margaux Poguet sings to tell stories.\" \/>\n<meta name=\"robots\" content=\"index, follow, max-snippet:-1, max-image-preview:large, max-video-preview:-1\" \/>\n<link rel=\"canonical\" href=\"https:\/\/www.mirare.fr\/en\/artists\/margaux-poguet\/\" \/>\n<meta property=\"og:locale\" content=\"en_US\" \/>\n<meta property=\"og:type\" content=\"article\" \/>\n<meta property=\"og:title\" content=\"Margaux Poguet - Mirare\" \/>\n<meta property=\"og:description\" content=\"Soprano Margaux Poguet sings to tell stories.\" \/>\n<meta property=\"og:url\" content=\"https:\/\/www.mirare.fr\/en\/artists\/margaux-poguet\/\" \/>\n<meta property=\"og:site_name\" content=\"Mirare\" \/>\n<meta property=\"article:publisher\" content=\"https:\/\/fr-fr.facebook.com\/pages\/category\/Record-Label\/Mirare-151247074906672\/\" \/>\n<meta property=\"article:modified_time\" content=\"2025-06-12T10:57:54+00:00\" \/>\n<meta property=\"og:image\" content=\"https:\/\/www.mirare.fr\/wp-content\/uploads\/2025\/06\/EmptyName-16-scaled.jpg\" \/>\n\t<meta property=\"og:image:width\" content=\"2560\" \/>\n\t<meta property=\"og:image:height\" content=\"1707\" \/>\n\t<meta property=\"og:image:type\" content=\"image\/jpeg\" \/>\n<meta name=\"twitter:card\" content=\"summary_large_image\" \/>\n<meta name=\"twitter:label1\" content=\"Est. reading time\" \/>\n\t<meta name=\"twitter:data1\" content=\"2 minutes\" \/>\n<script type=\"application\/ld+json\" class=\"yoast-schema-graph\">{\"@context\":\"https:\\\/\\\/schema.org\",\"@graph\":[{\"@type\":\"WebPage\",\"@id\":\"https:\\\/\\\/www.mirare.fr\\\/en\\\/artists\\\/margaux-poguet\\\/\",\"url\":\"https:\\\/\\\/www.mirare.fr\\\/en\\\/artists\\\/margaux-poguet\\\/\",\"name\":\"Margaux Poguet - Mirare\",\"isPartOf\":{\"@id\":\"https:\\\/\\\/www.mirare.fr\\\/en\\\/#website\"},\"primaryImageOfPage\":{\"@id\":\"https:\\\/\\\/www.mirare.fr\\\/en\\\/artists\\\/margaux-poguet\\\/#primaryimage\"},\"image\":{\"@id\":\"https:\\\/\\\/www.mirare.fr\\\/en\\\/artists\\\/margaux-poguet\\\/#primaryimage\"},\"thumbnailUrl\":\"https:\\\/\\\/www.mirare.fr\\\/wp-content\\\/uploads\\\/2025\\\/06\\\/EmptyName-16-scaled.jpg\",\"datePublished\":\"2025-06-12T10:46:11+00:00\",\"dateModified\":\"2025-06-12T10:57:54+00:00\",\"description\":\"Soprano Margaux Poguet sings to tell stories.\",\"breadcrumb\":{\"@id\":\"https:\\\/\\\/www.mirare.fr\\\/en\\\/artists\\\/margaux-poguet\\\/#breadcrumb\"},\"inLanguage\":\"en-US\",\"potentialAction\":[{\"@type\":\"ReadAction\",\"target\":[\"https:\\\/\\\/www.mirare.fr\\\/en\\\/artists\\\/margaux-poguet\\\/\"]}]},{\"@type\":\"ImageObject\",\"inLanguage\":\"en-US\",\"@id\":\"https:\\\/\\\/www.mirare.fr\\\/en\\\/artists\\\/margaux-poguet\\\/#primaryimage\",\"url\":\"https:\\\/\\\/www.mirare.fr\\\/wp-content\\\/uploads\\\/2025\\\/06\\\/EmptyName-16-scaled.jpg\",\"contentUrl\":\"https:\\\/\\\/www.mirare.fr\\\/wp-content\\\/uploads\\\/2025\\\/06\\\/EmptyName-16-scaled.jpg\",\"width\":2560,\"height\":1707},{\"@type\":\"BreadcrumbList\",\"@id\":\"https:\\\/\\\/www.mirare.fr\\\/en\\\/artists\\\/margaux-poguet\\\/#breadcrumb\",\"itemListElement\":[{\"@type\":\"ListItem\",\"position\":1,\"name\":\"Home\",\"item\":\"https:\\\/\\\/www.mirare.fr\\\/en\\\/\"},{\"@type\":\"ListItem\",\"position\":2,\"name\":\"Margaux Poguet\"}]},{\"@type\":\"WebSite\",\"@id\":\"https:\\\/\\\/www.mirare.fr\\\/en\\\/#website\",\"url\":\"https:\\\/\\\/www.mirare.fr\\\/en\\\/\",\"name\":\"Mirare\",\"description\":\"\",\"publisher\":{\"@id\":\"https:\\\/\\\/www.mirare.fr\\\/en\\\/#organization\"},\"potentialAction\":[{\"@type\":\"SearchAction\",\"target\":{\"@type\":\"EntryPoint\",\"urlTemplate\":\"https:\\\/\\\/www.mirare.fr\\\/en\\\/?s={search_term_string}\"},\"query-input\":{\"@type\":\"PropertyValueSpecification\",\"valueRequired\":true,\"valueName\":\"search_term_string\"}}],\"inLanguage\":\"en-US\"},{\"@type\":\"Organization\",\"@id\":\"https:\\\/\\\/www.mirare.fr\\\/en\\\/#organization\",\"name\":\"Mirare Productions\",\"url\":\"https:\\\/\\\/www.mirare.fr\\\/en\\\/\",\"logo\":{\"@type\":\"ImageObject\",\"inLanguage\":\"en-US\",\"@id\":\"https:\\\/\\\/www.mirare.fr\\\/en\\\/#\\\/schema\\\/logo\\\/image\\\/\",\"url\":\"https:\\\/\\\/www.mirare.fr\\\/wp-content\\\/uploads\\\/2022\\\/02\\\/mirare-logo.png\",\"contentUrl\":\"https:\\\/\\\/www.mirare.fr\\\/wp-content\\\/uploads\\\/2022\\\/02\\\/mirare-logo.png\",\"width\":1319,\"height\":253,\"caption\":\"Mirare Productions\"},\"image\":{\"@id\":\"https:\\\/\\\/www.mirare.fr\\\/en\\\/#\\\/schema\\\/logo\\\/image\\\/\"},\"sameAs\":[\"https:\\\/\\\/fr-fr.facebook.com\\\/pages\\\/category\\\/Record-Label\\\/Mirare-151247074906672\\\/\",\"https:\\\/\\\/www.instagram.com\\\/mirare_records\\\/?hl=fr\"]}]}<\/script>\n<!-- \/ Yoast SEO plugin. -->","yoast_head_json":{"title":"Margaux Poguet - Mirare","description":"Soprano Margaux Poguet sings to tell stories.","robots":{"index":"index","follow":"follow","max-snippet":"max-snippet:-1","max-image-preview":"max-image-preview:large","max-video-preview":"max-video-preview:-1"},"canonical":"https:\/\/www.mirare.fr\/en\/artists\/margaux-poguet\/","og_locale":"en_US","og_type":"article","og_title":"Margaux Poguet - Mirare","og_description":"Soprano Margaux Poguet sings to tell stories.","og_url":"https:\/\/www.mirare.fr\/en\/artists\/margaux-poguet\/","og_site_name":"Mirare","article_publisher":"https:\/\/fr-fr.facebook.com\/pages\/category\/Record-Label\/Mirare-151247074906672\/","article_modified_time":"2025-06-12T10:57:54+00:00","og_image":[{"width":2560,"height":1707,"url":"https:\/\/www.mirare.fr\/wp-content\/uploads\/2025\/06\/EmptyName-16-scaled.jpg","type":"image\/jpeg"}],"twitter_card":"summary_large_image","twitter_misc":{"Est. reading time":"2 minutes"},"schema":{"@context":"https:\/\/schema.org","@graph":[{"@type":"WebPage","@id":"https:\/\/www.mirare.fr\/en\/artists\/margaux-poguet\/","url":"https:\/\/www.mirare.fr\/en\/artists\/margaux-poguet\/","name":"Margaux Poguet - Mirare","isPartOf":{"@id":"https:\/\/www.mirare.fr\/en\/#website"},"primaryImageOfPage":{"@id":"https:\/\/www.mirare.fr\/en\/artists\/margaux-poguet\/#primaryimage"},"image":{"@id":"https:\/\/www.mirare.fr\/en\/artists\/margaux-poguet\/#primaryimage"},"thumbnailUrl":"https:\/\/www.mirare.fr\/wp-content\/uploads\/2025\/06\/EmptyName-16-scaled.jpg","datePublished":"2025-06-12T10:46:11+00:00","dateModified":"2025-06-12T10:57:54+00:00","description":"Soprano Margaux Poguet sings to tell stories.","breadcrumb":{"@id":"https:\/\/www.mirare.fr\/en\/artists\/margaux-poguet\/#breadcrumb"},"inLanguage":"en-US","potentialAction":[{"@type":"ReadAction","target":["https:\/\/www.mirare.fr\/en\/artists\/margaux-poguet\/"]}]},{"@type":"ImageObject","inLanguage":"en-US","@id":"https:\/\/www.mirare.fr\/en\/artists\/margaux-poguet\/#primaryimage","url":"https:\/\/www.mirare.fr\/wp-content\/uploads\/2025\/06\/EmptyName-16-scaled.jpg","contentUrl":"https:\/\/www.mirare.fr\/wp-content\/uploads\/2025\/06\/EmptyName-16-scaled.jpg","width":2560,"height":1707},{"@type":"BreadcrumbList","@id":"https:\/\/www.mirare.fr\/en\/artists\/margaux-poguet\/#breadcrumb","itemListElement":[{"@type":"ListItem","position":1,"name":"Home","item":"https:\/\/www.mirare.fr\/en\/"},{"@type":"ListItem","position":2,"name":"Margaux Poguet"}]},{"@type":"WebSite","@id":"https:\/\/www.mirare.fr\/en\/#website","url":"https:\/\/www.mirare.fr\/en\/","name":"Mirare","description":"","publisher":{"@id":"https:\/\/www.mirare.fr\/en\/#organization"},"potentialAction":[{"@type":"SearchAction","target":{"@type":"EntryPoint","urlTemplate":"https:\/\/www.mirare.fr\/en\/?s={search_term_string}"},"query-input":{"@type":"PropertyValueSpecification","valueRequired":true,"valueName":"search_term_string"}}],"inLanguage":"en-US"},{"@type":"Organization","@id":"https:\/\/www.mirare.fr\/en\/#organization","name":"Mirare Productions","url":"https:\/\/www.mirare.fr\/en\/","logo":{"@type":"ImageObject","inLanguage":"en-US","@id":"https:\/\/www.mirare.fr\/en\/#\/schema\/logo\/image\/","url":"https:\/\/www.mirare.fr\/wp-content\/uploads\/2022\/02\/mirare-logo.png","contentUrl":"https:\/\/www.mirare.fr\/wp-content\/uploads\/2022\/02\/mirare-logo.png","width":1319,"height":253,"caption":"Mirare Productions"},"image":{"@id":"https:\/\/www.mirare.fr\/en\/#\/schema\/logo\/image\/"},"sameAs":["https:\/\/fr-fr.facebook.com\/pages\/category\/Record-Label\/Mirare-151247074906672\/","https:\/\/www.instagram.com\/mirare_records\/?hl=fr"]}]}},"_links":{"self":[{"href":"https:\/\/www.mirare.fr\/en\/wp-json\/wp\/v2\/artist\/19605","targetHints":{"allow":["GET"]}}],"collection":[{"href":"https:\/\/www.mirare.fr\/en\/wp-json\/wp\/v2\/artist"}],"about":[{"href":"https:\/\/www.mirare.fr\/en\/wp-json\/wp\/v2\/types\/artist"}],"author":[{"embeddable":true,"href":"https:\/\/www.mirare.fr\/en\/wp-json\/wp\/v2\/users\/3"}],"version-history":[{"count":2,"href":"https:\/\/www.mirare.fr\/en\/wp-json\/wp\/v2\/artist\/19605\/revisions"}],"predecessor-version":[{"id":19608,"href":"https:\/\/www.mirare.fr\/en\/wp-json\/wp\/v2\/artist\/19605\/revisions\/19608"}],"wp:featuredmedia":[{"embeddable":true,"href":"https:\/\/www.mirare.fr\/en\/wp-json\/wp\/v2\/media\/19606"}],"wp:attachment":[{"href":"https:\/\/www.mirare.fr\/en\/wp-json\/wp\/v2\/media?parent=19605"}],"curies":[{"name":"wp","href":"https:\/\/api.w.org\/{rel}","templated":true}]}}

<p>Soprano Margaux Poguet sings to tell stories.</p>
<p>She first explored music through the bassoon and theater at the Conservatoire of Bourges before graduating with distinction and the jury’s highest honors from the Conservatoire National Supérieur de Musique et de Danse de Paris in 2023.</p>
<p>In the 2024/2025 season, she makes several important role debuts in the Mozartian repertoire, including Elvira (Don Giovanni), Fiordiligi (Così fan tutte), and Vitellia (La clemenza di Tito), with appearances at the Théâtre de l’Athénée, Atelier Lyrique de Tourcoing, Théâtre Impérial de Compiègne, and the Opéra de Massy.</p>
<p>Passionately committed to artistic diversity, Margaux regularly collaborates with young composers on contemporary creations and expands her stage experience through musical theater projects at venues such as Lido 2 Paris and the Opéra de Toulon.</p>
<p>A laureate of the Fondation Royaumont, the Festival Ravel Academy, and the Villecroze Academy, she has also received support from the Lions Club Foundation, the Fondation Meyer, and patron Patrick Petit.</p>
<p>For her debut recording, she offers a program of German music weaving together Alban Berg’s Sieben frühe Lieder, Viktor Ullmann’s settings of poems by Louise Labé, and songs by Kurt Weill arranged for trio with piano and jazz double bass.</p>
<p>Margaux also holds a research master’s degree in philosophy from Paris 1 Panthéon-Sorbonne University.</p>
