{"id":18829,"date":"2024-02-07T11:12:17","date_gmt":"2024-02-07T10:12:17","guid":{"rendered":"https:\/\/www.mirare.fr\/?post_type=artist&#038;p=18829"},"modified":"2024-02-07T11:28:47","modified_gmt":"2024-02-07T10:28:47","slug":"guillaume-bellom","status":"publish","type":"artist","link":"https:\/\/www.mirare.fr\/en\/artists\/guillaume-bellom\/","title":{"rendered":"Guillaume Bellom"},"content":{"rendered":"<p>Guillaume Bellom has had one of the most atypical careers of his generation, combining violin and piano studies at the Besan\u00e7on Conservatoire with studies at <em>the Conservatoire National Sup\u00e9rieur de Musique et de Danse de Paris<\/em>, (CNSMDP) where he came into contact with such musical luminaries as Nicholas Angelich and Hortense Cartier-Bresson.<\/p>\n<p>1st Prize at <em>Le Concours International de Piano d\u2019\u00c9pinal<\/em> (the \u00c9pinal International Piano Competition) and finalist and winner of the \u201cModern Times\u201d Prize for the best interpretation of the contemporary piece at <em>Le Concours<\/em> <em>International de Piano Clara Haskil<\/em> (the Clara Haskil International Piano Competition) in 2015, Guillaume Bellom revealed himself at this event dedicated to the Romanian pianist. The following year, he won the Thierry Scherz Prize at the <em>Sommets Musicaux de Gstaad<\/em>. The general public discovered him at the <em>Victoires de la Musique Classique<\/em>, where he was nominated in the \u2018Instrumental Soloist Revelation\u2019 category.<\/p>\n<p>His musical career has taken him to the <em>Festival international de piano de la Roque d\u2019Anth\u00e9ron<\/em>, the <em>Festival de P\u00e2ques d\u2019Aix-en-Provence<\/em>, the <em>Festival Radio France Occitanie Montpellier<\/em>, the <em>Salzburger Festspiele<\/em>, the <em>Th\u00e9\u00e2tre des Champs-\u00c9lys\u00e9es<\/em>, the <em>Auditorium de Radio-France<\/em>, the <em>Mariinsky Theatre<\/em> in St Petersburg, the <em>Boulez Saal<\/em> in Berlin, the <em>Teatro San Carlo<\/em> in Naples and the <em>Shanghai Concert Hall<\/em>. He has performed with Renaud Capu\u00e7on, Paul Meyer, Yan Levionnois, Victor Julien-Laferri\u00e8re, Mathilde Cald\u00e9rini, Isma\u00ebl Margain, Anna G\u00f6ckel and David Kadouch, and as soloist with the Orchestre National de France, Orchestre National de France, Orchestre de chambre de Lausanne, Orchestre National de Metz, Orchestre National Avignon-Provence and Orchestre National d\u2019\u00cele-de-France, conducted by Christian Zacharias, Pierre Dumoussaud, Ruth Reinhardt and Debora Waldman. His discography includes two albums dedicated to works for four hands by Schubert (FFFF T\u00e9l\u00e9rama) and Mozart, recorded with Isma\u00ebl Margain (Apart\u00e9), and a solo recital dedicated to Schubert, Haydn and Debussy (Claves Records). In 2021, he will record the album <em>Un violon \u00e0 Paris<\/em> with Renaud Capu\u00e7on (Warner Classics), followed in 2023 by <em>Malinconia<\/em> with cellist Yan Levionnois (NoMad Music) and the two Mozart quartets with Renaud Capu\u00e7on, Paul Zientara and St\u00e9phanie Huang (Deutsche Grammophon\/Beau Soir).<\/p>\n<p>Guillaume Bellom is a laureate of the <em>Fondation L\u2019Or du Rhin<\/em> and the Fondation d\u2019entreprise Banque Populaire. He has been an associate artist of the <em>Fondation Singer-Polignac<\/em> since 2018.<\/p>\n","protected":false},"excerpt":{"rendered":"<p>Guillaume Bellom has had one of the most atypical careers of his generation, combining violin and piano studies at the Besan\u00e7on Conservatoire with studies at the Conservatoire National Sup\u00e9rieur de Musique et de Danse de Paris, (CNSMDP) where he came into contact with such musical luminaries as Nicholas Angelich and Hortense Cartier-Bresson. 1st Prize at [&hellip;]<\/p>\n","protected":false},"author":3,"featured_media":18833,"template":"","class_list":["post-18829","artist","type-artist","status-publish","has-post-thumbnail","hentry"],"acf":[],"yoast_head":"<!-- This site is optimized with the Yoast SEO plugin v27.5 - https:\/\/yoast.com\/product\/yoast-seo-wordpress\/ -->\n<title>Guillaume Bellom - Mirare<\/title>\n<meta name=\"description\" content=\"Guillaume Bellom has had one of the most atypical careers of his generation, combining violin and piano studies at the Besan\u00e7on Conservatoire\" \/>\n<meta name=\"robots\" content=\"index, follow, max-snippet:-1, max-image-preview:large, max-video-preview:-1\" \/>\n<link rel=\"canonical\" href=\"https:\/\/www.mirare.fr\/en\/artists\/guillaume-bellom\/\" \/>\n<meta property=\"og:locale\" content=\"en_US\" \/>\n<meta property=\"og:type\" content=\"article\" \/>\n<meta property=\"og:title\" content=\"Guillaume Bellom - Mirare\" \/>\n<meta property=\"og:description\" content=\"Guillaume Bellom has had one of the most atypical careers of his generation, combining violin and piano studies at the Besan\u00e7on Conservatoire\" \/>\n<meta property=\"og:url\" content=\"https:\/\/www.mirare.fr\/en\/artists\/guillaume-bellom\/\" \/>\n<meta property=\"og:site_name\" content=\"Mirare\" \/>\n<meta property=\"article:publisher\" content=\"https:\/\/fr-fr.facebook.com\/pages\/category\/Record-Label\/Mirare-151247074906672\/\" \/>\n<meta property=\"article:modified_time\" content=\"2024-02-07T10:28:47+00:00\" \/>\n<meta property=\"og:image\" content=\"https:\/\/www.mirare.fr\/wp-content\/uploads\/2024\/02\/JBM7770-copie.jpg\" \/>\n\t<meta property=\"og:image:width\" content=\"1452\" \/>\n\t<meta property=\"og:image:height\" content=\"966\" \/>\n\t<meta property=\"og:image:type\" content=\"image\/jpeg\" \/>\n<meta name=\"twitter:card\" content=\"summary_large_image\" \/>\n<meta name=\"twitter:label1\" content=\"Est. reading time\" \/>\n\t<meta name=\"twitter:data1\" content=\"2 minutes\" \/>\n<script type=\"application\/ld+json\" class=\"yoast-schema-graph\">{\"@context\":\"https:\\\/\\\/schema.org\",\"@graph\":[{\"@type\":\"WebPage\",\"@id\":\"https:\\\/\\\/www.mirare.fr\\\/en\\\/artists\\\/guillaume-bellom\\\/\",\"url\":\"https:\\\/\\\/www.mirare.fr\\\/en\\\/artists\\\/guillaume-bellom\\\/\",\"name\":\"Guillaume Bellom - Mirare\",\"isPartOf\":{\"@id\":\"https:\\\/\\\/www.mirare.fr\\\/en\\\/#website\"},\"primaryImageOfPage\":{\"@id\":\"https:\\\/\\\/www.mirare.fr\\\/en\\\/artists\\\/guillaume-bellom\\\/#primaryimage\"},\"image\":{\"@id\":\"https:\\\/\\\/www.mirare.fr\\\/en\\\/artists\\\/guillaume-bellom\\\/#primaryimage\"},\"thumbnailUrl\":\"https:\\\/\\\/www.mirare.fr\\\/wp-content\\\/uploads\\\/2024\\\/02\\\/JBM7770-copie.jpg\",\"datePublished\":\"2024-02-07T10:12:17+00:00\",\"dateModified\":\"2024-02-07T10:28:47+00:00\",\"description\":\"Guillaume Bellom has had one of the most atypical careers of his generation, combining violin and piano studies at the Besan\u00e7on Conservatoire\",\"breadcrumb\":{\"@id\":\"https:\\\/\\\/www.mirare.fr\\\/en\\\/artists\\\/guillaume-bellom\\\/#breadcrumb\"},\"inLanguage\":\"en-US\",\"potentialAction\":[{\"@type\":\"ReadAction\",\"target\":[\"https:\\\/\\\/www.mirare.fr\\\/en\\\/artists\\\/guillaume-bellom\\\/\"]}]},{\"@type\":\"ImageObject\",\"inLanguage\":\"en-US\",\"@id\":\"https:\\\/\\\/www.mirare.fr\\\/en\\\/artists\\\/guillaume-bellom\\\/#primaryimage\",\"url\":\"https:\\\/\\\/www.mirare.fr\\\/wp-content\\\/uploads\\\/2024\\\/02\\\/JBM7770-copie.jpg\",\"contentUrl\":\"https:\\\/\\\/www.mirare.fr\\\/wp-content\\\/uploads\\\/2024\\\/02\\\/JBM7770-copie.jpg\",\"width\":1452,\"height\":966},{\"@type\":\"BreadcrumbList\",\"@id\":\"https:\\\/\\\/www.mirare.fr\\\/en\\\/artists\\\/guillaume-bellom\\\/#breadcrumb\",\"itemListElement\":[{\"@type\":\"ListItem\",\"position\":1,\"name\":\"Home\",\"item\":\"https:\\\/\\\/www.mirare.fr\\\/en\\\/\"},{\"@type\":\"ListItem\",\"position\":2,\"name\":\"Guillaume Bellom\"}]},{\"@type\":\"WebSite\",\"@id\":\"https:\\\/\\\/www.mirare.fr\\\/en\\\/#website\",\"url\":\"https:\\\/\\\/www.mirare.fr\\\/en\\\/\",\"name\":\"Mirare\",\"description\":\"\",\"publisher\":{\"@id\":\"https:\\\/\\\/www.mirare.fr\\\/en\\\/#organization\"},\"potentialAction\":[{\"@type\":\"SearchAction\",\"target\":{\"@type\":\"EntryPoint\",\"urlTemplate\":\"https:\\\/\\\/www.mirare.fr\\\/en\\\/?s={search_term_string}\"},\"query-input\":{\"@type\":\"PropertyValueSpecification\",\"valueRequired\":true,\"valueName\":\"search_term_string\"}}],\"inLanguage\":\"en-US\"},{\"@type\":\"Organization\",\"@id\":\"https:\\\/\\\/www.mirare.fr\\\/en\\\/#organization\",\"name\":\"Mirare Productions\",\"url\":\"https:\\\/\\\/www.mirare.fr\\\/en\\\/\",\"logo\":{\"@type\":\"ImageObject\",\"inLanguage\":\"en-US\",\"@id\":\"https:\\\/\\\/www.mirare.fr\\\/en\\\/#\\\/schema\\\/logo\\\/image\\\/\",\"url\":\"https:\\\/\\\/www.mirare.fr\\\/wp-content\\\/uploads\\\/2022\\\/02\\\/mirare-logo.png\",\"contentUrl\":\"https:\\\/\\\/www.mirare.fr\\\/wp-content\\\/uploads\\\/2022\\\/02\\\/mirare-logo.png\",\"width\":1319,\"height\":253,\"caption\":\"Mirare Productions\"},\"image\":{\"@id\":\"https:\\\/\\\/www.mirare.fr\\\/en\\\/#\\\/schema\\\/logo\\\/image\\\/\"},\"sameAs\":[\"https:\\\/\\\/fr-fr.facebook.com\\\/pages\\\/category\\\/Record-Label\\\/Mirare-151247074906672\\\/\",\"https:\\\/\\\/www.instagram.com\\\/mirare_records\\\/?hl=fr\"]}]}<\/script>\n<!-- \/ Yoast SEO plugin. -->","yoast_head_json":{"title":"Guillaume Bellom - Mirare","description":"Guillaume Bellom has had one of the most atypical careers of his generation, combining violin and piano studies at the Besan\u00e7on Conservatoire","robots":{"index":"index","follow":"follow","max-snippet":"max-snippet:-1","max-image-preview":"max-image-preview:large","max-video-preview":"max-video-preview:-1"},"canonical":"https:\/\/www.mirare.fr\/en\/artists\/guillaume-bellom\/","og_locale":"en_US","og_type":"article","og_title":"Guillaume Bellom - Mirare","og_description":"Guillaume Bellom has had one of the most atypical careers of his generation, combining violin and piano studies at the Besan\u00e7on Conservatoire","og_url":"https:\/\/www.mirare.fr\/en\/artists\/guillaume-bellom\/","og_site_name":"Mirare","article_publisher":"https:\/\/fr-fr.facebook.com\/pages\/category\/Record-Label\/Mirare-151247074906672\/","article_modified_time":"2024-02-07T10:28:47+00:00","og_image":[{"width":1452,"height":966,"url":"https:\/\/www.mirare.fr\/wp-content\/uploads\/2024\/02\/JBM7770-copie.jpg","type":"image\/jpeg"}],"twitter_card":"summary_large_image","twitter_misc":{"Est. reading time":"2 minutes"},"schema":{"@context":"https:\/\/schema.org","@graph":[{"@type":"WebPage","@id":"https:\/\/www.mirare.fr\/en\/artists\/guillaume-bellom\/","url":"https:\/\/www.mirare.fr\/en\/artists\/guillaume-bellom\/","name":"Guillaume Bellom - Mirare","isPartOf":{"@id":"https:\/\/www.mirare.fr\/en\/#website"},"primaryImageOfPage":{"@id":"https:\/\/www.mirare.fr\/en\/artists\/guillaume-bellom\/#primaryimage"},"image":{"@id":"https:\/\/www.mirare.fr\/en\/artists\/guillaume-bellom\/#primaryimage"},"thumbnailUrl":"https:\/\/www.mirare.fr\/wp-content\/uploads\/2024\/02\/JBM7770-copie.jpg","datePublished":"2024-02-07T10:12:17+00:00","dateModified":"2024-02-07T10:28:47+00:00","description":"Guillaume Bellom has had one of the most atypical careers of his generation, combining violin and piano studies at the Besan\u00e7on Conservatoire","breadcrumb":{"@id":"https:\/\/www.mirare.fr\/en\/artists\/guillaume-bellom\/#breadcrumb"},"inLanguage":"en-US","potentialAction":[{"@type":"ReadAction","target":["https:\/\/www.mirare.fr\/en\/artists\/guillaume-bellom\/"]}]},{"@type":"ImageObject","inLanguage":"en-US","@id":"https:\/\/www.mirare.fr\/en\/artists\/guillaume-bellom\/#primaryimage","url":"https:\/\/www.mirare.fr\/wp-content\/uploads\/2024\/02\/JBM7770-copie.jpg","contentUrl":"https:\/\/www.mirare.fr\/wp-content\/uploads\/2024\/02\/JBM7770-copie.jpg","width":1452,"height":966},{"@type":"BreadcrumbList","@id":"https:\/\/www.mirare.fr\/en\/artists\/guillaume-bellom\/#breadcrumb","itemListElement":[{"@type":"ListItem","position":1,"name":"Home","item":"https:\/\/www.mirare.fr\/en\/"},{"@type":"ListItem","position":2,"name":"Guillaume Bellom"}]},{"@type":"WebSite","@id":"https:\/\/www.mirare.fr\/en\/#website","url":"https:\/\/www.mirare.fr\/en\/","name":"Mirare","description":"","publisher":{"@id":"https:\/\/www.mirare.fr\/en\/#organization"},"potentialAction":[{"@type":"SearchAction","target":{"@type":"EntryPoint","urlTemplate":"https:\/\/www.mirare.fr\/en\/?s={search_term_string}"},"query-input":{"@type":"PropertyValueSpecification","valueRequired":true,"valueName":"search_term_string"}}],"inLanguage":"en-US"},{"@type":"Organization","@id":"https:\/\/www.mirare.fr\/en\/#organization","name":"Mirare Productions","url":"https:\/\/www.mirare.fr\/en\/","logo":{"@type":"ImageObject","inLanguage":"en-US","@id":"https:\/\/www.mirare.fr\/en\/#\/schema\/logo\/image\/","url":"https:\/\/www.mirare.fr\/wp-content\/uploads\/2022\/02\/mirare-logo.png","contentUrl":"https:\/\/www.mirare.fr\/wp-content\/uploads\/2022\/02\/mirare-logo.png","width":1319,"height":253,"caption":"Mirare Productions"},"image":{"@id":"https:\/\/www.mirare.fr\/en\/#\/schema\/logo\/image\/"},"sameAs":["https:\/\/fr-fr.facebook.com\/pages\/category\/Record-Label\/Mirare-151247074906672\/","https:\/\/www.instagram.com\/mirare_records\/?hl=fr"]}]}},"_links":{"self":[{"href":"https:\/\/www.mirare.fr\/en\/wp-json\/wp\/v2\/artist\/18829","targetHints":{"allow":["GET"]}}],"collection":[{"href":"https:\/\/www.mirare.fr\/en\/wp-json\/wp\/v2\/artist"}],"about":[{"href":"https:\/\/www.mirare.fr\/en\/wp-json\/wp\/v2\/types\/artist"}],"author":[{"embeddable":true,"href":"https:\/\/www.mirare.fr\/en\/wp-json\/wp\/v2\/users\/3"}],"version-history":[{"count":3,"href":"https:\/\/www.mirare.fr\/en\/wp-json\/wp\/v2\/artist\/18829\/revisions"}],"predecessor-version":[{"id":18835,"href":"https:\/\/www.mirare.fr\/en\/wp-json\/wp\/v2\/artist\/18829\/revisions\/18835"}],"wp:featuredmedia":[{"embeddable":true,"href":"https:\/\/www.mirare.fr\/en\/wp-json\/wp\/v2\/media\/18833"}],"wp:attachment":[{"href":"https:\/\/www.mirare.fr\/en\/wp-json\/wp\/v2\/media?parent=18829"}],"curies":[{"name":"wp","href":"https:\/\/api.w.org\/{rel}","templated":true}]}}

<p>Guillaume Bellom has had one of the most atypical careers of his generation, combining violin and piano studies at the Besançon Conservatoire with studies at <em>the Conservatoire National Supérieur de Musique et de Danse de Paris</em>, (CNSMDP) where he came into contact with such musical luminaries as Nicholas Angelich and Hortense Cartier-Bresson.</p>
<p>1st Prize at <em>Le Concours International de Piano d’Épinal</em> (the Épinal International Piano Competition) and finalist and winner of the “Modern Times” Prize for the best interpretation of the contemporary piece at <em>Le Concours</em> <em>International de Piano Clara Haskil</em> (the Clara Haskil International Piano Competition) in 2015, Guillaume Bellom revealed himself at this event dedicated to the Romanian pianist. The following year, he won the Thierry Scherz Prize at the <em>Sommets Musicaux de Gstaad</em>. The general public discovered him at the <em>Victoires de la Musique Classique</em>, where he was nominated in the ‘Instrumental Soloist Revelation’ category.</p>
<p>His musical career has taken him to the <em>Festival international de piano de la Roque d’Anthéron</em>, the <em>Festival de Pâques d’Aix-en-Provence</em>, the <em>Festival Radio France Occitanie Montpellier</em>, the <em>Salzburger Festspiele</em>, the <em>Théâtre des Champs-Élysées</em>, the <em>Auditorium de Radio-France</em>, the <em>Mariinsky Theatre</em> in St Petersburg, the <em>Boulez Saal</em> in Berlin, the <em>Teatro San Carlo</em> in Naples and the <em>Shanghai Concert Hall</em>. He has performed with Renaud Capuçon, Paul Meyer, Yan Levionnois, Victor Julien-Laferrière, Mathilde Caldérini, Ismaël Margain, Anna Göckel and David Kadouch, and as soloist with the Orchestre National de France, Orchestre National de France, Orchestre de chambre de Lausanne, Orchestre National de Metz, Orchestre National Avignon-Provence and Orchestre National d’Île-de-France, conducted by Christian Zacharias, Pierre Dumoussaud, Ruth Reinhardt and Debora Waldman. His discography includes two albums dedicated to works for four hands by Schubert (FFFF Télérama) and Mozart, recorded with Ismaël Margain (Aparté), and a solo recital dedicated to Schubert, Haydn and Debussy (Claves Records). In 2021, he will record the album <em>Un violon à Paris</em> with Renaud Capuçon (Warner Classics), followed in 2023 by <em>Malinconia</em> with cellist Yan Levionnois (NoMad Music) and the two Mozart quartets with Renaud Capuçon, Paul Zientara and Stéphanie Huang (Deutsche Grammophon/Beau Soir).</p>
<p>Guillaume Bellom is a laureate of the <em>Fondation L’Or du Rhin</em> and the Fondation d’entreprise Banque Populaire. He has been an associate artist of the <em>Fondation Singer-Polignac</em> since 2018.</p>

<p>Guillaume Bellom has had one of the most atypical careers of his generation, combining violin and piano studies at the Besançon Conservatoire with studies at the Conservatoire National Supérieur de Musique et de Danse de Paris, (CNSMDP) where he came into contact with such musical luminaries as Nicholas Angelich and Hortense Cartier-Bresson. 1st Prize at [&hellip;]</p>

<!-- This site is optimized with the Yoast SEO plugin v27.5 - https://yoast.com/product/yoast-seo-wordpress/ -->
<title>Guillaume Bellom - Mirare</title>
<meta name="description" content="Guillaume Bellom has had one of the most atypical careers of his generation, combining violin and piano studies at the Besançon Conservatoire" />
<meta name="robots" content="index, follow, max-snippet:-1, max-image-preview:large, max-video-preview:-1" />
<link rel="canonical" href="https://www.mirare.fr/en/artists/guillaume-bellom/" />
<meta property="og:locale" content="en_US" />
<meta property="og:type" content="article" />
<meta property="og:title" content="Guillaume Bellom - Mirare" />
<meta property="og:description" content="Guillaume Bellom has had one of the most atypical careers of his generation, combining violin and piano studies at the Besançon Conservatoire" />
<meta property="og:url" content="https://www.mirare.fr/en/artists/guillaume-bellom/" />
<meta property="og:site_name" content="Mirare" />
<meta property="article:publisher" content="https://fr-fr.facebook.com/pages/category/Record-Label/Mirare-151247074906672/" />
<meta property="article:modified_time" content="2024-02-07T10:28:47+00:00" />
<meta property="og:image" content="https://www.mirare.fr/wp-content/uploads/2024/02/JBM7770-copie.jpg" />
	<meta property="og:image:width" content="1452" />
	<meta property="og:image:height" content="966" />
	<meta property="og:image:type" content="image/jpeg" />
<meta name="twitter:card" content="summary_large_image" />
<meta name="twitter:label1" content="Est. reading time" />
	<meta name="twitter:data1" content="2 minutes" />
<script type="application/ld+json" class="yoast-schema-graph">{"@context":"https:\/\/schema.org","@graph":[{"@type":"WebPage","@id":"https:\/\/www.mirare.fr\/en\/artists\/guillaume-bellom\/","url":"https:\/\/www.mirare.fr\/en\/artists\/guillaume-bellom\/","name":"Guillaume Bellom - Mirare","isPartOf":{"@id":"https:\/\/www.mirare.fr\/en\/#website"},"primaryImageOfPage":{"@id":"https:\/\/www.mirare.fr\/en\/artists\/guillaume-bellom\/#primaryimage"},"image":{"@id":"https:\/\/www.mirare.fr\/en\/artists\/guillaume-bellom\/#primaryimage"},"thumbnailUrl":"https:\/\/www.mirare.fr\/wp-content\/uploads\/2024\/02\/JBM7770-copie.jpg","datePublished":"2024-02-07T10:12:17+00:00","dateModified":"2024-02-07T10:28:47+00:00","description":"Guillaume Bellom has had one of the most atypical careers of his generation, combining violin and piano studies at the Besançon Conservatoire","breadcrumb":{"@id":"https:\/\/www.mirare.fr\/en\/artists\/guillaume-bellom\/#breadcrumb"},"inLanguage":"en-US","potentialAction":[{"@type":"ReadAction","target":["https:\/\/www.mirare.fr\/en\/artists\/guillaume-bellom\/"]}]},{"@type":"ImageObject","inLanguage":"en-US","@id":"https:\/\/www.mirare.fr\/en\/artists\/guillaume-bellom\/#primaryimage","url":"https:\/\/www.mirare.fr\/wp-content\/uploads\/2024\/02\/JBM7770-copie.jpg","contentUrl":"https:\/\/www.mirare.fr\/wp-content\/uploads\/2024\/02\/JBM7770-copie.jpg","width":1452,"height":966},{"@type":"BreadcrumbList","@id":"https:\/\/www.mirare.fr\/en\/artists\/guillaume-bellom\/#breadcrumb","itemListElement":[{"@type":"ListItem","position":1,"name":"Home","item":"https:\/\/www.mirare.fr\/en\/"},{"@type":"ListItem","position":2,"name":"Guillaume Bellom"}]},{"@type":"WebSite","@id":"https:\/\/www.mirare.fr\/en\/#website","url":"https:\/\/www.mirare.fr\/en\/","name":"Mirare","description":"","publisher":{"@id":"https:\/\/www.mirare.fr\/en\/#organization"},"potentialAction":[{"@type":"SearchAction","target":{"@type":"EntryPoint","urlTemplate":"https:\/\/www.mirare.fr\/en\/?s={search_term_string}"},"query-input":{"@type":"PropertyValueSpecification","valueRequired":true,"valueName":"search_term_string"}}],"inLanguage":"en-US"},{"@type":"Organization","@id":"https:\/\/www.mirare.fr\/en\/#organization","name":"Mirare Productions","url":"https:\/\/www.mirare.fr\/en\/","logo":{"@type":"ImageObject","inLanguage":"en-US","@id":"https:\/\/www.mirare.fr\/en\/#\/schema\/logo\/image\/","url":"https:\/\/www.mirare.fr\/wp-content\/uploads\/2022\/02\/mirare-logo.png","contentUrl":"https:\/\/www.mirare.fr\/wp-content\/uploads\/2022\/02\/mirare-logo.png","width":1319,"height":253,"caption":"Mirare Productions"},"image":{"@id":"https:\/\/www.mirare.fr\/en\/#\/schema\/logo\/image\/"},"sameAs":["https:\/\/fr-fr.facebook.com\/pages\/category\/Record-Label\/Mirare-151247074906672\/","https:\/\/www.instagram.com\/mirare_records\/?hl=fr"]}]}</script>
<!-- / Yoast SEO plugin. -->

Guillaume Bellom has had one of the most atypical careers of his generation, combining violin and piano studies at the Besançon Conservatoire
