{"id":18530,"date":"2023-11-03T12:00:39","date_gmt":"2023-11-03T11:00:39","guid":{"rendered":"https:\/\/www.mirare.fr\/?post_type=artist&#038;p=18530"},"modified":"2023-11-03T12:00:39","modified_gmt":"2023-11-03T11:00:39","slug":"paul-colomb","status":"publish","type":"artist","link":"https:\/\/www.mirare.fr\/en\/artists\/paul-colomb\/","title":{"rendered":"Paul Colomb"},"content":{"rendered":"<p>A cellist who graduated from the Haute \u00c9cole de Musique de Lausanne in the class of Fran\u00e7ois Salque, Paul Colomb grew up on the Atlantic coast, between the small medieval town of Gu\u00e9rande and the industrial port of Saint-Nazaire. A decorum reflecting his daily life which he shares between the study of chamber music and current scenes.<span class=\"Apple-converted-space\">\u00a0<\/span><\/p>\n<p>He received the Audience Award from Icarts Sessions \/ France Musique 2019 for his solo project \u201cBleue\u201d. In 2022, he created the Bleue Quintet, a musical laboratory for 5 cellos mixing chamber music culture with improvisation and electronics.<span class=\"Apple-converted-space\">\u00a0<\/span><\/p>\n<p>Paul is co-founder of Duo Brady with cellist Mich\u00e8le Pierre. Their first album \u201cPlaines\u201d was released in October 2020. During the second confinement, the duo produced the documentary \u201cEt le violoncelle dans tout \u00e7a ?\u201d, a collection of testimonies in words and music from cellists impacted by the health crisis. The film is relayed by Telerama, France Musique, Europe 1, Mediapart&#8230;<span class=\"Apple-converted-space\">\u00a0<\/span><\/p>\n<p>Paul Colomb tours on five continents and teaches, notably at the Bangalore School of Music in India in 2012. He is a trainer in cultural action at the Concerts de Poche and works with audiences far from the venues: retirement homes, penitentiary centers, hospitals, asylum seekers&#8230;<span class=\"Apple-converted-space\">\u00a0<\/span><\/p>\n","protected":false},"excerpt":{"rendered":"<p>A cellist who graduated from the Haute \u00c9cole de Musique de Lausanne in the class of Fran\u00e7ois Salque, Paul Colomb grew up on the Atlantic coast, between the small medieval town of Gu\u00e9rande and the industrial port of Saint-Nazaire. A decorum reflecting his daily life which he shares between the study of chamber music and [&hellip;]<\/p>\n","protected":false},"author":4,"featured_media":18531,"template":"","class_list":["post-18530","artist","type-artist","status-publish","has-post-thumbnail","hentry"],"acf":[],"yoast_head":"<!-- This site is optimized with the Yoast SEO plugin v27.5 - https:\/\/yoast.com\/product\/yoast-seo-wordpress\/ -->\n<title>Paul Colomb - Mirare<\/title>\n<meta name=\"robots\" content=\"index, follow, max-snippet:-1, max-image-preview:large, max-video-preview:-1\" \/>\n<link rel=\"canonical\" href=\"https:\/\/www.mirare.fr\/en\/artists\/paul-colomb\/\" \/>\n<meta property=\"og:locale\" content=\"en_US\" \/>\n<meta property=\"og:type\" content=\"article\" \/>\n<meta property=\"og:title\" content=\"Paul Colomb - Mirare\" \/>\n<meta property=\"og:description\" content=\"A cellist who graduated from the Haute \u00c9cole de Musique de Lausanne in the class of Fran\u00e7ois Salque, Paul Colomb grew up on the Atlantic coast, between the small medieval town of Gu\u00e9rande and the industrial port of Saint-Nazaire. A decorum reflecting his daily life which he shares between the study of chamber music and [&hellip;]\" \/>\n<meta property=\"og:url\" content=\"https:\/\/www.mirare.fr\/en\/artists\/paul-colomb\/\" \/>\n<meta property=\"og:site_name\" content=\"Mirare\" \/>\n<meta property=\"article:publisher\" content=\"https:\/\/fr-fr.facebook.com\/pages\/category\/Record-Label\/Mirare-151247074906672\/\" \/>\n<meta property=\"og:image\" content=\"https:\/\/www.mirare.fr\/wp-content\/uploads\/2023\/11\/paulcolomb2023-481.jpg\" \/>\n\t<meta property=\"og:image:width\" content=\"467\" \/>\n\t<meta property=\"og:image:height\" content=\"700\" \/>\n\t<meta property=\"og:image:type\" content=\"image\/jpeg\" \/>\n<meta name=\"twitter:card\" content=\"summary_large_image\" \/>\n<meta name=\"twitter:label1\" content=\"Est. reading time\" \/>\n\t<meta name=\"twitter:data1\" content=\"1 minute\" \/>\n<script type=\"application\/ld+json\" class=\"yoast-schema-graph\">{\"@context\":\"https:\\\/\\\/schema.org\",\"@graph\":[{\"@type\":\"WebPage\",\"@id\":\"https:\\\/\\\/www.mirare.fr\\\/en\\\/artists\\\/paul-colomb\\\/\",\"url\":\"https:\\\/\\\/www.mirare.fr\\\/en\\\/artists\\\/paul-colomb\\\/\",\"name\":\"Paul Colomb - Mirare\",\"isPartOf\":{\"@id\":\"https:\\\/\\\/www.mirare.fr\\\/en\\\/#website\"},\"primaryImageOfPage\":{\"@id\":\"https:\\\/\\\/www.mirare.fr\\\/en\\\/artists\\\/paul-colomb\\\/#primaryimage\"},\"image\":{\"@id\":\"https:\\\/\\\/www.mirare.fr\\\/en\\\/artists\\\/paul-colomb\\\/#primaryimage\"},\"thumbnailUrl\":\"https:\\\/\\\/www.mirare.fr\\\/wp-content\\\/uploads\\\/2023\\\/11\\\/paulcolomb2023-481.jpg\",\"datePublished\":\"2023-11-03T11:00:39+00:00\",\"breadcrumb\":{\"@id\":\"https:\\\/\\\/www.mirare.fr\\\/en\\\/artists\\\/paul-colomb\\\/#breadcrumb\"},\"inLanguage\":\"en-US\",\"potentialAction\":[{\"@type\":\"ReadAction\",\"target\":[\"https:\\\/\\\/www.mirare.fr\\\/en\\\/artists\\\/paul-colomb\\\/\"]}]},{\"@type\":\"ImageObject\",\"inLanguage\":\"en-US\",\"@id\":\"https:\\\/\\\/www.mirare.fr\\\/en\\\/artists\\\/paul-colomb\\\/#primaryimage\",\"url\":\"https:\\\/\\\/www.mirare.fr\\\/wp-content\\\/uploads\\\/2023\\\/11\\\/paulcolomb2023-481.jpg\",\"contentUrl\":\"https:\\\/\\\/www.mirare.fr\\\/wp-content\\\/uploads\\\/2023\\\/11\\\/paulcolomb2023-481.jpg\",\"width\":467,\"height\":700},{\"@type\":\"BreadcrumbList\",\"@id\":\"https:\\\/\\\/www.mirare.fr\\\/en\\\/artists\\\/paul-colomb\\\/#breadcrumb\",\"itemListElement\":[{\"@type\":\"ListItem\",\"position\":1,\"name\":\"Home\",\"item\":\"https:\\\/\\\/www.mirare.fr\\\/en\\\/\"},{\"@type\":\"ListItem\",\"position\":2,\"name\":\"Paul Colomb\"}]},{\"@type\":\"WebSite\",\"@id\":\"https:\\\/\\\/www.mirare.fr\\\/en\\\/#website\",\"url\":\"https:\\\/\\\/www.mirare.fr\\\/en\\\/\",\"name\":\"Mirare\",\"description\":\"\",\"publisher\":{\"@id\":\"https:\\\/\\\/www.mirare.fr\\\/en\\\/#organization\"},\"potentialAction\":[{\"@type\":\"SearchAction\",\"target\":{\"@type\":\"EntryPoint\",\"urlTemplate\":\"https:\\\/\\\/www.mirare.fr\\\/en\\\/?s={search_term_string}\"},\"query-input\":{\"@type\":\"PropertyValueSpecification\",\"valueRequired\":true,\"valueName\":\"search_term_string\"}}],\"inLanguage\":\"en-US\"},{\"@type\":\"Organization\",\"@id\":\"https:\\\/\\\/www.mirare.fr\\\/en\\\/#organization\",\"name\":\"Mirare Productions\",\"url\":\"https:\\\/\\\/www.mirare.fr\\\/en\\\/\",\"logo\":{\"@type\":\"ImageObject\",\"inLanguage\":\"en-US\",\"@id\":\"https:\\\/\\\/www.mirare.fr\\\/en\\\/#\\\/schema\\\/logo\\\/image\\\/\",\"url\":\"https:\\\/\\\/www.mirare.fr\\\/wp-content\\\/uploads\\\/2022\\\/02\\\/mirare-logo.png\",\"contentUrl\":\"https:\\\/\\\/www.mirare.fr\\\/wp-content\\\/uploads\\\/2022\\\/02\\\/mirare-logo.png\",\"width\":1319,\"height\":253,\"caption\":\"Mirare Productions\"},\"image\":{\"@id\":\"https:\\\/\\\/www.mirare.fr\\\/en\\\/#\\\/schema\\\/logo\\\/image\\\/\"},\"sameAs\":[\"https:\\\/\\\/fr-fr.facebook.com\\\/pages\\\/category\\\/Record-Label\\\/Mirare-151247074906672\\\/\",\"https:\\\/\\\/www.instagram.com\\\/mirare_records\\\/?hl=fr\"]}]}<\/script>\n<!-- \/ Yoast SEO plugin. -->","yoast_head_json":{"title":"Paul Colomb - Mirare","robots":{"index":"index","follow":"follow","max-snippet":"max-snippet:-1","max-image-preview":"max-image-preview:large","max-video-preview":"max-video-preview:-1"},"canonical":"https:\/\/www.mirare.fr\/en\/artists\/paul-colomb\/","og_locale":"en_US","og_type":"article","og_title":"Paul Colomb - Mirare","og_description":"A cellist who graduated from the Haute \u00c9cole de Musique de Lausanne in the class of Fran\u00e7ois Salque, Paul Colomb grew up on the Atlantic coast, between the small medieval town of Gu\u00e9rande and the industrial port of Saint-Nazaire. A decorum reflecting his daily life which he shares between the study of chamber music and [&hellip;]","og_url":"https:\/\/www.mirare.fr\/en\/artists\/paul-colomb\/","og_site_name":"Mirare","article_publisher":"https:\/\/fr-fr.facebook.com\/pages\/category\/Record-Label\/Mirare-151247074906672\/","og_image":[{"width":467,"height":700,"url":"https:\/\/www.mirare.fr\/wp-content\/uploads\/2023\/11\/paulcolomb2023-481.jpg","type":"image\/jpeg"}],"twitter_card":"summary_large_image","twitter_misc":{"Est. reading time":"1 minute"},"schema":{"@context":"https:\/\/schema.org","@graph":[{"@type":"WebPage","@id":"https:\/\/www.mirare.fr\/en\/artists\/paul-colomb\/","url":"https:\/\/www.mirare.fr\/en\/artists\/paul-colomb\/","name":"Paul Colomb - Mirare","isPartOf":{"@id":"https:\/\/www.mirare.fr\/en\/#website"},"primaryImageOfPage":{"@id":"https:\/\/www.mirare.fr\/en\/artists\/paul-colomb\/#primaryimage"},"image":{"@id":"https:\/\/www.mirare.fr\/en\/artists\/paul-colomb\/#primaryimage"},"thumbnailUrl":"https:\/\/www.mirare.fr\/wp-content\/uploads\/2023\/11\/paulcolomb2023-481.jpg","datePublished":"2023-11-03T11:00:39+00:00","breadcrumb":{"@id":"https:\/\/www.mirare.fr\/en\/artists\/paul-colomb\/#breadcrumb"},"inLanguage":"en-US","potentialAction":[{"@type":"ReadAction","target":["https:\/\/www.mirare.fr\/en\/artists\/paul-colomb\/"]}]},{"@type":"ImageObject","inLanguage":"en-US","@id":"https:\/\/www.mirare.fr\/en\/artists\/paul-colomb\/#primaryimage","url":"https:\/\/www.mirare.fr\/wp-content\/uploads\/2023\/11\/paulcolomb2023-481.jpg","contentUrl":"https:\/\/www.mirare.fr\/wp-content\/uploads\/2023\/11\/paulcolomb2023-481.jpg","width":467,"height":700},{"@type":"BreadcrumbList","@id":"https:\/\/www.mirare.fr\/en\/artists\/paul-colomb\/#breadcrumb","itemListElement":[{"@type":"ListItem","position":1,"name":"Home","item":"https:\/\/www.mirare.fr\/en\/"},{"@type":"ListItem","position":2,"name":"Paul Colomb"}]},{"@type":"WebSite","@id":"https:\/\/www.mirare.fr\/en\/#website","url":"https:\/\/www.mirare.fr\/en\/","name":"Mirare","description":"","publisher":{"@id":"https:\/\/www.mirare.fr\/en\/#organization"},"potentialAction":[{"@type":"SearchAction","target":{"@type":"EntryPoint","urlTemplate":"https:\/\/www.mirare.fr\/en\/?s={search_term_string}"},"query-input":{"@type":"PropertyValueSpecification","valueRequired":true,"valueName":"search_term_string"}}],"inLanguage":"en-US"},{"@type":"Organization","@id":"https:\/\/www.mirare.fr\/en\/#organization","name":"Mirare Productions","url":"https:\/\/www.mirare.fr\/en\/","logo":{"@type":"ImageObject","inLanguage":"en-US","@id":"https:\/\/www.mirare.fr\/en\/#\/schema\/logo\/image\/","url":"https:\/\/www.mirare.fr\/wp-content\/uploads\/2022\/02\/mirare-logo.png","contentUrl":"https:\/\/www.mirare.fr\/wp-content\/uploads\/2022\/02\/mirare-logo.png","width":1319,"height":253,"caption":"Mirare Productions"},"image":{"@id":"https:\/\/www.mirare.fr\/en\/#\/schema\/logo\/image\/"},"sameAs":["https:\/\/fr-fr.facebook.com\/pages\/category\/Record-Label\/Mirare-151247074906672\/","https:\/\/www.instagram.com\/mirare_records\/?hl=fr"]}]}},"_links":{"self":[{"href":"https:\/\/www.mirare.fr\/en\/wp-json\/wp\/v2\/artist\/18530","targetHints":{"allow":["GET"]}}],"collection":[{"href":"https:\/\/www.mirare.fr\/en\/wp-json\/wp\/v2\/artist"}],"about":[{"href":"https:\/\/www.mirare.fr\/en\/wp-json\/wp\/v2\/types\/artist"}],"author":[{"embeddable":true,"href":"https:\/\/www.mirare.fr\/en\/wp-json\/wp\/v2\/users\/4"}],"version-history":[{"count":1,"href":"https:\/\/www.mirare.fr\/en\/wp-json\/wp\/v2\/artist\/18530\/revisions"}],"predecessor-version":[{"id":18532,"href":"https:\/\/www.mirare.fr\/en\/wp-json\/wp\/v2\/artist\/18530\/revisions\/18532"}],"wp:featuredmedia":[{"embeddable":true,"href":"https:\/\/www.mirare.fr\/en\/wp-json\/wp\/v2\/media\/18531"}],"wp:attachment":[{"href":"https:\/\/www.mirare.fr\/en\/wp-json\/wp\/v2\/media?parent=18530"}],"curies":[{"name":"wp","href":"https:\/\/api.w.org\/{rel}","templated":true}]}}

<p>A cellist who graduated from the Haute École de Musique de Lausanne in the class of François Salque, Paul Colomb grew up on the Atlantic coast, between the small medieval town of Guérande and the industrial port of Saint-Nazaire. A decorum reflecting his daily life which he shares between the study of chamber music and current scenes.<span class="Apple-converted-space"> </span></p>
<p>He received the Audience Award from Icarts Sessions / France Musique 2019 for his solo project “Bleue”. In 2022, he created the Bleue Quintet, a musical laboratory for 5 cellos mixing chamber music culture with improvisation and electronics.<span class="Apple-converted-space"> </span></p>
<p>Paul is co-founder of Duo Brady with cellist Michèle Pierre. Their first album “Plaines” was released in October 2020. During the second confinement, the duo produced the documentary “Et le violoncelle dans tout ça ?”, a collection of testimonies in words and music from cellists impacted by the health crisis. The film is relayed by Telerama, France Musique, Europe 1, Mediapart&#8230;<span class="Apple-converted-space"> </span></p>
<p>Paul Colomb tours on five continents and teaches, notably at the Bangalore School of Music in India in 2012. He is a trainer in cultural action at the Concerts de Poche and works with audiences far from the venues: retirement homes, penitentiary centers, hospitals, asylum seekers&#8230;<span class="Apple-converted-space"> </span></p>

<p>A cellist who graduated from the Haute École de Musique de Lausanne in the class of François Salque, Paul Colomb grew up on the Atlantic coast, between the small medieval town of Guérande and the industrial port of Saint-Nazaire. A decorum reflecting his daily life which he shares between the study of chamber music and [&hellip;]</p>

<!-- This site is optimized with the Yoast SEO plugin v27.5 - https://yoast.com/product/yoast-seo-wordpress/ -->
<title>Paul Colomb - Mirare</title>
<meta name="robots" content="index, follow, max-snippet:-1, max-image-preview:large, max-video-preview:-1" />
<link rel="canonical" href="https://www.mirare.fr/en/artists/paul-colomb/" />
<meta property="og:locale" content="en_US" />
<meta property="og:type" content="article" />
<meta property="og:title" content="Paul Colomb - Mirare" />
<meta property="og:description" content="A cellist who graduated from the Haute École de Musique de Lausanne in the class of François Salque, Paul Colomb grew up on the Atlantic coast, between the small medieval town of Guérande and the industrial port of Saint-Nazaire. A decorum reflecting his daily life which he shares between the study of chamber music and [&hellip;]" />
<meta property="og:url" content="https://www.mirare.fr/en/artists/paul-colomb/" />
<meta property="og:site_name" content="Mirare" />
<meta property="article:publisher" content="https://fr-fr.facebook.com/pages/category/Record-Label/Mirare-151247074906672/" />
<meta property="og:image" content="https://www.mirare.fr/wp-content/uploads/2023/11/paulcolomb2023-481.jpg" />
	<meta property="og:image:width" content="467" />
	<meta property="og:image:height" content="700" />
	<meta property="og:image:type" content="image/jpeg" />
<meta name="twitter:card" content="summary_large_image" />
<meta name="twitter:label1" content="Est. reading time" />
	<meta name="twitter:data1" content="1 minute" />
<script type="application/ld+json" class="yoast-schema-graph">{"@context":"https:\/\/schema.org","@graph":[{"@type":"WebPage","@id":"https:\/\/www.mirare.fr\/en\/artists\/paul-colomb\/","url":"https:\/\/www.mirare.fr\/en\/artists\/paul-colomb\/","name":"Paul Colomb - Mirare","isPartOf":{"@id":"https:\/\/www.mirare.fr\/en\/#website"},"primaryImageOfPage":{"@id":"https:\/\/www.mirare.fr\/en\/artists\/paul-colomb\/#primaryimage"},"image":{"@id":"https:\/\/www.mirare.fr\/en\/artists\/paul-colomb\/#primaryimage"},"thumbnailUrl":"https:\/\/www.mirare.fr\/wp-content\/uploads\/2023\/11\/paulcolomb2023-481.jpg","datePublished":"2023-11-03T11:00:39+00:00","breadcrumb":{"@id":"https:\/\/www.mirare.fr\/en\/artists\/paul-colomb\/#breadcrumb"},"inLanguage":"en-US","potentialAction":[{"@type":"ReadAction","target":["https:\/\/www.mirare.fr\/en\/artists\/paul-colomb\/"]}]},{"@type":"ImageObject","inLanguage":"en-US","@id":"https:\/\/www.mirare.fr\/en\/artists\/paul-colomb\/#primaryimage","url":"https:\/\/www.mirare.fr\/wp-content\/uploads\/2023\/11\/paulcolomb2023-481.jpg","contentUrl":"https:\/\/www.mirare.fr\/wp-content\/uploads\/2023\/11\/paulcolomb2023-481.jpg","width":467,"height":700},{"@type":"BreadcrumbList","@id":"https:\/\/www.mirare.fr\/en\/artists\/paul-colomb\/#breadcrumb","itemListElement":[{"@type":"ListItem","position":1,"name":"Home","item":"https:\/\/www.mirare.fr\/en\/"},{"@type":"ListItem","position":2,"name":"Paul Colomb"}]},{"@type":"WebSite","@id":"https:\/\/www.mirare.fr\/en\/#website","url":"https:\/\/www.mirare.fr\/en\/","name":"Mirare","description":"","publisher":{"@id":"https:\/\/www.mirare.fr\/en\/#organization"},"potentialAction":[{"@type":"SearchAction","target":{"@type":"EntryPoint","urlTemplate":"https:\/\/www.mirare.fr\/en\/?s={search_term_string}"},"query-input":{"@type":"PropertyValueSpecification","valueRequired":true,"valueName":"search_term_string"}}],"inLanguage":"en-US"},{"@type":"Organization","@id":"https:\/\/www.mirare.fr\/en\/#organization","name":"Mirare Productions","url":"https:\/\/www.mirare.fr\/en\/","logo":{"@type":"ImageObject","inLanguage":"en-US","@id":"https:\/\/www.mirare.fr\/en\/#\/schema\/logo\/image\/","url":"https:\/\/www.mirare.fr\/wp-content\/uploads\/2022\/02\/mirare-logo.png","contentUrl":"https:\/\/www.mirare.fr\/wp-content\/uploads\/2022\/02\/mirare-logo.png","width":1319,"height":253,"caption":"Mirare Productions"},"image":{"@id":"https:\/\/www.mirare.fr\/en\/#\/schema\/logo\/image\/"},"sameAs":["https:\/\/fr-fr.facebook.com\/pages\/category\/Record-Label\/Mirare-151247074906672\/","https:\/\/www.instagram.com\/mirare_records\/?hl=fr"]}]}</script>
<!-- / Yoast SEO plugin. -->

A cellist who graduated from the Haute École de Musique de Lausanne in the class of François Salque, Paul Colomb grew up on the Atlantic coast, between the small medieval town of Guérande and the industrial port of Saint-Nazaire. A decorum reflecting his daily life which he shares between the study of chamber music and [&hellip;]
