{"id":17668,"date":"2023-01-27T11:26:47","date_gmt":"2023-01-27T10:26:47","guid":{"rendered":"https:\/\/www.mirare.fr\/?post_type=artist&#038;p=17668"},"modified":"2023-01-27T11:26:47","modified_gmt":"2023-01-27T10:26:47","slug":"jocelyne-cuiller","status":"publish","type":"artist","link":"https:\/\/www.mirare.fr\/en\/artists\/jocelyne-cuiller\/","title":{"rendered":"Jocelyne Cuiller"},"content":{"rendered":"<p>Jocelyne has been playing and recording with Stradivaria since its inception and is the\u00a0holder of the Prix de Paris and the Certificat d\u2019Aptitude d\u2019Enseignement du Clavecin.\u00a0She perpetuates the tradition of the masters who taught her piano and harpsichord;\u00a0Samson Fran\u00e7ois and Huguette Dreyfus.<\/p>\n<p>Invited to the Printemps des Arts de Nantes (1996, 2002), Jocelyne Cuiller has performed\u00a0in recital on the clavichord, at the Folle Journ\u00e9e in Nantes, Tokyo and Kanazawa, at\u00a0the Pixel theatre and at the Cit\u00e9 de la Musique in Paris, in the Festival Bach \u00e0 P\u00e2ques, at\u00a0the Jeudis musicaux des \u00c9glises Romanes, in numerous private concerts in France and\u00a0Belgium, at the University of Nantes and at the Musicales de Saint Germain (Cesseras<\/p>\n<p>2015), as well as at the Nordic Historical Keyboard Festival in Kuopio in 2018.<\/p>\n<p>Her first solo recording, O Su\u0308sses Clavichord, devoted to Bach father and son, received\u00a0a Choc du Monde de la Musique, in addition to several excellent reviews (Clavichord\u00a0International, Diapason, Site des M\u00e9diath\u00e8ques Belges, Classica, Record Geijutsu &#8211; Japan).\u00a0Her second CD entitled R\u00eaveries pour Connaisseurs et Amateurs, devoted exclusively to\u00a0Carl Philipp Emanuel Bach, was released by Fuga Libera and received a 5 from Diapason,\u00a0a Coup de Coeur 2008 from Marc Dumont on France Musique and Record Geijutsu Tokyo.\u00a0The CD Sonatas for Yukio was awarded a Diapason d\u2019Or in January 2012 and a very\u00a0original recording interspersed with romantic letters was released by Ligia Digital in\u00a02013.<\/p>\n","protected":false},"excerpt":{"rendered":"<p>Jocelyne has been playing and recording with Stradivaria since its inception and is the\u00a0holder of the Prix de Paris and the Certificat d\u2019Aptitude d\u2019Enseignement du Clavecin.\u00a0She perpetuates the tradition of the masters who taught her piano and harpsichord;\u00a0Samson Fran\u00e7ois and Huguette Dreyfus. Invited to the Printemps des Arts de Nantes (1996, 2002), Jocelyne Cuiller has [&hellip;]<\/p>\n","protected":false},"author":4,"featured_media":17671,"template":"","class_list":["post-17668","artist","type-artist","status-publish","has-post-thumbnail","hentry"],"acf":[],"yoast_head":"<!-- This site is optimized with the Yoast SEO plugin v27.5 - https:\/\/yoast.com\/product\/yoast-seo-wordpress\/ -->\n<title>Jocelyne Cuiller - Mirare<\/title>\n<meta name=\"description\" content=\"Jocelyne Cuiller has been playing and recording with Stradivaria since its inception and is the\u00a0holder of the Prix de Paris and the Certificat d\u2019Aptitude d\u2019Enseignement du Clavecin.\" \/>\n<meta name=\"robots\" content=\"index, follow, max-snippet:-1, max-image-preview:large, max-video-preview:-1\" \/>\n<link rel=\"canonical\" href=\"https:\/\/www.mirare.fr\/en\/artists\/jocelyne-cuiller\/\" \/>\n<meta property=\"og:locale\" content=\"en_US\" \/>\n<meta property=\"og:type\" content=\"article\" \/>\n<meta property=\"og:title\" content=\"Jocelyne Cuiller - Mirare\" \/>\n<meta property=\"og:description\" content=\"Jocelyne Cuiller has been playing and recording with Stradivaria since its inception and is the\u00a0holder of the Prix de Paris and the Certificat d\u2019Aptitude d\u2019Enseignement du Clavecin.\" \/>\n<meta property=\"og:url\" content=\"https:\/\/www.mirare.fr\/en\/artists\/jocelyne-cuiller\/\" \/>\n<meta property=\"og:site_name\" content=\"Mirare\" \/>\n<meta property=\"article:publisher\" content=\"https:\/\/fr-fr.facebook.com\/pages\/category\/Record-Label\/Mirare-151247074906672\/\" \/>\n<meta property=\"og:image\" content=\"https:\/\/www.mirare.fr\/wp-content\/uploads\/2023\/01\/Capture-decran-2023-01-27-a-11.25.19-945x1024.png\" \/>\n\t<meta property=\"og:image:width\" content=\"945\" \/>\n\t<meta property=\"og:image:height\" content=\"1024\" \/>\n\t<meta property=\"og:image:type\" content=\"image\/png\" \/>\n<meta name=\"twitter:card\" content=\"summary_large_image\" \/>\n<meta name=\"twitter:label1\" content=\"Est. reading time\" \/>\n\t<meta name=\"twitter:data1\" content=\"1 minute\" \/>\n<script type=\"application\/ld+json\" class=\"yoast-schema-graph\">{\"@context\":\"https:\\\/\\\/schema.org\",\"@graph\":[{\"@type\":\"WebPage\",\"@id\":\"https:\\\/\\\/www.mirare.fr\\\/en\\\/artists\\\/jocelyne-cuiller\\\/\",\"url\":\"https:\\\/\\\/www.mirare.fr\\\/en\\\/artists\\\/jocelyne-cuiller\\\/\",\"name\":\"Jocelyne Cuiller - Mirare\",\"isPartOf\":{\"@id\":\"https:\\\/\\\/www.mirare.fr\\\/en\\\/#website\"},\"primaryImageOfPage\":{\"@id\":\"https:\\\/\\\/www.mirare.fr\\\/en\\\/artists\\\/jocelyne-cuiller\\\/#primaryimage\"},\"image\":{\"@id\":\"https:\\\/\\\/www.mirare.fr\\\/en\\\/artists\\\/jocelyne-cuiller\\\/#primaryimage\"},\"thumbnailUrl\":\"https:\\\/\\\/www.mirare.fr\\\/wp-content\\\/uploads\\\/2023\\\/01\\\/Capture-decran-2023-01-27-a-11.25.19.png\",\"datePublished\":\"2023-01-27T10:26:47+00:00\",\"description\":\"Jocelyne Cuiller has been playing and recording with Stradivaria since its inception and is the\u00a0holder of the Prix de Paris and the Certificat d\u2019Aptitude d\u2019Enseignement du Clavecin.\",\"breadcrumb\":{\"@id\":\"https:\\\/\\\/www.mirare.fr\\\/en\\\/artists\\\/jocelyne-cuiller\\\/#breadcrumb\"},\"inLanguage\":\"en-US\",\"potentialAction\":[{\"@type\":\"ReadAction\",\"target\":[\"https:\\\/\\\/www.mirare.fr\\\/en\\\/artists\\\/jocelyne-cuiller\\\/\"]}]},{\"@type\":\"ImageObject\",\"inLanguage\":\"en-US\",\"@id\":\"https:\\\/\\\/www.mirare.fr\\\/en\\\/artists\\\/jocelyne-cuiller\\\/#primaryimage\",\"url\":\"https:\\\/\\\/www.mirare.fr\\\/wp-content\\\/uploads\\\/2023\\\/01\\\/Capture-decran-2023-01-27-a-11.25.19.png\",\"contentUrl\":\"https:\\\/\\\/www.mirare.fr\\\/wp-content\\\/uploads\\\/2023\\\/01\\\/Capture-decran-2023-01-27-a-11.25.19.png\",\"width\":2236,\"height\":2422},{\"@type\":\"BreadcrumbList\",\"@id\":\"https:\\\/\\\/www.mirare.fr\\\/en\\\/artists\\\/jocelyne-cuiller\\\/#breadcrumb\",\"itemListElement\":[{\"@type\":\"ListItem\",\"position\":1,\"name\":\"Home\",\"item\":\"https:\\\/\\\/www.mirare.fr\\\/en\\\/\"},{\"@type\":\"ListItem\",\"position\":2,\"name\":\"Jocelyne Cuiller\"}]},{\"@type\":\"WebSite\",\"@id\":\"https:\\\/\\\/www.mirare.fr\\\/en\\\/#website\",\"url\":\"https:\\\/\\\/www.mirare.fr\\\/en\\\/\",\"name\":\"Mirare\",\"description\":\"\",\"publisher\":{\"@id\":\"https:\\\/\\\/www.mirare.fr\\\/en\\\/#organization\"},\"potentialAction\":[{\"@type\":\"SearchAction\",\"target\":{\"@type\":\"EntryPoint\",\"urlTemplate\":\"https:\\\/\\\/www.mirare.fr\\\/en\\\/?s={search_term_string}\"},\"query-input\":{\"@type\":\"PropertyValueSpecification\",\"valueRequired\":true,\"valueName\":\"search_term_string\"}}],\"inLanguage\":\"en-US\"},{\"@type\":\"Organization\",\"@id\":\"https:\\\/\\\/www.mirare.fr\\\/en\\\/#organization\",\"name\":\"Mirare Productions\",\"url\":\"https:\\\/\\\/www.mirare.fr\\\/en\\\/\",\"logo\":{\"@type\":\"ImageObject\",\"inLanguage\":\"en-US\",\"@id\":\"https:\\\/\\\/www.mirare.fr\\\/en\\\/#\\\/schema\\\/logo\\\/image\\\/\",\"url\":\"https:\\\/\\\/www.mirare.fr\\\/wp-content\\\/uploads\\\/2022\\\/02\\\/mirare-logo.png\",\"contentUrl\":\"https:\\\/\\\/www.mirare.fr\\\/wp-content\\\/uploads\\\/2022\\\/02\\\/mirare-logo.png\",\"width\":1319,\"height\":253,\"caption\":\"Mirare Productions\"},\"image\":{\"@id\":\"https:\\\/\\\/www.mirare.fr\\\/en\\\/#\\\/schema\\\/logo\\\/image\\\/\"},\"sameAs\":[\"https:\\\/\\\/fr-fr.facebook.com\\\/pages\\\/category\\\/Record-Label\\\/Mirare-151247074906672\\\/\",\"https:\\\/\\\/www.instagram.com\\\/mirare_records\\\/?hl=fr\"]}]}<\/script>\n<!-- \/ Yoast SEO plugin. -->","yoast_head_json":{"title":"Jocelyne Cuiller - Mirare","description":"Jocelyne Cuiller has been playing and recording with Stradivaria since its inception and is the\u00a0holder of the Prix de Paris and the Certificat d\u2019Aptitude d\u2019Enseignement du Clavecin.","robots":{"index":"index","follow":"follow","max-snippet":"max-snippet:-1","max-image-preview":"max-image-preview:large","max-video-preview":"max-video-preview:-1"},"canonical":"https:\/\/www.mirare.fr\/en\/artists\/jocelyne-cuiller\/","og_locale":"en_US","og_type":"article","og_title":"Jocelyne Cuiller - Mirare","og_description":"Jocelyne Cuiller has been playing and recording with Stradivaria since its inception and is the\u00a0holder of the Prix de Paris and the Certificat d\u2019Aptitude d\u2019Enseignement du Clavecin.","og_url":"https:\/\/www.mirare.fr\/en\/artists\/jocelyne-cuiller\/","og_site_name":"Mirare","article_publisher":"https:\/\/fr-fr.facebook.com\/pages\/category\/Record-Label\/Mirare-151247074906672\/","og_image":[{"width":945,"height":1024,"url":"https:\/\/www.mirare.fr\/wp-content\/uploads\/2023\/01\/Capture-decran-2023-01-27-a-11.25.19-945x1024.png","type":"image\/png"}],"twitter_card":"summary_large_image","twitter_misc":{"Est. reading time":"1 minute"},"schema":{"@context":"https:\/\/schema.org","@graph":[{"@type":"WebPage","@id":"https:\/\/www.mirare.fr\/en\/artists\/jocelyne-cuiller\/","url":"https:\/\/www.mirare.fr\/en\/artists\/jocelyne-cuiller\/","name":"Jocelyne Cuiller - Mirare","isPartOf":{"@id":"https:\/\/www.mirare.fr\/en\/#website"},"primaryImageOfPage":{"@id":"https:\/\/www.mirare.fr\/en\/artists\/jocelyne-cuiller\/#primaryimage"},"image":{"@id":"https:\/\/www.mirare.fr\/en\/artists\/jocelyne-cuiller\/#primaryimage"},"thumbnailUrl":"https:\/\/www.mirare.fr\/wp-content\/uploads\/2023\/01\/Capture-decran-2023-01-27-a-11.25.19.png","datePublished":"2023-01-27T10:26:47+00:00","description":"Jocelyne Cuiller has been playing and recording with Stradivaria since its inception and is the\u00a0holder of the Prix de Paris and the Certificat d\u2019Aptitude d\u2019Enseignement du Clavecin.","breadcrumb":{"@id":"https:\/\/www.mirare.fr\/en\/artists\/jocelyne-cuiller\/#breadcrumb"},"inLanguage":"en-US","potentialAction":[{"@type":"ReadAction","target":["https:\/\/www.mirare.fr\/en\/artists\/jocelyne-cuiller\/"]}]},{"@type":"ImageObject","inLanguage":"en-US","@id":"https:\/\/www.mirare.fr\/en\/artists\/jocelyne-cuiller\/#primaryimage","url":"https:\/\/www.mirare.fr\/wp-content\/uploads\/2023\/01\/Capture-decran-2023-01-27-a-11.25.19.png","contentUrl":"https:\/\/www.mirare.fr\/wp-content\/uploads\/2023\/01\/Capture-decran-2023-01-27-a-11.25.19.png","width":2236,"height":2422},{"@type":"BreadcrumbList","@id":"https:\/\/www.mirare.fr\/en\/artists\/jocelyne-cuiller\/#breadcrumb","itemListElement":[{"@type":"ListItem","position":1,"name":"Home","item":"https:\/\/www.mirare.fr\/en\/"},{"@type":"ListItem","position":2,"name":"Jocelyne Cuiller"}]},{"@type":"WebSite","@id":"https:\/\/www.mirare.fr\/en\/#website","url":"https:\/\/www.mirare.fr\/en\/","name":"Mirare","description":"","publisher":{"@id":"https:\/\/www.mirare.fr\/en\/#organization"},"potentialAction":[{"@type":"SearchAction","target":{"@type":"EntryPoint","urlTemplate":"https:\/\/www.mirare.fr\/en\/?s={search_term_string}"},"query-input":{"@type":"PropertyValueSpecification","valueRequired":true,"valueName":"search_term_string"}}],"inLanguage":"en-US"},{"@type":"Organization","@id":"https:\/\/www.mirare.fr\/en\/#organization","name":"Mirare Productions","url":"https:\/\/www.mirare.fr\/en\/","logo":{"@type":"ImageObject","inLanguage":"en-US","@id":"https:\/\/www.mirare.fr\/en\/#\/schema\/logo\/image\/","url":"https:\/\/www.mirare.fr\/wp-content\/uploads\/2022\/02\/mirare-logo.png","contentUrl":"https:\/\/www.mirare.fr\/wp-content\/uploads\/2022\/02\/mirare-logo.png","width":1319,"height":253,"caption":"Mirare Productions"},"image":{"@id":"https:\/\/www.mirare.fr\/en\/#\/schema\/logo\/image\/"},"sameAs":["https:\/\/fr-fr.facebook.com\/pages\/category\/Record-Label\/Mirare-151247074906672\/","https:\/\/www.instagram.com\/mirare_records\/?hl=fr"]}]}},"_links":{"self":[{"href":"https:\/\/www.mirare.fr\/en\/wp-json\/wp\/v2\/artist\/17668","targetHints":{"allow":["GET"]}}],"collection":[{"href":"https:\/\/www.mirare.fr\/en\/wp-json\/wp\/v2\/artist"}],"about":[{"href":"https:\/\/www.mirare.fr\/en\/wp-json\/wp\/v2\/types\/artist"}],"author":[{"embeddable":true,"href":"https:\/\/www.mirare.fr\/en\/wp-json\/wp\/v2\/users\/4"}],"version-history":[{"count":1,"href":"https:\/\/www.mirare.fr\/en\/wp-json\/wp\/v2\/artist\/17668\/revisions"}],"predecessor-version":[{"id":17669,"href":"https:\/\/www.mirare.fr\/en\/wp-json\/wp\/v2\/artist\/17668\/revisions\/17669"}],"wp:featuredmedia":[{"embeddable":true,"href":"https:\/\/www.mirare.fr\/en\/wp-json\/wp\/v2\/media\/17671"}],"wp:attachment":[{"href":"https:\/\/www.mirare.fr\/en\/wp-json\/wp\/v2\/media?parent=17668"}],"curies":[{"name":"wp","href":"https:\/\/api.w.org\/{rel}","templated":true}]}}

<p>Jocelyne has been playing and recording with Stradivaria since its inception and is the holder of the Prix de Paris and the Certificat d’Aptitude d’Enseignement du Clavecin. She perpetuates the tradition of the masters who taught her piano and harpsichord; Samson François and Huguette Dreyfus.</p>
<p>Invited to the Printemps des Arts de Nantes (1996, 2002), Jocelyne Cuiller has performed in recital on the clavichord, at the Folle Journée in Nantes, Tokyo and Kanazawa, at the Pixel theatre and at the Cité de la Musique in Paris, in the Festival Bach à Pâques, at the Jeudis musicaux des Églises Romanes, in numerous private concerts in France and Belgium, at the University of Nantes and at the Musicales de Saint Germain (Cesseras</p>
<p>2015), as well as at the Nordic Historical Keyboard Festival in Kuopio in 2018.</p>
<p>Her first solo recording, O Süsses Clavichord, devoted to Bach father and son, received a Choc du Monde de la Musique, in addition to several excellent reviews (Clavichord International, Diapason, Site des Médiathèques Belges, Classica, Record Geijutsu &#8211; Japan). Her second CD entitled Rêveries pour Connaisseurs et Amateurs, devoted exclusively to Carl Philipp Emanuel Bach, was released by Fuga Libera and received a 5 from Diapason, a Coup de Coeur 2008 from Marc Dumont on France Musique and Record Geijutsu Tokyo. The CD Sonatas for Yukio was awarded a Diapason d’Or in January 2012 and a very original recording interspersed with romantic letters was released by Ligia Digital in 2013.</p>

<p>Jocelyne has been playing and recording with Stradivaria since its inception and is the holder of the Prix de Paris and the Certificat d’Aptitude d’Enseignement du Clavecin. She perpetuates the tradition of the masters who taught her piano and harpsichord; Samson François and Huguette Dreyfus. Invited to the Printemps des Arts de Nantes (1996, 2002), Jocelyne Cuiller has [&hellip;]</p>
