{"id":17434,"date":"2022-12-14T10:57:50","date_gmt":"2022-12-14T09:57:50","guid":{"rendered":"https:\/\/www.mirare.fr\/?post_type=artist&#038;p=17434"},"modified":"2022-12-14T10:57:50","modified_gmt":"2022-12-14T09:57:50","slug":"orchestre-consuelo","status":"publish","type":"artist","link":"https:\/\/www.mirare.fr\/en\/artists\/orchestre-consuelo\/","title":{"rendered":"Orchestre Consuelo"},"content":{"rendered":"<p style=\"font-weight: 400;\">Orchestre Consuelo was founded in 2019 on the initiative of the cellist and conductor Victor Julien-Laferri\u00e8re, who chose to place this ambitious project under the tutelary figure of the most musical of novel heroines, created by the most music-loving of novelists, George Sand.<\/p>\n<p style=\"font-weight: 400;\">The flexibly sized ensemble, numbering from fifteen to fifty musicians, has set itself the mission of approaching the symphonic repertory through the prism and with the demanding standards of chamber music, under the musical direction of Victor Julien-Laferri\u00e8re who, by virtue of his passion and musical profile, is at the intersection between those two worlds.<\/p>\n<p style=\"font-weight: 400;\">Orchestre Consuelo is composed as much of \u2018chamber musicians\u2019, often young and drawn from the finest trios, quartets and quintets, as of instrumentalists from the leading orchestras who have been attracted by this alternative approach. Although it naturally performs the rich repertory for chamber orchestra, the orchestra also aims to bring significant areas of the full orchestral repertory, from Schubert to Mahler by way of Brahms and Ravel, to venues that cannot traditionally accommodate it. Where necessary, this is achieved by means of arrangements for smaller ensemble, often true masterpieces of orchestration in their own right.<\/p>\n<p style=\"font-weight: 400;\">\n<p style=\"font-weight: 400;\">In 2022, Orchestre Consuelo was a featured ensemble at La Folle Journ\u00e9e de Nantes, including at the closing concert, which was broadcast live by Arte. Subsequent notable performances during the rest of the season were given at the Comminges Festival with Renaud Capu\u00e7on as soloist and at the Th\u00e9\u00e2tre des Champs-\u00c9lys\u00e9es with David Fray.<\/p>\n<p style=\"font-weight: 400;\">Among its future concerts, Orchestre Consuelo will return to La Folle Journ\u00e9e de Nantes and appear at the Variations Classiques d\u2019Annecy, La Halle aux Grains in Toulouse, the Th\u00e9\u00e2tre des Champs-\u00c9lys\u00e9es, the Festival de l\u2019Epau and the Festival de La Chaise-Dieu.<\/p>\n<p style=\"font-weight: 400;\">In addition to its concert activity, Orchestre Consuelo is keen to develop recording projects. The present Brahms disc is the first of these.<\/p>\n","protected":false},"excerpt":{"rendered":"<p>Orchestre Consuelo was founded in 2019 on the initiative of the cellist and conductor Victor Julien-Laferri\u00e8re, who chose to place this ambitious project under the tutelary figure of the most musical of novel heroines, created by the most music-loving of novelists, George Sand. The flexibly sized ensemble, numbering from fifteen to fifty musicians, has set [&hellip;]<\/p>\n","protected":false},"author":4,"featured_media":17435,"template":"","class_list":["post-17434","artist","type-artist","status-publish","has-post-thumbnail","hentry"],"acf":[],"yoast_head":"<!-- This site is optimized with the Yoast SEO plugin v27.5 - https:\/\/yoast.com\/product\/yoast-seo-wordpress\/ -->\n<title>Orchestre Consuelo - Mirare<\/title>\n<meta name=\"description\" content=\"Orchestre Consuelo was founded in 2019 on the initiative of the cellist and conductor Victor Julien-Laferri\u00e8re.\" \/>\n<meta name=\"robots\" content=\"index, follow, max-snippet:-1, max-image-preview:large, max-video-preview:-1\" \/>\n<link rel=\"canonical\" href=\"https:\/\/www.mirare.fr\/en\/artists\/orchestre-consuelo\/\" \/>\n<meta property=\"og:locale\" content=\"en_US\" \/>\n<meta property=\"og:type\" content=\"article\" \/>\n<meta property=\"og:title\" content=\"Orchestre Consuelo - Mirare\" \/>\n<meta property=\"og:description\" content=\"Orchestre Consuelo was founded in 2019 on the initiative of the cellist and conductor Victor Julien-Laferri\u00e8re.\" \/>\n<meta property=\"og:url\" content=\"https:\/\/www.mirare.fr\/en\/artists\/orchestre-consuelo\/\" \/>\n<meta property=\"og:site_name\" content=\"Mirare\" \/>\n<meta property=\"article:publisher\" content=\"https:\/\/fr-fr.facebook.com\/pages\/category\/Record-Label\/Mirare-151247074906672\/\" \/>\n<meta property=\"og:image\" content=\"https:\/\/www.mirare.fr\/wp-content\/uploads\/2022\/12\/JBM1944-\u00a9Jean-Baptiste-Millot-scaled.jpg\" \/>\n\t<meta property=\"og:image:width\" content=\"2560\" \/>\n\t<meta property=\"og:image:height\" content=\"1703\" \/>\n\t<meta property=\"og:image:type\" content=\"image\/jpeg\" \/>\n<meta name=\"twitter:card\" content=\"summary_large_image\" \/>\n<meta name=\"twitter:label1\" content=\"Est. reading time\" \/>\n\t<meta name=\"twitter:data1\" content=\"2 minutes\" \/>\n<script type=\"application\/ld+json\" class=\"yoast-schema-graph\">{\"@context\":\"https:\\\/\\\/schema.org\",\"@graph\":[{\"@type\":\"WebPage\",\"@id\":\"https:\\\/\\\/www.mirare.fr\\\/en\\\/artists\\\/orchestre-consuelo\\\/\",\"url\":\"https:\\\/\\\/www.mirare.fr\\\/en\\\/artists\\\/orchestre-consuelo\\\/\",\"name\":\"Orchestre Consuelo - Mirare\",\"isPartOf\":{\"@id\":\"https:\\\/\\\/www.mirare.fr\\\/en\\\/#website\"},\"primaryImageOfPage\":{\"@id\":\"https:\\\/\\\/www.mirare.fr\\\/en\\\/artists\\\/orchestre-consuelo\\\/#primaryimage\"},\"image\":{\"@id\":\"https:\\\/\\\/www.mirare.fr\\\/en\\\/artists\\\/orchestre-consuelo\\\/#primaryimage\"},\"thumbnailUrl\":\"https:\\\/\\\/www.mirare.fr\\\/wp-content\\\/uploads\\\/2022\\\/12\\\/JBM1944-\u00a9Jean-Baptiste-Millot-scaled.jpg\",\"datePublished\":\"2022-12-14T09:57:50+00:00\",\"description\":\"Orchestre Consuelo was founded in 2019 on the initiative of the cellist and conductor Victor Julien-Laferri\u00e8re.\",\"breadcrumb\":{\"@id\":\"https:\\\/\\\/www.mirare.fr\\\/en\\\/artists\\\/orchestre-consuelo\\\/#breadcrumb\"},\"inLanguage\":\"en-US\",\"potentialAction\":[{\"@type\":\"ReadAction\",\"target\":[\"https:\\\/\\\/www.mirare.fr\\\/en\\\/artists\\\/orchestre-consuelo\\\/\"]}]},{\"@type\":\"ImageObject\",\"inLanguage\":\"en-US\",\"@id\":\"https:\\\/\\\/www.mirare.fr\\\/en\\\/artists\\\/orchestre-consuelo\\\/#primaryimage\",\"url\":\"https:\\\/\\\/www.mirare.fr\\\/wp-content\\\/uploads\\\/2022\\\/12\\\/JBM1944-\u00a9Jean-Baptiste-Millot-scaled.jpg\",\"contentUrl\":\"https:\\\/\\\/www.mirare.fr\\\/wp-content\\\/uploads\\\/2022\\\/12\\\/JBM1944-\u00a9Jean-Baptiste-Millot-scaled.jpg\",\"width\":2560,\"height\":1703},{\"@type\":\"BreadcrumbList\",\"@id\":\"https:\\\/\\\/www.mirare.fr\\\/en\\\/artists\\\/orchestre-consuelo\\\/#breadcrumb\",\"itemListElement\":[{\"@type\":\"ListItem\",\"position\":1,\"name\":\"Home\",\"item\":\"https:\\\/\\\/www.mirare.fr\\\/en\\\/\"},{\"@type\":\"ListItem\",\"position\":2,\"name\":\"Orchestre Consuelo\"}]},{\"@type\":\"WebSite\",\"@id\":\"https:\\\/\\\/www.mirare.fr\\\/en\\\/#website\",\"url\":\"https:\\\/\\\/www.mirare.fr\\\/en\\\/\",\"name\":\"Mirare\",\"description\":\"\",\"publisher\":{\"@id\":\"https:\\\/\\\/www.mirare.fr\\\/en\\\/#organization\"},\"potentialAction\":[{\"@type\":\"SearchAction\",\"target\":{\"@type\":\"EntryPoint\",\"urlTemplate\":\"https:\\\/\\\/www.mirare.fr\\\/en\\\/?s={search_term_string}\"},\"query-input\":{\"@type\":\"PropertyValueSpecification\",\"valueRequired\":true,\"valueName\":\"search_term_string\"}}],\"inLanguage\":\"en-US\"},{\"@type\":\"Organization\",\"@id\":\"https:\\\/\\\/www.mirare.fr\\\/en\\\/#organization\",\"name\":\"Mirare Productions\",\"url\":\"https:\\\/\\\/www.mirare.fr\\\/en\\\/\",\"logo\":{\"@type\":\"ImageObject\",\"inLanguage\":\"en-US\",\"@id\":\"https:\\\/\\\/www.mirare.fr\\\/en\\\/#\\\/schema\\\/logo\\\/image\\\/\",\"url\":\"https:\\\/\\\/www.mirare.fr\\\/wp-content\\\/uploads\\\/2022\\\/02\\\/mirare-logo.png\",\"contentUrl\":\"https:\\\/\\\/www.mirare.fr\\\/wp-content\\\/uploads\\\/2022\\\/02\\\/mirare-logo.png\",\"width\":1319,\"height\":253,\"caption\":\"Mirare Productions\"},\"image\":{\"@id\":\"https:\\\/\\\/www.mirare.fr\\\/en\\\/#\\\/schema\\\/logo\\\/image\\\/\"},\"sameAs\":[\"https:\\\/\\\/fr-fr.facebook.com\\\/pages\\\/category\\\/Record-Label\\\/Mirare-151247074906672\\\/\",\"https:\\\/\\\/www.instagram.com\\\/mirare_records\\\/?hl=fr\"]}]}<\/script>\n<!-- \/ Yoast SEO plugin. -->","yoast_head_json":{"title":"Orchestre Consuelo - Mirare","description":"Orchestre Consuelo was founded in 2019 on the initiative of the cellist and conductor Victor Julien-Laferri\u00e8re.","robots":{"index":"index","follow":"follow","max-snippet":"max-snippet:-1","max-image-preview":"max-image-preview:large","max-video-preview":"max-video-preview:-1"},"canonical":"https:\/\/www.mirare.fr\/en\/artists\/orchestre-consuelo\/","og_locale":"en_US","og_type":"article","og_title":"Orchestre Consuelo - Mirare","og_description":"Orchestre Consuelo was founded in 2019 on the initiative of the cellist and conductor Victor Julien-Laferri\u00e8re.","og_url":"https:\/\/www.mirare.fr\/en\/artists\/orchestre-consuelo\/","og_site_name":"Mirare","article_publisher":"https:\/\/fr-fr.facebook.com\/pages\/category\/Record-Label\/Mirare-151247074906672\/","og_image":[{"width":2560,"height":1703,"url":"https:\/\/www.mirare.fr\/wp-content\/uploads\/2022\/12\/JBM1944-\u00a9Jean-Baptiste-Millot-scaled.jpg","type":"image\/jpeg"}],"twitter_card":"summary_large_image","twitter_misc":{"Est. reading time":"2 minutes"},"schema":{"@context":"https:\/\/schema.org","@graph":[{"@type":"WebPage","@id":"https:\/\/www.mirare.fr\/en\/artists\/orchestre-consuelo\/","url":"https:\/\/www.mirare.fr\/en\/artists\/orchestre-consuelo\/","name":"Orchestre Consuelo - Mirare","isPartOf":{"@id":"https:\/\/www.mirare.fr\/en\/#website"},"primaryImageOfPage":{"@id":"https:\/\/www.mirare.fr\/en\/artists\/orchestre-consuelo\/#primaryimage"},"image":{"@id":"https:\/\/www.mirare.fr\/en\/artists\/orchestre-consuelo\/#primaryimage"},"thumbnailUrl":"https:\/\/www.mirare.fr\/wp-content\/uploads\/2022\/12\/JBM1944-\u00a9Jean-Baptiste-Millot-scaled.jpg","datePublished":"2022-12-14T09:57:50+00:00","description":"Orchestre Consuelo was founded in 2019 on the initiative of the cellist and conductor Victor Julien-Laferri\u00e8re.","breadcrumb":{"@id":"https:\/\/www.mirare.fr\/en\/artists\/orchestre-consuelo\/#breadcrumb"},"inLanguage":"en-US","potentialAction":[{"@type":"ReadAction","target":["https:\/\/www.mirare.fr\/en\/artists\/orchestre-consuelo\/"]}]},{"@type":"ImageObject","inLanguage":"en-US","@id":"https:\/\/www.mirare.fr\/en\/artists\/orchestre-consuelo\/#primaryimage","url":"https:\/\/www.mirare.fr\/wp-content\/uploads\/2022\/12\/JBM1944-\u00a9Jean-Baptiste-Millot-scaled.jpg","contentUrl":"https:\/\/www.mirare.fr\/wp-content\/uploads\/2022\/12\/JBM1944-\u00a9Jean-Baptiste-Millot-scaled.jpg","width":2560,"height":1703},{"@type":"BreadcrumbList","@id":"https:\/\/www.mirare.fr\/en\/artists\/orchestre-consuelo\/#breadcrumb","itemListElement":[{"@type":"ListItem","position":1,"name":"Home","item":"https:\/\/www.mirare.fr\/en\/"},{"@type":"ListItem","position":2,"name":"Orchestre Consuelo"}]},{"@type":"WebSite","@id":"https:\/\/www.mirare.fr\/en\/#website","url":"https:\/\/www.mirare.fr\/en\/","name":"Mirare","description":"","publisher":{"@id":"https:\/\/www.mirare.fr\/en\/#organization"},"potentialAction":[{"@type":"SearchAction","target":{"@type":"EntryPoint","urlTemplate":"https:\/\/www.mirare.fr\/en\/?s={search_term_string}"},"query-input":{"@type":"PropertyValueSpecification","valueRequired":true,"valueName":"search_term_string"}}],"inLanguage":"en-US"},{"@type":"Organization","@id":"https:\/\/www.mirare.fr\/en\/#organization","name":"Mirare Productions","url":"https:\/\/www.mirare.fr\/en\/","logo":{"@type":"ImageObject","inLanguage":"en-US","@id":"https:\/\/www.mirare.fr\/en\/#\/schema\/logo\/image\/","url":"https:\/\/www.mirare.fr\/wp-content\/uploads\/2022\/02\/mirare-logo.png","contentUrl":"https:\/\/www.mirare.fr\/wp-content\/uploads\/2022\/02\/mirare-logo.png","width":1319,"height":253,"caption":"Mirare Productions"},"image":{"@id":"https:\/\/www.mirare.fr\/en\/#\/schema\/logo\/image\/"},"sameAs":["https:\/\/fr-fr.facebook.com\/pages\/category\/Record-Label\/Mirare-151247074906672\/","https:\/\/www.instagram.com\/mirare_records\/?hl=fr"]}]}},"_links":{"self":[{"href":"https:\/\/www.mirare.fr\/en\/wp-json\/wp\/v2\/artist\/17434","targetHints":{"allow":["GET"]}}],"collection":[{"href":"https:\/\/www.mirare.fr\/en\/wp-json\/wp\/v2\/artist"}],"about":[{"href":"https:\/\/www.mirare.fr\/en\/wp-json\/wp\/v2\/types\/artist"}],"author":[{"embeddable":true,"href":"https:\/\/www.mirare.fr\/en\/wp-json\/wp\/v2\/users\/4"}],"version-history":[{"count":1,"href":"https:\/\/www.mirare.fr\/en\/wp-json\/wp\/v2\/artist\/17434\/revisions"}],"predecessor-version":[{"id":17436,"href":"https:\/\/www.mirare.fr\/en\/wp-json\/wp\/v2\/artist\/17434\/revisions\/17436"}],"wp:featuredmedia":[{"embeddable":true,"href":"https:\/\/www.mirare.fr\/en\/wp-json\/wp\/v2\/media\/17435"}],"wp:attachment":[{"href":"https:\/\/www.mirare.fr\/en\/wp-json\/wp\/v2\/media?parent=17434"}],"curies":[{"name":"wp","href":"https:\/\/api.w.org\/{rel}","templated":true}]}}

<p style="font-weight: 400;">Orchestre Consuelo was founded in 2019 on the initiative of the cellist and conductor Victor Julien-Laferrière, who chose to place this ambitious project under the tutelary figure of the most musical of novel heroines, created by the most music-loving of novelists, George Sand.</p>
<p style="font-weight: 400;">The flexibly sized ensemble, numbering from fifteen to fifty musicians, has set itself the mission of approaching the symphonic repertory through the prism and with the demanding standards of chamber music, under the musical direction of Victor Julien-Laferrière who, by virtue of his passion and musical profile, is at the intersection between those two worlds.</p>
<p style="font-weight: 400;">Orchestre Consuelo is composed as much of ‘chamber musicians’, often young and drawn from the finest trios, quartets and quintets, as of instrumentalists from the leading orchestras who have been attracted by this alternative approach. Although it naturally performs the rich repertory for chamber orchestra, the orchestra also aims to bring significant areas of the full orchestral repertory, from Schubert to Mahler by way of Brahms and Ravel, to venues that cannot traditionally accommodate it. Where necessary, this is achieved by means of arrangements for smaller ensemble, often true masterpieces of orchestration in their own right.</p>
<p style="font-weight: 400;">
<p style="font-weight: 400;">In 2022, Orchestre Consuelo was a featured ensemble at La Folle Journée de Nantes, including at the closing concert, which was broadcast live by Arte. Subsequent notable performances during the rest of the season were given at the Comminges Festival with Renaud Capuçon as soloist and at the Théâtre des Champs-Élysées with David Fray.</p>
<p style="font-weight: 400;">Among its future concerts, Orchestre Consuelo will return to La Folle Journée de Nantes and appear at the Variations Classiques d’Annecy, La Halle aux Grains in Toulouse, the Théâtre des Champs-Élysées, the Festival de l’Epau and the Festival de La Chaise-Dieu.</p>
<p style="font-weight: 400;">In addition to its concert activity, Orchestre Consuelo is keen to develop recording projects. The present Brahms disc is the first of these.</p>

<p>Orchestre Consuelo was founded in 2019 on the initiative of the cellist and conductor Victor Julien-Laferrière, who chose to place this ambitious project under the tutelary figure of the most musical of novel heroines, created by the most music-loving of novelists, George Sand. The flexibly sized ensemble, numbering from fifteen to fifty musicians, has set [&hellip;]</p>

<!-- This site is optimized with the Yoast SEO plugin v27.5 - https://yoast.com/product/yoast-seo-wordpress/ -->
<title>Orchestre Consuelo - Mirare</title>
<meta name="description" content="Orchestre Consuelo was founded in 2019 on the initiative of the cellist and conductor Victor Julien-Laferrière." />
<meta name="robots" content="index, follow, max-snippet:-1, max-image-preview:large, max-video-preview:-1" />
<link rel="canonical" href="https://www.mirare.fr/en/artists/orchestre-consuelo/" />
<meta property="og:locale" content="en_US" />
<meta property="og:type" content="article" />
<meta property="og:title" content="Orchestre Consuelo - Mirare" />
<meta property="og:description" content="Orchestre Consuelo was founded in 2019 on the initiative of the cellist and conductor Victor Julien-Laferrière." />
<meta property="og:url" content="https://www.mirare.fr/en/artists/orchestre-consuelo/" />
<meta property="og:site_name" content="Mirare" />
<meta property="article:publisher" content="https://fr-fr.facebook.com/pages/category/Record-Label/Mirare-151247074906672/" />
<meta property="og:image" content="https://www.mirare.fr/wp-content/uploads/2022/12/JBM1944-©Jean-Baptiste-Millot-scaled.jpg" />
	<meta property="og:image:width" content="2560" />
	<meta property="og:image:height" content="1703" />
	<meta property="og:image:type" content="image/jpeg" />
<meta name="twitter:card" content="summary_large_image" />
<meta name="twitter:label1" content="Est. reading time" />
	<meta name="twitter:data1" content="2 minutes" />
<script type="application/ld+json" class="yoast-schema-graph">{"@context":"https:\/\/schema.org","@graph":[{"@type":"WebPage","@id":"https:\/\/www.mirare.fr\/en\/artists\/orchestre-consuelo\/","url":"https:\/\/www.mirare.fr\/en\/artists\/orchestre-consuelo\/","name":"Orchestre Consuelo - Mirare","isPartOf":{"@id":"https:\/\/www.mirare.fr\/en\/#website"},"primaryImageOfPage":{"@id":"https:\/\/www.mirare.fr\/en\/artists\/orchestre-consuelo\/#primaryimage"},"image":{"@id":"https:\/\/www.mirare.fr\/en\/artists\/orchestre-consuelo\/#primaryimage"},"thumbnailUrl":"https:\/\/www.mirare.fr\/wp-content\/uploads\/2022\/12\/JBM1944-©Jean-Baptiste-Millot-scaled.jpg","datePublished":"2022-12-14T09:57:50+00:00","description":"Orchestre Consuelo was founded in 2019 on the initiative of the cellist and conductor Victor Julien-Laferrière.","breadcrumb":{"@id":"https:\/\/www.mirare.fr\/en\/artists\/orchestre-consuelo\/#breadcrumb"},"inLanguage":"en-US","potentialAction":[{"@type":"ReadAction","target":["https:\/\/www.mirare.fr\/en\/artists\/orchestre-consuelo\/"]}]},{"@type":"ImageObject","inLanguage":"en-US","@id":"https:\/\/www.mirare.fr\/en\/artists\/orchestre-consuelo\/#primaryimage","url":"https:\/\/www.mirare.fr\/wp-content\/uploads\/2022\/12\/JBM1944-©Jean-Baptiste-Millot-scaled.jpg","contentUrl":"https:\/\/www.mirare.fr\/wp-content\/uploads\/2022\/12\/JBM1944-©Jean-Baptiste-Millot-scaled.jpg","width":2560,"height":1703},{"@type":"BreadcrumbList","@id":"https:\/\/www.mirare.fr\/en\/artists\/orchestre-consuelo\/#breadcrumb","itemListElement":[{"@type":"ListItem","position":1,"name":"Home","item":"https:\/\/www.mirare.fr\/en\/"},{"@type":"ListItem","position":2,"name":"Orchestre Consuelo"}]},{"@type":"WebSite","@id":"https:\/\/www.mirare.fr\/en\/#website","url":"https:\/\/www.mirare.fr\/en\/","name":"Mirare","description":"","publisher":{"@id":"https:\/\/www.mirare.fr\/en\/#organization"},"potentialAction":[{"@type":"SearchAction","target":{"@type":"EntryPoint","urlTemplate":"https:\/\/www.mirare.fr\/en\/?s={search_term_string}"},"query-input":{"@type":"PropertyValueSpecification","valueRequired":true,"valueName":"search_term_string"}}],"inLanguage":"en-US"},{"@type":"Organization","@id":"https:\/\/www.mirare.fr\/en\/#organization","name":"Mirare Productions","url":"https:\/\/www.mirare.fr\/en\/","logo":{"@type":"ImageObject","inLanguage":"en-US","@id":"https:\/\/www.mirare.fr\/en\/#\/schema\/logo\/image\/","url":"https:\/\/www.mirare.fr\/wp-content\/uploads\/2022\/02\/mirare-logo.png","contentUrl":"https:\/\/www.mirare.fr\/wp-content\/uploads\/2022\/02\/mirare-logo.png","width":1319,"height":253,"caption":"Mirare Productions"},"image":{"@id":"https:\/\/www.mirare.fr\/en\/#\/schema\/logo\/image\/"},"sameAs":["https:\/\/fr-fr.facebook.com\/pages\/category\/Record-Label\/Mirare-151247074906672\/","https:\/\/www.instagram.com\/mirare_records\/?hl=fr"]}]}</script>
<!-- / Yoast SEO plugin. -->

Orchestre Consuelo was founded in 2019 on the initiative of the cellist and conductor Victor Julien-Laferrière.
