{"id":16814,"date":"2022-04-28T12:44:01","date_gmt":"2022-04-28T10:44:01","guid":{"rendered":"https:\/\/www.mirare.fr\/artistes\/alix-verzier\/"},"modified":"2022-06-23T12:26:43","modified_gmt":"2022-06-23T10:26:43","slug":"alix-verzier","status":"publish","type":"artist","link":"https:\/\/www.mirare.fr\/en\/artists\/alix-verzier\/","title":{"rendered":"Alix Verzier"},"content":{"rendered":"<p style=\"font-weight: 400;\">Alix Verzier studied cello in Lyon with Patrick Gabard, then in Paris with Christophe Coin at the CNSMDP. She also plays the viola da gamba.<\/p>\n<p><span style=\"font-weight: 400;\">Since 1991, the year of her first prize, she has been a member of the ensemble Les Arts Florissants, directed by William Christie. She has been a member of Emmanuel Krivine&#8217;s La Chambre Philharmonique, and has given numerous concerts with Christophe Coin&#8217;s Ensemble baroque de Limoges as well as with Christophe Rousset&#8217;s Les Talens lyriques, Jordi Savall&#8217;s Le Concert des Nations&#8230; She is a member of the Arcinto Quartet and plays in trio with J\u00e9r\u00f4me Hanta\u00ef and Alessandro Moccia.<\/span><\/p>\n","protected":false},"excerpt":{"rendered":"<p>Alix Verzier studied cello in Lyon with Patrick Gabard, then in Paris with Christophe Coin at the CNSMDP. She also plays the viola da gamba. Since 1991, the year of her first prize, she has been a member of the ensemble Les Arts Florissants, directed by William Christie. She has been a member of Emmanuel [&hellip;]<\/p>\n","protected":false},"author":4,"featured_media":16815,"template":"","class_list":["post-16814","artist","type-artist","status-publish","has-post-thumbnail","hentry"],"acf":[],"yoast_head":"<!-- This site is optimized with the Yoast SEO plugin v27.5 - https:\/\/yoast.com\/product\/yoast-seo-wordpress\/ -->\n<title>Alix Verzier - Mirare<\/title>\n<meta name=\"description\" content=\"Alix Verzier studied cello in Lyon with Patrick Gabard, then in Paris with Christophe Coin at the CNSMDP. She also plays the viola da gamba.\" \/>\n<meta name=\"robots\" content=\"index, follow, max-snippet:-1, max-image-preview:large, max-video-preview:-1\" \/>\n<link rel=\"canonical\" href=\"https:\/\/www.mirare.fr\/en\/artists\/alix-verzier\/\" \/>\n<meta property=\"og:locale\" content=\"en_US\" \/>\n<meta property=\"og:type\" content=\"article\" \/>\n<meta property=\"og:title\" content=\"Alix Verzier - Mirare\" \/>\n<meta property=\"og:description\" content=\"Alix Verzier studied cello in Lyon with Patrick Gabard, then in Paris with Christophe Coin at the CNSMDP. She also plays the viola da gamba.\" \/>\n<meta property=\"og:url\" content=\"https:\/\/www.mirare.fr\/en\/artists\/alix-verzier\/\" \/>\n<meta property=\"og:site_name\" content=\"Mirare\" \/>\n<meta property=\"article:publisher\" content=\"https:\/\/fr-fr.facebook.com\/pages\/category\/Record-Label\/Mirare-151247074906672\/\" \/>\n<meta property=\"article:modified_time\" content=\"2022-06-23T10:26:43+00:00\" \/>\n<meta property=\"og:image\" content=\"https:\/\/www.mirare.fr\/wp-content\/uploads\/2022\/04\/AlixVerzier.jpg\" \/>\n\t<meta property=\"og:image:width\" content=\"1188\" \/>\n\t<meta property=\"og:image:height\" content=\"1068\" \/>\n\t<meta property=\"og:image:type\" content=\"image\/jpeg\" \/>\n<meta name=\"twitter:card\" content=\"summary_large_image\" \/>\n<meta name=\"twitter:label1\" content=\"Est. reading time\" \/>\n\t<meta name=\"twitter:data1\" content=\"1 minute\" \/>\n<script type=\"application\/ld+json\" class=\"yoast-schema-graph\">{\"@context\":\"https:\\\/\\\/schema.org\",\"@graph\":[{\"@type\":\"WebPage\",\"@id\":\"https:\\\/\\\/www.mirare.fr\\\/en\\\/artists\\\/alix-verzier\\\/\",\"url\":\"https:\\\/\\\/www.mirare.fr\\\/en\\\/artists\\\/alix-verzier\\\/\",\"name\":\"Alix Verzier - Mirare\",\"isPartOf\":{\"@id\":\"https:\\\/\\\/www.mirare.fr\\\/en\\\/#website\"},\"primaryImageOfPage\":{\"@id\":\"https:\\\/\\\/www.mirare.fr\\\/en\\\/artists\\\/alix-verzier\\\/#primaryimage\"},\"image\":{\"@id\":\"https:\\\/\\\/www.mirare.fr\\\/en\\\/artists\\\/alix-verzier\\\/#primaryimage\"},\"thumbnailUrl\":\"https:\\\/\\\/www.mirare.fr\\\/wp-content\\\/uploads\\\/2022\\\/04\\\/AlixVerzier.jpg\",\"datePublished\":\"2022-04-28T10:44:01+00:00\",\"dateModified\":\"2022-06-23T10:26:43+00:00\",\"description\":\"Alix Verzier studied cello in Lyon with Patrick Gabard, then in Paris with Christophe Coin at the CNSMDP. She also plays the viola da gamba.\",\"breadcrumb\":{\"@id\":\"https:\\\/\\\/www.mirare.fr\\\/en\\\/artists\\\/alix-verzier\\\/#breadcrumb\"},\"inLanguage\":\"en-US\",\"potentialAction\":[{\"@type\":\"ReadAction\",\"target\":[\"https:\\\/\\\/www.mirare.fr\\\/en\\\/artists\\\/alix-verzier\\\/\"]}]},{\"@type\":\"ImageObject\",\"inLanguage\":\"en-US\",\"@id\":\"https:\\\/\\\/www.mirare.fr\\\/en\\\/artists\\\/alix-verzier\\\/#primaryimage\",\"url\":\"https:\\\/\\\/www.mirare.fr\\\/wp-content\\\/uploads\\\/2022\\\/04\\\/AlixVerzier.jpg\",\"contentUrl\":\"https:\\\/\\\/www.mirare.fr\\\/wp-content\\\/uploads\\\/2022\\\/04\\\/AlixVerzier.jpg\",\"width\":1188,\"height\":1068},{\"@type\":\"BreadcrumbList\",\"@id\":\"https:\\\/\\\/www.mirare.fr\\\/en\\\/artists\\\/alix-verzier\\\/#breadcrumb\",\"itemListElement\":[{\"@type\":\"ListItem\",\"position\":1,\"name\":\"Home\",\"item\":\"https:\\\/\\\/www.mirare.fr\\\/en\\\/\"},{\"@type\":\"ListItem\",\"position\":2,\"name\":\"Alix Verzier\"}]},{\"@type\":\"WebSite\",\"@id\":\"https:\\\/\\\/www.mirare.fr\\\/en\\\/#website\",\"url\":\"https:\\\/\\\/www.mirare.fr\\\/en\\\/\",\"name\":\"Mirare\",\"description\":\"\",\"publisher\":{\"@id\":\"https:\\\/\\\/www.mirare.fr\\\/en\\\/#organization\"},\"potentialAction\":[{\"@type\":\"SearchAction\",\"target\":{\"@type\":\"EntryPoint\",\"urlTemplate\":\"https:\\\/\\\/www.mirare.fr\\\/en\\\/?s={search_term_string}\"},\"query-input\":{\"@type\":\"PropertyValueSpecification\",\"valueRequired\":true,\"valueName\":\"search_term_string\"}}],\"inLanguage\":\"en-US\"},{\"@type\":\"Organization\",\"@id\":\"https:\\\/\\\/www.mirare.fr\\\/en\\\/#organization\",\"name\":\"Mirare Productions\",\"url\":\"https:\\\/\\\/www.mirare.fr\\\/en\\\/\",\"logo\":{\"@type\":\"ImageObject\",\"inLanguage\":\"en-US\",\"@id\":\"https:\\\/\\\/www.mirare.fr\\\/en\\\/#\\\/schema\\\/logo\\\/image\\\/\",\"url\":\"https:\\\/\\\/www.mirare.fr\\\/wp-content\\\/uploads\\\/2022\\\/02\\\/mirare-logo.png\",\"contentUrl\":\"https:\\\/\\\/www.mirare.fr\\\/wp-content\\\/uploads\\\/2022\\\/02\\\/mirare-logo.png\",\"width\":1319,\"height\":253,\"caption\":\"Mirare Productions\"},\"image\":{\"@id\":\"https:\\\/\\\/www.mirare.fr\\\/en\\\/#\\\/schema\\\/logo\\\/image\\\/\"},\"sameAs\":[\"https:\\\/\\\/fr-fr.facebook.com\\\/pages\\\/category\\\/Record-Label\\\/Mirare-151247074906672\\\/\",\"https:\\\/\\\/www.instagram.com\\\/mirare_records\\\/?hl=fr\"]}]}<\/script>\n<!-- \/ Yoast SEO plugin. -->","yoast_head_json":{"title":"Alix Verzier - Mirare","description":"Alix Verzier studied cello in Lyon with Patrick Gabard, then in Paris with Christophe Coin at the CNSMDP. She also plays the viola da gamba.","robots":{"index":"index","follow":"follow","max-snippet":"max-snippet:-1","max-image-preview":"max-image-preview:large","max-video-preview":"max-video-preview:-1"},"canonical":"https:\/\/www.mirare.fr\/en\/artists\/alix-verzier\/","og_locale":"en_US","og_type":"article","og_title":"Alix Verzier - Mirare","og_description":"Alix Verzier studied cello in Lyon with Patrick Gabard, then in Paris with Christophe Coin at the CNSMDP. She also plays the viola da gamba.","og_url":"https:\/\/www.mirare.fr\/en\/artists\/alix-verzier\/","og_site_name":"Mirare","article_publisher":"https:\/\/fr-fr.facebook.com\/pages\/category\/Record-Label\/Mirare-151247074906672\/","article_modified_time":"2022-06-23T10:26:43+00:00","og_image":[{"width":1188,"height":1068,"url":"https:\/\/www.mirare.fr\/wp-content\/uploads\/2022\/04\/AlixVerzier.jpg","type":"image\/jpeg"}],"twitter_card":"summary_large_image","twitter_misc":{"Est. reading time":"1 minute"},"schema":{"@context":"https:\/\/schema.org","@graph":[{"@type":"WebPage","@id":"https:\/\/www.mirare.fr\/en\/artists\/alix-verzier\/","url":"https:\/\/www.mirare.fr\/en\/artists\/alix-verzier\/","name":"Alix Verzier - Mirare","isPartOf":{"@id":"https:\/\/www.mirare.fr\/en\/#website"},"primaryImageOfPage":{"@id":"https:\/\/www.mirare.fr\/en\/artists\/alix-verzier\/#primaryimage"},"image":{"@id":"https:\/\/www.mirare.fr\/en\/artists\/alix-verzier\/#primaryimage"},"thumbnailUrl":"https:\/\/www.mirare.fr\/wp-content\/uploads\/2022\/04\/AlixVerzier.jpg","datePublished":"2022-04-28T10:44:01+00:00","dateModified":"2022-06-23T10:26:43+00:00","description":"Alix Verzier studied cello in Lyon with Patrick Gabard, then in Paris with Christophe Coin at the CNSMDP. She also plays the viola da gamba.","breadcrumb":{"@id":"https:\/\/www.mirare.fr\/en\/artists\/alix-verzier\/#breadcrumb"},"inLanguage":"en-US","potentialAction":[{"@type":"ReadAction","target":["https:\/\/www.mirare.fr\/en\/artists\/alix-verzier\/"]}]},{"@type":"ImageObject","inLanguage":"en-US","@id":"https:\/\/www.mirare.fr\/en\/artists\/alix-verzier\/#primaryimage","url":"https:\/\/www.mirare.fr\/wp-content\/uploads\/2022\/04\/AlixVerzier.jpg","contentUrl":"https:\/\/www.mirare.fr\/wp-content\/uploads\/2022\/04\/AlixVerzier.jpg","width":1188,"height":1068},{"@type":"BreadcrumbList","@id":"https:\/\/www.mirare.fr\/en\/artists\/alix-verzier\/#breadcrumb","itemListElement":[{"@type":"ListItem","position":1,"name":"Home","item":"https:\/\/www.mirare.fr\/en\/"},{"@type":"ListItem","position":2,"name":"Alix Verzier"}]},{"@type":"WebSite","@id":"https:\/\/www.mirare.fr\/en\/#website","url":"https:\/\/www.mirare.fr\/en\/","name":"Mirare","description":"","publisher":{"@id":"https:\/\/www.mirare.fr\/en\/#organization"},"potentialAction":[{"@type":"SearchAction","target":{"@type":"EntryPoint","urlTemplate":"https:\/\/www.mirare.fr\/en\/?s={search_term_string}"},"query-input":{"@type":"PropertyValueSpecification","valueRequired":true,"valueName":"search_term_string"}}],"inLanguage":"en-US"},{"@type":"Organization","@id":"https:\/\/www.mirare.fr\/en\/#organization","name":"Mirare Productions","url":"https:\/\/www.mirare.fr\/en\/","logo":{"@type":"ImageObject","inLanguage":"en-US","@id":"https:\/\/www.mirare.fr\/en\/#\/schema\/logo\/image\/","url":"https:\/\/www.mirare.fr\/wp-content\/uploads\/2022\/02\/mirare-logo.png","contentUrl":"https:\/\/www.mirare.fr\/wp-content\/uploads\/2022\/02\/mirare-logo.png","width":1319,"height":253,"caption":"Mirare Productions"},"image":{"@id":"https:\/\/www.mirare.fr\/en\/#\/schema\/logo\/image\/"},"sameAs":["https:\/\/fr-fr.facebook.com\/pages\/category\/Record-Label\/Mirare-151247074906672\/","https:\/\/www.instagram.com\/mirare_records\/?hl=fr"]}]}},"_links":{"self":[{"href":"https:\/\/www.mirare.fr\/en\/wp-json\/wp\/v2\/artist\/16814","targetHints":{"allow":["GET"]}}],"collection":[{"href":"https:\/\/www.mirare.fr\/en\/wp-json\/wp\/v2\/artist"}],"about":[{"href":"https:\/\/www.mirare.fr\/en\/wp-json\/wp\/v2\/types\/artist"}],"author":[{"embeddable":true,"href":"https:\/\/www.mirare.fr\/en\/wp-json\/wp\/v2\/users\/4"}],"version-history":[{"count":2,"href":"https:\/\/www.mirare.fr\/en\/wp-json\/wp\/v2\/artist\/16814\/revisions"}],"predecessor-version":[{"id":16817,"href":"https:\/\/www.mirare.fr\/en\/wp-json\/wp\/v2\/artist\/16814\/revisions\/16817"}],"wp:featuredmedia":[{"embeddable":true,"href":"https:\/\/www.mirare.fr\/en\/wp-json\/wp\/v2\/media\/16815"}],"wp:attachment":[{"href":"https:\/\/www.mirare.fr\/en\/wp-json\/wp\/v2\/media?parent=16814"}],"curies":[{"name":"wp","href":"https:\/\/api.w.org\/{rel}","templated":true}]}}

<p style="font-weight: 400;">Alix Verzier studied cello in Lyon with Patrick Gabard, then in Paris with Christophe Coin at the CNSMDP. She also plays the viola da gamba.</p>
<p><span style="font-weight: 400;">Since 1991, the year of her first prize, she has been a member of the ensemble Les Arts Florissants, directed by William Christie. She has been a member of Emmanuel Krivine&#8217;s La Chambre Philharmonique, and has given numerous concerts with Christophe Coin&#8217;s Ensemble baroque de Limoges as well as with Christophe Rousset&#8217;s Les Talens lyriques, Jordi Savall&#8217;s Le Concert des Nations&#8230; She is a member of the Arcinto Quartet and plays in trio with Jérôme Hantaï and Alessandro Moccia.</span></p>
