{"id":13909,"date":"2022-01-04T11:08:30","date_gmt":"2022-01-04T10:08:30","guid":{"rendered":"https:\/\/www.mirare.fr\/artistes\/victor-julien-laferriere\/"},"modified":"2022-03-02T11:17:45","modified_gmt":"2022-03-02T10:17:45","slug":"victor-julien-laferriere","status":"publish","type":"artist","link":"https:\/\/www.mirare.fr\/en\/artists\/victor-julien-laferriere\/","title":{"rendered":"Victor Julien-Laferri\u00e8re"},"content":{"rendered":"<p>Born in Paris in 1990, Victor Julien-Laferri\u00e8re began the cello with Ren\u00e9 Benedetti, then studied successively with Roland Pidoux at the Conservatoire National Sup\u00e9rieur de Paris (2004-08), Heinrich Schiff at the University of Music and Performing Arts in Vienna (2009-14) and Clemens Hagen at the Salzburg Mozarteum (2014-16). In parallel with these studies, he took part in Seiji Ozawa\u2019s International Music Academy Switzerland from 2005 to 2011.<\/p>\n<p>He won the First Prize and the two special prizes at the Prague Spring International Competition in 2012, playing the Dvo\u0159\u00e1k Concerto in the final. These prizes led to concerts with the Orchestre Philharmonique de Radio France at the Prague Spring Festival, with the Slovak State Philharmonic Orchestra at the Central European Music Festival and with the State Hermitage Orchestra at the Olympus Festival in St Petersburg.<\/p>\n<p>He has also been invited to appear at the Th\u00e9\u00e2tre des Champs-\u00c9lys\u00e9es, Auditorium du Louvre, Cit\u00e9 de la Musique and Salle Gaveau in Paris, the KKL in Lucerne, the Zurich Tonhalle, the Op\u00e9ra de Dijon, and such festivals as Mecklenburg-Vorpommern, Kuhmo, Gstaad, Deauville, La Folle Journ\u00e9e in Nantes and Tokyo, and the Aix-en-Provence Easter Festival.<\/p>\n<p>Nominated for the Victoires de la Musique Classique in 2013, Victor Julien-Laferri\u00e8re receives support from the Fonds Instrumental Fran\u00e7ais, holds a scholarship from the Fondation Groupe Banque Populaire, and was awarded the Prizes of the Fondation Safran pour la Musique in 2013 and the Fondation Oulmont in 2012. Alongside his solo career, Victor Julien-Laferri\u00e8re is also an enthusiastic chamber musician. In 2009 he founded the Trio Les Esprits with the violinist Mi-Sa Yang and the pianist Adam Laloum. Their first recording was distinguished by The Strad magazine with \u2018The Strad recommends\u2019.<\/p>\n","protected":false},"excerpt":{"rendered":"<p>Born in Paris in 1990, Victor Julien-Laferri\u00e8re began the cello with Ren\u00e9 Benedetti, then studied successively with Roland Pidoux at the Conservatoire National Sup\u00e9rieur de Paris (2004-08), Heinrich Schiff at the University of Music and Performing Arts in Vienna (2009-14) and Clemens Hagen at the Salzburg Mozarteum (2014-16). In parallel with these studies, he took [&hellip;]<\/p>\n","protected":false},"author":1,"featured_media":13910,"template":"","class_list":["post-13909","artist","type-artist","status-publish","has-post-thumbnail","hentry"],"acf":[],"yoast_head":"<!-- This site is optimized with the Yoast SEO plugin v27.5 - https:\/\/yoast.com\/product\/yoast-seo-wordpress\/ -->\n<title>Victor Julien-Laferri\u00e8re - Mirare<\/title>\n<meta name=\"description\" content=\"Born in Paris in 1990, Victor Julien-Laferri\u00e8re began the cello with Ren\u00e9 Benedetti, then studied successively with Roland Pidoux at the...\" \/>\n<meta name=\"robots\" content=\"index, follow, max-snippet:-1, max-image-preview:large, max-video-preview:-1\" \/>\n<link rel=\"canonical\" href=\"https:\/\/www.mirare.fr\/en\/artists\/victor-julien-laferriere\/\" \/>\n<meta property=\"og:locale\" content=\"en_US\" \/>\n<meta property=\"og:type\" content=\"article\" \/>\n<meta property=\"og:title\" content=\"Victor Julien-Laferri\u00e8re - Mirare\" \/>\n<meta property=\"og:description\" content=\"Born in Paris in 1990, Victor Julien-Laferri\u00e8re began the cello with Ren\u00e9 Benedetti, then studied successively with Roland Pidoux at the...\" \/>\n<meta property=\"og:url\" content=\"https:\/\/www.mirare.fr\/en\/artists\/victor-julien-laferriere\/\" \/>\n<meta property=\"og:site_name\" content=\"Mirare\" \/>\n<meta property=\"article:publisher\" content=\"https:\/\/fr-fr.facebook.com\/pages\/category\/Record-Label\/Mirare-151247074906672\/\" \/>\n<meta property=\"article:modified_time\" content=\"2022-03-02T10:17:45+00:00\" \/>\n<meta property=\"og:image\" content=\"https:\/\/www.mirare.fr\/wp-content\/uploads\/2022\/01\/V_J_L.jpg\" \/>\n\t<meta property=\"og:image:width\" content=\"1350\" \/>\n\t<meta property=\"og:image:height\" content=\"1080\" \/>\n\t<meta property=\"og:image:type\" content=\"image\/jpeg\" \/>\n<meta name=\"twitter:card\" content=\"summary_large_image\" \/>\n<meta name=\"twitter:label1\" content=\"Est. reading time\" \/>\n\t<meta name=\"twitter:data1\" content=\"1 minute\" \/>\n<script type=\"application\/ld+json\" class=\"yoast-schema-graph\">{\"@context\":\"https:\\\/\\\/schema.org\",\"@graph\":[{\"@type\":\"WebPage\",\"@id\":\"https:\\\/\\\/www.mirare.fr\\\/en\\\/artists\\\/victor-julien-laferriere\\\/\",\"url\":\"https:\\\/\\\/www.mirare.fr\\\/en\\\/artists\\\/victor-julien-laferriere\\\/\",\"name\":\"Victor Julien-Laferri\u00e8re - Mirare\",\"isPartOf\":{\"@id\":\"https:\\\/\\\/www.mirare.fr\\\/en\\\/#website\"},\"primaryImageOfPage\":{\"@id\":\"https:\\\/\\\/www.mirare.fr\\\/en\\\/artists\\\/victor-julien-laferriere\\\/#primaryimage\"},\"image\":{\"@id\":\"https:\\\/\\\/www.mirare.fr\\\/en\\\/artists\\\/victor-julien-laferriere\\\/#primaryimage\"},\"thumbnailUrl\":\"https:\\\/\\\/www.mirare.fr\\\/wp-content\\\/uploads\\\/2022\\\/01\\\/V_J_L.jpg\",\"datePublished\":\"2022-01-04T10:08:30+00:00\",\"dateModified\":\"2022-03-02T10:17:45+00:00\",\"description\":\"Born in Paris in 1990, Victor Julien-Laferri\u00e8re began the cello with Ren\u00e9 Benedetti, then studied successively with Roland Pidoux at the...\",\"breadcrumb\":{\"@id\":\"https:\\\/\\\/www.mirare.fr\\\/en\\\/artists\\\/victor-julien-laferriere\\\/#breadcrumb\"},\"inLanguage\":\"en-US\",\"potentialAction\":[{\"@type\":\"ReadAction\",\"target\":[\"https:\\\/\\\/www.mirare.fr\\\/en\\\/artists\\\/victor-julien-laferriere\\\/\"]}]},{\"@type\":\"ImageObject\",\"inLanguage\":\"en-US\",\"@id\":\"https:\\\/\\\/www.mirare.fr\\\/en\\\/artists\\\/victor-julien-laferriere\\\/#primaryimage\",\"url\":\"https:\\\/\\\/www.mirare.fr\\\/wp-content\\\/uploads\\\/2022\\\/01\\\/V_J_L.jpg\",\"contentUrl\":\"https:\\\/\\\/www.mirare.fr\\\/wp-content\\\/uploads\\\/2022\\\/01\\\/V_J_L.jpg\",\"width\":1350,\"height\":1080},{\"@type\":\"BreadcrumbList\",\"@id\":\"https:\\\/\\\/www.mirare.fr\\\/en\\\/artists\\\/victor-julien-laferriere\\\/#breadcrumb\",\"itemListElement\":[{\"@type\":\"ListItem\",\"position\":1,\"name\":\"Home\",\"item\":\"https:\\\/\\\/www.mirare.fr\\\/en\\\/\"},{\"@type\":\"ListItem\",\"position\":2,\"name\":\"Victor Julien-Laferri\u00e8re\"}]},{\"@type\":\"WebSite\",\"@id\":\"https:\\\/\\\/www.mirare.fr\\\/en\\\/#website\",\"url\":\"https:\\\/\\\/www.mirare.fr\\\/en\\\/\",\"name\":\"Mirare\",\"description\":\"\",\"publisher\":{\"@id\":\"https:\\\/\\\/www.mirare.fr\\\/en\\\/#organization\"},\"potentialAction\":[{\"@type\":\"SearchAction\",\"target\":{\"@type\":\"EntryPoint\",\"urlTemplate\":\"https:\\\/\\\/www.mirare.fr\\\/en\\\/?s={search_term_string}\"},\"query-input\":{\"@type\":\"PropertyValueSpecification\",\"valueRequired\":true,\"valueName\":\"search_term_string\"}}],\"inLanguage\":\"en-US\"},{\"@type\":\"Organization\",\"@id\":\"https:\\\/\\\/www.mirare.fr\\\/en\\\/#organization\",\"name\":\"Mirare Productions\",\"url\":\"https:\\\/\\\/www.mirare.fr\\\/en\\\/\",\"logo\":{\"@type\":\"ImageObject\",\"inLanguage\":\"en-US\",\"@id\":\"https:\\\/\\\/www.mirare.fr\\\/en\\\/#\\\/schema\\\/logo\\\/image\\\/\",\"url\":\"https:\\\/\\\/www.mirare.fr\\\/wp-content\\\/uploads\\\/2022\\\/02\\\/mirare-logo.png\",\"contentUrl\":\"https:\\\/\\\/www.mirare.fr\\\/wp-content\\\/uploads\\\/2022\\\/02\\\/mirare-logo.png\",\"width\":1319,\"height\":253,\"caption\":\"Mirare Productions\"},\"image\":{\"@id\":\"https:\\\/\\\/www.mirare.fr\\\/en\\\/#\\\/schema\\\/logo\\\/image\\\/\"},\"sameAs\":[\"https:\\\/\\\/fr-fr.facebook.com\\\/pages\\\/category\\\/Record-Label\\\/Mirare-151247074906672\\\/\",\"https:\\\/\\\/www.instagram.com\\\/mirare_records\\\/?hl=fr\"]}]}<\/script>\n<!-- \/ Yoast SEO plugin. -->","yoast_head_json":{"title":"Victor Julien-Laferri\u00e8re - Mirare","description":"Born in Paris in 1990, Victor Julien-Laferri\u00e8re began the cello with Ren\u00e9 Benedetti, then studied successively with Roland Pidoux at the...","robots":{"index":"index","follow":"follow","max-snippet":"max-snippet:-1","max-image-preview":"max-image-preview:large","max-video-preview":"max-video-preview:-1"},"canonical":"https:\/\/www.mirare.fr\/en\/artists\/victor-julien-laferriere\/","og_locale":"en_US","og_type":"article","og_title":"Victor Julien-Laferri\u00e8re - Mirare","og_description":"Born in Paris in 1990, Victor Julien-Laferri\u00e8re began the cello with Ren\u00e9 Benedetti, then studied successively with Roland Pidoux at the...","og_url":"https:\/\/www.mirare.fr\/en\/artists\/victor-julien-laferriere\/","og_site_name":"Mirare","article_publisher":"https:\/\/fr-fr.facebook.com\/pages\/category\/Record-Label\/Mirare-151247074906672\/","article_modified_time":"2022-03-02T10:17:45+00:00","og_image":[{"width":1350,"height":1080,"url":"https:\/\/www.mirare.fr\/wp-content\/uploads\/2022\/01\/V_J_L.jpg","type":"image\/jpeg"}],"twitter_card":"summary_large_image","twitter_misc":{"Est. reading time":"1 minute"},"schema":{"@context":"https:\/\/schema.org","@graph":[{"@type":"WebPage","@id":"https:\/\/www.mirare.fr\/en\/artists\/victor-julien-laferriere\/","url":"https:\/\/www.mirare.fr\/en\/artists\/victor-julien-laferriere\/","name":"Victor Julien-Laferri\u00e8re - Mirare","isPartOf":{"@id":"https:\/\/www.mirare.fr\/en\/#website"},"primaryImageOfPage":{"@id":"https:\/\/www.mirare.fr\/en\/artists\/victor-julien-laferriere\/#primaryimage"},"image":{"@id":"https:\/\/www.mirare.fr\/en\/artists\/victor-julien-laferriere\/#primaryimage"},"thumbnailUrl":"https:\/\/www.mirare.fr\/wp-content\/uploads\/2022\/01\/V_J_L.jpg","datePublished":"2022-01-04T10:08:30+00:00","dateModified":"2022-03-02T10:17:45+00:00","description":"Born in Paris in 1990, Victor Julien-Laferri\u00e8re began the cello with Ren\u00e9 Benedetti, then studied successively with Roland Pidoux at the...","breadcrumb":{"@id":"https:\/\/www.mirare.fr\/en\/artists\/victor-julien-laferriere\/#breadcrumb"},"inLanguage":"en-US","potentialAction":[{"@type":"ReadAction","target":["https:\/\/www.mirare.fr\/en\/artists\/victor-julien-laferriere\/"]}]},{"@type":"ImageObject","inLanguage":"en-US","@id":"https:\/\/www.mirare.fr\/en\/artists\/victor-julien-laferriere\/#primaryimage","url":"https:\/\/www.mirare.fr\/wp-content\/uploads\/2022\/01\/V_J_L.jpg","contentUrl":"https:\/\/www.mirare.fr\/wp-content\/uploads\/2022\/01\/V_J_L.jpg","width":1350,"height":1080},{"@type":"BreadcrumbList","@id":"https:\/\/www.mirare.fr\/en\/artists\/victor-julien-laferriere\/#breadcrumb","itemListElement":[{"@type":"ListItem","position":1,"name":"Home","item":"https:\/\/www.mirare.fr\/en\/"},{"@type":"ListItem","position":2,"name":"Victor Julien-Laferri\u00e8re"}]},{"@type":"WebSite","@id":"https:\/\/www.mirare.fr\/en\/#website","url":"https:\/\/www.mirare.fr\/en\/","name":"Mirare","description":"","publisher":{"@id":"https:\/\/www.mirare.fr\/en\/#organization"},"potentialAction":[{"@type":"SearchAction","target":{"@type":"EntryPoint","urlTemplate":"https:\/\/www.mirare.fr\/en\/?s={search_term_string}"},"query-input":{"@type":"PropertyValueSpecification","valueRequired":true,"valueName":"search_term_string"}}],"inLanguage":"en-US"},{"@type":"Organization","@id":"https:\/\/www.mirare.fr\/en\/#organization","name":"Mirare Productions","url":"https:\/\/www.mirare.fr\/en\/","logo":{"@type":"ImageObject","inLanguage":"en-US","@id":"https:\/\/www.mirare.fr\/en\/#\/schema\/logo\/image\/","url":"https:\/\/www.mirare.fr\/wp-content\/uploads\/2022\/02\/mirare-logo.png","contentUrl":"https:\/\/www.mirare.fr\/wp-content\/uploads\/2022\/02\/mirare-logo.png","width":1319,"height":253,"caption":"Mirare Productions"},"image":{"@id":"https:\/\/www.mirare.fr\/en\/#\/schema\/logo\/image\/"},"sameAs":["https:\/\/fr-fr.facebook.com\/pages\/category\/Record-Label\/Mirare-151247074906672\/","https:\/\/www.instagram.com\/mirare_records\/?hl=fr"]}]}},"_links":{"self":[{"href":"https:\/\/www.mirare.fr\/en\/wp-json\/wp\/v2\/artist\/13909","targetHints":{"allow":["GET"]}}],"collection":[{"href":"https:\/\/www.mirare.fr\/en\/wp-json\/wp\/v2\/artist"}],"about":[{"href":"https:\/\/www.mirare.fr\/en\/wp-json\/wp\/v2\/types\/artist"}],"author":[{"embeddable":true,"href":"https:\/\/www.mirare.fr\/en\/wp-json\/wp\/v2\/users\/1"}],"version-history":[{"count":1,"href":"https:\/\/www.mirare.fr\/en\/wp-json\/wp\/v2\/artist\/13909\/revisions"}],"predecessor-version":[{"id":13932,"href":"https:\/\/www.mirare.fr\/en\/wp-json\/wp\/v2\/artist\/13909\/revisions\/13932"}],"wp:featuredmedia":[{"embeddable":true,"href":"https:\/\/www.mirare.fr\/en\/wp-json\/wp\/v2\/media\/13910"}],"wp:attachment":[{"href":"https:\/\/www.mirare.fr\/en\/wp-json\/wp\/v2\/media?parent=13909"}],"curies":[{"name":"wp","href":"https:\/\/api.w.org\/{rel}","templated":true}]}}

Victor Julien-Laferrière

<p>Born in Paris in 1990, Victor Julien-Laferrière began the cello with René Benedetti, then studied successively with Roland Pidoux at the Conservatoire National Supérieur de Paris (2004-08), Heinrich Schiff at the University of Music and Performing Arts in Vienna (2009-14) and Clemens Hagen at the Salzburg Mozarteum (2014-16). In parallel with these studies, he took part in Seiji Ozawa’s International Music Academy Switzerland from 2005 to 2011.</p>
<p>He won the First Prize and the two special prizes at the Prague Spring International Competition in 2012, playing the Dvořák Concerto in the final. These prizes led to concerts with the Orchestre Philharmonique de Radio France at the Prague Spring Festival, with the Slovak State Philharmonic Orchestra at the Central European Music Festival and with the State Hermitage Orchestra at the Olympus Festival in St Petersburg.</p>
<p>He has also been invited to appear at the Théâtre des Champs-Élysées, Auditorium du Louvre, Cité de la Musique and Salle Gaveau in Paris, the KKL in Lucerne, the Zurich Tonhalle, the Opéra de Dijon, and such festivals as Mecklenburg-Vorpommern, Kuhmo, Gstaad, Deauville, La Folle Journée in Nantes and Tokyo, and the Aix-en-Provence Easter Festival.</p>
<p>Nominated for the Victoires de la Musique Classique in 2013, Victor Julien-Laferrière receives support from the Fonds Instrumental Français, holds a scholarship from the Fondation Groupe Banque Populaire, and was awarded the Prizes of the Fondation Safran pour la Musique in 2013 and the Fondation Oulmont in 2012. Alongside his solo career, Victor Julien-Laferrière is also an enthusiastic chamber musician. In 2009 he founded the Trio Les Esprits with the violinist Mi-Sa Yang and the pianist Adam Laloum. Their first recording was distinguished by The Strad magazine with ‘The Strad recommends’.</p>

<p>Born in Paris in 1990, Victor Julien-Laferrière began the cello with René Benedetti, then studied successively with Roland Pidoux at the Conservatoire National Supérieur de Paris (2004-08), Heinrich Schiff at the University of Music and Performing Arts in Vienna (2009-14) and Clemens Hagen at the Salzburg Mozarteum (2014-16). In parallel with these studies, he took [&hellip;]</p>

<!-- This site is optimized with the Yoast SEO plugin v27.5 - https://yoast.com/product/yoast-seo-wordpress/ -->
<title>Victor Julien-Laferrière - Mirare</title>
<meta name="description" content="Born in Paris in 1990, Victor Julien-Laferrière began the cello with René Benedetti, then studied successively with Roland Pidoux at the..." />
<meta name="robots" content="index, follow, max-snippet:-1, max-image-preview:large, max-video-preview:-1" />
<link rel="canonical" href="https://www.mirare.fr/en/artists/victor-julien-laferriere/" />
<meta property="og:locale" content="en_US" />
<meta property="og:type" content="article" />
<meta property="og:title" content="Victor Julien-Laferrière - Mirare" />
<meta property="og:description" content="Born in Paris in 1990, Victor Julien-Laferrière began the cello with René Benedetti, then studied successively with Roland Pidoux at the..." />
<meta property="og:url" content="https://www.mirare.fr/en/artists/victor-julien-laferriere/" />
<meta property="og:site_name" content="Mirare" />
<meta property="article:publisher" content="https://fr-fr.facebook.com/pages/category/Record-Label/Mirare-151247074906672/" />
<meta property="article:modified_time" content="2022-03-02T10:17:45+00:00" />
<meta property="og:image" content="https://www.mirare.fr/wp-content/uploads/2022/01/V_J_L.jpg" />
	<meta property="og:image:width" content="1350" />
	<meta property="og:image:height" content="1080" />
	<meta property="og:image:type" content="image/jpeg" />
<meta name="twitter:card" content="summary_large_image" />
<meta name="twitter:label1" content="Est. reading time" />
	<meta name="twitter:data1" content="1 minute" />
<script type="application/ld+json" class="yoast-schema-graph">{"@context":"https:\/\/schema.org","@graph":[{"@type":"WebPage","@id":"https:\/\/www.mirare.fr\/en\/artists\/victor-julien-laferriere\/","url":"https:\/\/www.mirare.fr\/en\/artists\/victor-julien-laferriere\/","name":"Victor Julien-Laferrière - Mirare","isPartOf":{"@id":"https:\/\/www.mirare.fr\/en\/#website"},"primaryImageOfPage":{"@id":"https:\/\/www.mirare.fr\/en\/artists\/victor-julien-laferriere\/#primaryimage"},"image":{"@id":"https:\/\/www.mirare.fr\/en\/artists\/victor-julien-laferriere\/#primaryimage"},"thumbnailUrl":"https:\/\/www.mirare.fr\/wp-content\/uploads\/2022\/01\/V_J_L.jpg","datePublished":"2022-01-04T10:08:30+00:00","dateModified":"2022-03-02T10:17:45+00:00","description":"Born in Paris in 1990, Victor Julien-Laferrière began the cello with René Benedetti, then studied successively with Roland Pidoux at the...","breadcrumb":{"@id":"https:\/\/www.mirare.fr\/en\/artists\/victor-julien-laferriere\/#breadcrumb"},"inLanguage":"en-US","potentialAction":[{"@type":"ReadAction","target":["https:\/\/www.mirare.fr\/en\/artists\/victor-julien-laferriere\/"]}]},{"@type":"ImageObject","inLanguage":"en-US","@id":"https:\/\/www.mirare.fr\/en\/artists\/victor-julien-laferriere\/#primaryimage","url":"https:\/\/www.mirare.fr\/wp-content\/uploads\/2022\/01\/V_J_L.jpg","contentUrl":"https:\/\/www.mirare.fr\/wp-content\/uploads\/2022\/01\/V_J_L.jpg","width":1350,"height":1080},{"@type":"BreadcrumbList","@id":"https:\/\/www.mirare.fr\/en\/artists\/victor-julien-laferriere\/#breadcrumb","itemListElement":[{"@type":"ListItem","position":1,"name":"Home","item":"https:\/\/www.mirare.fr\/en\/"},{"@type":"ListItem","position":2,"name":"Victor Julien-Laferrière"}]},{"@type":"WebSite","@id":"https:\/\/www.mirare.fr\/en\/#website","url":"https:\/\/www.mirare.fr\/en\/","name":"Mirare","description":"","publisher":{"@id":"https:\/\/www.mirare.fr\/en\/#organization"},"potentialAction":[{"@type":"SearchAction","target":{"@type":"EntryPoint","urlTemplate":"https:\/\/www.mirare.fr\/en\/?s={search_term_string}"},"query-input":{"@type":"PropertyValueSpecification","valueRequired":true,"valueName":"search_term_string"}}],"inLanguage":"en-US"},{"@type":"Organization","@id":"https:\/\/www.mirare.fr\/en\/#organization","name":"Mirare Productions","url":"https:\/\/www.mirare.fr\/en\/","logo":{"@type":"ImageObject","inLanguage":"en-US","@id":"https:\/\/www.mirare.fr\/en\/#\/schema\/logo\/image\/","url":"https:\/\/www.mirare.fr\/wp-content\/uploads\/2022\/02\/mirare-logo.png","contentUrl":"https:\/\/www.mirare.fr\/wp-content\/uploads\/2022\/02\/mirare-logo.png","width":1319,"height":253,"caption":"Mirare Productions"},"image":{"@id":"https:\/\/www.mirare.fr\/en\/#\/schema\/logo\/image\/"},"sameAs":["https:\/\/fr-fr.facebook.com\/pages\/category\/Record-Label\/Mirare-151247074906672\/","https:\/\/www.instagram.com\/mirare_records\/?hl=fr"]}]}</script>
<!-- / Yoast SEO plugin. -->

Victor Julien-Laferrière - Mirare

Born in Paris in 1990, Victor Julien-Laferrière began the cello with René Benedetti, then studied successively with Roland Pidoux at the...
