{"id":13874,"date":"2022-01-04T11:08:57","date_gmt":"2022-01-04T10:08:57","guid":{"rendered":"https:\/\/www.mirare.fr\/artistes\/trio-zeliha\/"},"modified":"2022-03-02T11:15:04","modified_gmt":"2022-03-02T10:15:04","slug":"trio-zeliha","status":"publish","type":"artist","link":"https:\/\/www.mirare.fr\/en\/artists\/trio-zeliha\/","title":{"rendered":"Trio Zeliha"},"content":{"rendered":"<p>The Trio Wanderer celebrated its twenty-fifth anniversary in 2012. Formed in 1987 at the Conservatoire National Sup\u00e9rieur de Musique de Paris, the trio went on to train with such great masters as Menahem Pressler (of the Beaux Arts Trio) and the Amadeus Quartet.<\/p>\n<p>Dubbed \u2018Wandering Star\u2019 by The Strad magazine, the Trio Wanderer is invited to perform at the most prestigious venues, including the Berlin Philharmonie, the Th\u00e9\u00e2tre des Champs- \u00c9lys\u00e9es in Paris, the Teatro Municipal in Rio de Janeiro, La Scala in Milan, the Great Hall of the Tchaikovsky Conservatory in Moscow, the Library of Congress in Washington, Kioi Hall in Tokyo, and the Tonhalle in Zurich, and at such leading festivals as Edinburgh, Montreux, Feldkirch, Schleswig-Holstein, Stresa, Granada, Osaka, La Roque d\u2019Anth\u00e9ron, La Folle Journ\u00e9e de Nantes, and the Rheingau Musiksommer; it has made four appearances at the Salzburg Festival.<\/p>\n<p>Its discography of more than a dozen recordings has received numerous awards, including the Midem Classical Award, CD of the Month in BBC Music Magazine and Fono Forum, \u2018Choc\u2019 du Monde de la Musique, Critic\u2019s Choice in Gramophone, and Diapason d\u2019Or of the Year.<\/p>\n<p>The Trio Wanderer has won the Victoire de la Musique for best instrumental ensemble of the year on three occasions.<\/p>\n","protected":false},"excerpt":{"rendered":"<p>The Trio Wanderer celebrated its twenty-fifth anniversary in 2012. Formed in 1987 at the Conservatoire National Sup\u00e9rieur de Musique de Paris, the trio went on to train with such great masters as Menahem Pressler (of the Beaux Arts Trio) and the Amadeus Quartet. Dubbed \u2018Wandering Star\u2019 by The Strad magazine, the Trio Wanderer is invited [&hellip;]<\/p>\n","protected":false},"author":1,"featured_media":9767,"template":"","class_list":["post-13874","artist","type-artist","status-publish","has-post-thumbnail","hentry"],"acf":[],"yoast_head":"<!-- This site is optimized with the Yoast SEO plugin v27.4 - https:\/\/yoast.com\/product\/yoast-seo-wordpress\/ -->\n<title>Trio Zeliha - Mirare<\/title>\n<meta name=\"description\" content=\"The Trio Wanderer celebrated its twenty-fifth anniversary in 2012. Formed in 1987 at the Conservatoire National Sup\u00e9rieur de Musique de...\" \/>\n<meta name=\"robots\" content=\"index, follow, max-snippet:-1, max-image-preview:large, max-video-preview:-1\" \/>\n<link rel=\"canonical\" href=\"https:\/\/www.mirare.fr\/en\/artists\/trio-zeliha\/\" \/>\n<meta property=\"og:locale\" content=\"en_US\" \/>\n<meta property=\"og:type\" content=\"article\" \/>\n<meta property=\"og:title\" content=\"Trio Zeliha - Mirare\" \/>\n<meta property=\"og:description\" content=\"The Trio Wanderer celebrated its twenty-fifth anniversary in 2012. Formed in 1987 at the Conservatoire National Sup\u00e9rieur de Musique de...\" \/>\n<meta property=\"og:url\" content=\"https:\/\/www.mirare.fr\/en\/artists\/trio-zeliha\/\" \/>\n<meta property=\"og:site_name\" content=\"Mirare\" \/>\n<meta property=\"article:publisher\" content=\"https:\/\/fr-fr.facebook.com\/pages\/category\/Record-Label\/Mirare-151247074906672\/\" \/>\n<meta property=\"article:modified_time\" content=\"2022-03-02T10:15:04+00:00\" \/>\n<meta property=\"og:image\" content=\"https:\/\/www.mirare.fr\/wp-content\/uploads\/2021\/11\/JBM2906.jpg\" \/>\n\t<meta property=\"og:image:width\" content=\"1020\" \/>\n\t<meta property=\"og:image:height\" content=\"679\" \/>\n\t<meta property=\"og:image:type\" content=\"image\/jpeg\" \/>\n<meta name=\"twitter:card\" content=\"summary_large_image\" \/>\n<meta name=\"twitter:label1\" content=\"Est. reading time\" \/>\n\t<meta name=\"twitter:data1\" content=\"1 minute\" \/>\n<script type=\"application\/ld+json\" class=\"yoast-schema-graph\">{\"@context\":\"https:\\\/\\\/schema.org\",\"@graph\":[{\"@type\":\"WebPage\",\"@id\":\"https:\\\/\\\/www.mirare.fr\\\/en\\\/artists\\\/trio-zeliha\\\/\",\"url\":\"https:\\\/\\\/www.mirare.fr\\\/en\\\/artists\\\/trio-zeliha\\\/\",\"name\":\"Trio Zeliha - Mirare\",\"isPartOf\":{\"@id\":\"https:\\\/\\\/www.mirare.fr\\\/en\\\/#website\"},\"primaryImageOfPage\":{\"@id\":\"https:\\\/\\\/www.mirare.fr\\\/en\\\/artists\\\/trio-zeliha\\\/#primaryimage\"},\"image\":{\"@id\":\"https:\\\/\\\/www.mirare.fr\\\/en\\\/artists\\\/trio-zeliha\\\/#primaryimage\"},\"thumbnailUrl\":\"https:\\\/\\\/www.mirare.fr\\\/wp-content\\\/uploads\\\/2021\\\/11\\\/JBM2906.jpg\",\"datePublished\":\"2022-01-04T10:08:57+00:00\",\"dateModified\":\"2022-03-02T10:15:04+00:00\",\"description\":\"The Trio Wanderer celebrated its twenty-fifth anniversary in 2012. Formed in 1987 at the Conservatoire National Sup\u00e9rieur de Musique de...\",\"breadcrumb\":{\"@id\":\"https:\\\/\\\/www.mirare.fr\\\/en\\\/artists\\\/trio-zeliha\\\/#breadcrumb\"},\"inLanguage\":\"en-US\",\"potentialAction\":[{\"@type\":\"ReadAction\",\"target\":[\"https:\\\/\\\/www.mirare.fr\\\/en\\\/artists\\\/trio-zeliha\\\/\"]}]},{\"@type\":\"ImageObject\",\"inLanguage\":\"en-US\",\"@id\":\"https:\\\/\\\/www.mirare.fr\\\/en\\\/artists\\\/trio-zeliha\\\/#primaryimage\",\"url\":\"https:\\\/\\\/www.mirare.fr\\\/wp-content\\\/uploads\\\/2021\\\/11\\\/JBM2906.jpg\",\"contentUrl\":\"https:\\\/\\\/www.mirare.fr\\\/wp-content\\\/uploads\\\/2021\\\/11\\\/JBM2906.jpg\",\"width\":1020,\"height\":679},{\"@type\":\"BreadcrumbList\",\"@id\":\"https:\\\/\\\/www.mirare.fr\\\/en\\\/artists\\\/trio-zeliha\\\/#breadcrumb\",\"itemListElement\":[{\"@type\":\"ListItem\",\"position\":1,\"name\":\"Home\",\"item\":\"https:\\\/\\\/www.mirare.fr\\\/en\\\/\"},{\"@type\":\"ListItem\",\"position\":2,\"name\":\"Trio Zeliha\"}]},{\"@type\":\"WebSite\",\"@id\":\"https:\\\/\\\/www.mirare.fr\\\/en\\\/#website\",\"url\":\"https:\\\/\\\/www.mirare.fr\\\/en\\\/\",\"name\":\"Mirare\",\"description\":\"\",\"publisher\":{\"@id\":\"https:\\\/\\\/www.mirare.fr\\\/en\\\/#organization\"},\"potentialAction\":[{\"@type\":\"SearchAction\",\"target\":{\"@type\":\"EntryPoint\",\"urlTemplate\":\"https:\\\/\\\/www.mirare.fr\\\/en\\\/?s={search_term_string}\"},\"query-input\":{\"@type\":\"PropertyValueSpecification\",\"valueRequired\":true,\"valueName\":\"search_term_string\"}}],\"inLanguage\":\"en-US\"},{\"@type\":\"Organization\",\"@id\":\"https:\\\/\\\/www.mirare.fr\\\/en\\\/#organization\",\"name\":\"Mirare Productions\",\"url\":\"https:\\\/\\\/www.mirare.fr\\\/en\\\/\",\"logo\":{\"@type\":\"ImageObject\",\"inLanguage\":\"en-US\",\"@id\":\"https:\\\/\\\/www.mirare.fr\\\/en\\\/#\\\/schema\\\/logo\\\/image\\\/\",\"url\":\"https:\\\/\\\/www.mirare.fr\\\/wp-content\\\/uploads\\\/2022\\\/02\\\/mirare-logo.png\",\"contentUrl\":\"https:\\\/\\\/www.mirare.fr\\\/wp-content\\\/uploads\\\/2022\\\/02\\\/mirare-logo.png\",\"width\":1319,\"height\":253,\"caption\":\"Mirare Productions\"},\"image\":{\"@id\":\"https:\\\/\\\/www.mirare.fr\\\/en\\\/#\\\/schema\\\/logo\\\/image\\\/\"},\"sameAs\":[\"https:\\\/\\\/fr-fr.facebook.com\\\/pages\\\/category\\\/Record-Label\\\/Mirare-151247074906672\\\/\",\"https:\\\/\\\/www.instagram.com\\\/mirare_records\\\/?hl=fr\"]}]}<\/script>\n<!-- \/ Yoast SEO plugin. -->","yoast_head_json":{"title":"Trio Zeliha - Mirare","description":"The Trio Wanderer celebrated its twenty-fifth anniversary in 2012. Formed in 1987 at the Conservatoire National Sup\u00e9rieur de Musique de...","robots":{"index":"index","follow":"follow","max-snippet":"max-snippet:-1","max-image-preview":"max-image-preview:large","max-video-preview":"max-video-preview:-1"},"canonical":"https:\/\/www.mirare.fr\/en\/artists\/trio-zeliha\/","og_locale":"en_US","og_type":"article","og_title":"Trio Zeliha - Mirare","og_description":"The Trio Wanderer celebrated its twenty-fifth anniversary in 2012. Formed in 1987 at the Conservatoire National Sup\u00e9rieur de Musique de...","og_url":"https:\/\/www.mirare.fr\/en\/artists\/trio-zeliha\/","og_site_name":"Mirare","article_publisher":"https:\/\/fr-fr.facebook.com\/pages\/category\/Record-Label\/Mirare-151247074906672\/","article_modified_time":"2022-03-02T10:15:04+00:00","og_image":[{"width":1020,"height":679,"url":"https:\/\/www.mirare.fr\/wp-content\/uploads\/2021\/11\/JBM2906.jpg","type":"image\/jpeg"}],"twitter_card":"summary_large_image","twitter_misc":{"Est. reading time":"1 minute"},"schema":{"@context":"https:\/\/schema.org","@graph":[{"@type":"WebPage","@id":"https:\/\/www.mirare.fr\/en\/artists\/trio-zeliha\/","url":"https:\/\/www.mirare.fr\/en\/artists\/trio-zeliha\/","name":"Trio Zeliha - Mirare","isPartOf":{"@id":"https:\/\/www.mirare.fr\/en\/#website"},"primaryImageOfPage":{"@id":"https:\/\/www.mirare.fr\/en\/artists\/trio-zeliha\/#primaryimage"},"image":{"@id":"https:\/\/www.mirare.fr\/en\/artists\/trio-zeliha\/#primaryimage"},"thumbnailUrl":"https:\/\/www.mirare.fr\/wp-content\/uploads\/2021\/11\/JBM2906.jpg","datePublished":"2022-01-04T10:08:57+00:00","dateModified":"2022-03-02T10:15:04+00:00","description":"The Trio Wanderer celebrated its twenty-fifth anniversary in 2012. Formed in 1987 at the Conservatoire National Sup\u00e9rieur de Musique de...","breadcrumb":{"@id":"https:\/\/www.mirare.fr\/en\/artists\/trio-zeliha\/#breadcrumb"},"inLanguage":"en-US","potentialAction":[{"@type":"ReadAction","target":["https:\/\/www.mirare.fr\/en\/artists\/trio-zeliha\/"]}]},{"@type":"ImageObject","inLanguage":"en-US","@id":"https:\/\/www.mirare.fr\/en\/artists\/trio-zeliha\/#primaryimage","url":"https:\/\/www.mirare.fr\/wp-content\/uploads\/2021\/11\/JBM2906.jpg","contentUrl":"https:\/\/www.mirare.fr\/wp-content\/uploads\/2021\/11\/JBM2906.jpg","width":1020,"height":679},{"@type":"BreadcrumbList","@id":"https:\/\/www.mirare.fr\/en\/artists\/trio-zeliha\/#breadcrumb","itemListElement":[{"@type":"ListItem","position":1,"name":"Home","item":"https:\/\/www.mirare.fr\/en\/"},{"@type":"ListItem","position":2,"name":"Trio Zeliha"}]},{"@type":"WebSite","@id":"https:\/\/www.mirare.fr\/en\/#website","url":"https:\/\/www.mirare.fr\/en\/","name":"Mirare","description":"","publisher":{"@id":"https:\/\/www.mirare.fr\/en\/#organization"},"potentialAction":[{"@type":"SearchAction","target":{"@type":"EntryPoint","urlTemplate":"https:\/\/www.mirare.fr\/en\/?s={search_term_string}"},"query-input":{"@type":"PropertyValueSpecification","valueRequired":true,"valueName":"search_term_string"}}],"inLanguage":"en-US"},{"@type":"Organization","@id":"https:\/\/www.mirare.fr\/en\/#organization","name":"Mirare Productions","url":"https:\/\/www.mirare.fr\/en\/","logo":{"@type":"ImageObject","inLanguage":"en-US","@id":"https:\/\/www.mirare.fr\/en\/#\/schema\/logo\/image\/","url":"https:\/\/www.mirare.fr\/wp-content\/uploads\/2022\/02\/mirare-logo.png","contentUrl":"https:\/\/www.mirare.fr\/wp-content\/uploads\/2022\/02\/mirare-logo.png","width":1319,"height":253,"caption":"Mirare Productions"},"image":{"@id":"https:\/\/www.mirare.fr\/en\/#\/schema\/logo\/image\/"},"sameAs":["https:\/\/fr-fr.facebook.com\/pages\/category\/Record-Label\/Mirare-151247074906672\/","https:\/\/www.instagram.com\/mirare_records\/?hl=fr"]}]}},"_links":{"self":[{"href":"https:\/\/www.mirare.fr\/en\/wp-json\/wp\/v2\/artist\/13874","targetHints":{"allow":["GET"]}}],"collection":[{"href":"https:\/\/www.mirare.fr\/en\/wp-json\/wp\/v2\/artist"}],"about":[{"href":"https:\/\/www.mirare.fr\/en\/wp-json\/wp\/v2\/types\/artist"}],"author":[{"embeddable":true,"href":"https:\/\/www.mirare.fr\/en\/wp-json\/wp\/v2\/users\/1"}],"version-history":[{"count":3,"href":"https:\/\/www.mirare.fr\/en\/wp-json\/wp\/v2\/artist\/13874\/revisions"}],"predecessor-version":[{"id":15574,"href":"https:\/\/www.mirare.fr\/en\/wp-json\/wp\/v2\/artist\/13874\/revisions\/15574"}],"wp:featuredmedia":[{"embeddable":true,"href":"https:\/\/www.mirare.fr\/en\/wp-json\/wp\/v2\/media\/9767"}],"wp:attachment":[{"href":"https:\/\/www.mirare.fr\/en\/wp-json\/wp\/v2\/media?parent=13874"}],"curies":[{"name":"wp","href":"https:\/\/api.w.org\/{rel}","templated":true}]}}

<p>The Trio Wanderer celebrated its twenty-fifth anniversary in 2012. Formed in 1987 at the Conservatoire National Supérieur de Musique de Paris, the trio went on to train with such great masters as Menahem Pressler (of the Beaux Arts Trio) and the Amadeus Quartet.</p>
<p>Dubbed ‘Wandering Star’ by The Strad magazine, the Trio Wanderer is invited to perform at the most prestigious venues, including the Berlin Philharmonie, the Théâtre des Champs- Élysées in Paris, the Teatro Municipal in Rio de Janeiro, La Scala in Milan, the Great Hall of the Tchaikovsky Conservatory in Moscow, the Library of Congress in Washington, Kioi Hall in Tokyo, and the Tonhalle in Zurich, and at such leading festivals as Edinburgh, Montreux, Feldkirch, Schleswig-Holstein, Stresa, Granada, Osaka, La Roque d’Anthéron, La Folle Journée de Nantes, and the Rheingau Musiksommer; it has made four appearances at the Salzburg Festival.</p>
<p>Its discography of more than a dozen recordings has received numerous awards, including the Midem Classical Award, CD of the Month in BBC Music Magazine and Fono Forum, ‘Choc’ du Monde de la Musique, Critic’s Choice in Gramophone, and Diapason d’Or of the Year.</p>
<p>The Trio Wanderer has won the Victoire de la Musique for best instrumental ensemble of the year on three occasions.</p>

<p>The Trio Wanderer celebrated its twenty-fifth anniversary in 2012. Formed in 1987 at the Conservatoire National Supérieur de Musique de Paris, the trio went on to train with such great masters as Menahem Pressler (of the Beaux Arts Trio) and the Amadeus Quartet. Dubbed ‘Wandering Star’ by The Strad magazine, the Trio Wanderer is invited [&hellip;]</p>

<!-- This site is optimized with the Yoast SEO plugin v27.4 - https://yoast.com/product/yoast-seo-wordpress/ -->
<title>Trio Zeliha - Mirare</title>
<meta name="description" content="The Trio Wanderer celebrated its twenty-fifth anniversary in 2012. Formed in 1987 at the Conservatoire National Supérieur de Musique de..." />
<meta name="robots" content="index, follow, max-snippet:-1, max-image-preview:large, max-video-preview:-1" />
<link rel="canonical" href="https://www.mirare.fr/en/artists/trio-zeliha/" />
<meta property="og:locale" content="en_US" />
<meta property="og:type" content="article" />
<meta property="og:title" content="Trio Zeliha - Mirare" />
<meta property="og:description" content="The Trio Wanderer celebrated its twenty-fifth anniversary in 2012. Formed in 1987 at the Conservatoire National Supérieur de Musique de..." />
<meta property="og:url" content="https://www.mirare.fr/en/artists/trio-zeliha/" />
<meta property="og:site_name" content="Mirare" />
<meta property="article:publisher" content="https://fr-fr.facebook.com/pages/category/Record-Label/Mirare-151247074906672/" />
<meta property="article:modified_time" content="2022-03-02T10:15:04+00:00" />
<meta property="og:image" content="https://www.mirare.fr/wp-content/uploads/2021/11/JBM2906.jpg" />
	<meta property="og:image:width" content="1020" />
	<meta property="og:image:height" content="679" />
	<meta property="og:image:type" content="image/jpeg" />
<meta name="twitter:card" content="summary_large_image" />
<meta name="twitter:label1" content="Est. reading time" />
	<meta name="twitter:data1" content="1 minute" />
<script type="application/ld+json" class="yoast-schema-graph">{"@context":"https:\/\/schema.org","@graph":[{"@type":"WebPage","@id":"https:\/\/www.mirare.fr\/en\/artists\/trio-zeliha\/","url":"https:\/\/www.mirare.fr\/en\/artists\/trio-zeliha\/","name":"Trio Zeliha - Mirare","isPartOf":{"@id":"https:\/\/www.mirare.fr\/en\/#website"},"primaryImageOfPage":{"@id":"https:\/\/www.mirare.fr\/en\/artists\/trio-zeliha\/#primaryimage"},"image":{"@id":"https:\/\/www.mirare.fr\/en\/artists\/trio-zeliha\/#primaryimage"},"thumbnailUrl":"https:\/\/www.mirare.fr\/wp-content\/uploads\/2021\/11\/JBM2906.jpg","datePublished":"2022-01-04T10:08:57+00:00","dateModified":"2022-03-02T10:15:04+00:00","description":"The Trio Wanderer celebrated its twenty-fifth anniversary in 2012. Formed in 1987 at the Conservatoire National Supérieur de Musique de...","breadcrumb":{"@id":"https:\/\/www.mirare.fr\/en\/artists\/trio-zeliha\/#breadcrumb"},"inLanguage":"en-US","potentialAction":[{"@type":"ReadAction","target":["https:\/\/www.mirare.fr\/en\/artists\/trio-zeliha\/"]}]},{"@type":"ImageObject","inLanguage":"en-US","@id":"https:\/\/www.mirare.fr\/en\/artists\/trio-zeliha\/#primaryimage","url":"https:\/\/www.mirare.fr\/wp-content\/uploads\/2021\/11\/JBM2906.jpg","contentUrl":"https:\/\/www.mirare.fr\/wp-content\/uploads\/2021\/11\/JBM2906.jpg","width":1020,"height":679},{"@type":"BreadcrumbList","@id":"https:\/\/www.mirare.fr\/en\/artists\/trio-zeliha\/#breadcrumb","itemListElement":[{"@type":"ListItem","position":1,"name":"Home","item":"https:\/\/www.mirare.fr\/en\/"},{"@type":"ListItem","position":2,"name":"Trio Zeliha"}]},{"@type":"WebSite","@id":"https:\/\/www.mirare.fr\/en\/#website","url":"https:\/\/www.mirare.fr\/en\/","name":"Mirare","description":"","publisher":{"@id":"https:\/\/www.mirare.fr\/en\/#organization"},"potentialAction":[{"@type":"SearchAction","target":{"@type":"EntryPoint","urlTemplate":"https:\/\/www.mirare.fr\/en\/?s={search_term_string}"},"query-input":{"@type":"PropertyValueSpecification","valueRequired":true,"valueName":"search_term_string"}}],"inLanguage":"en-US"},{"@type":"Organization","@id":"https:\/\/www.mirare.fr\/en\/#organization","name":"Mirare Productions","url":"https:\/\/www.mirare.fr\/en\/","logo":{"@type":"ImageObject","inLanguage":"en-US","@id":"https:\/\/www.mirare.fr\/en\/#\/schema\/logo\/image\/","url":"https:\/\/www.mirare.fr\/wp-content\/uploads\/2022\/02\/mirare-logo.png","contentUrl":"https:\/\/www.mirare.fr\/wp-content\/uploads\/2022\/02\/mirare-logo.png","width":1319,"height":253,"caption":"Mirare Productions"},"image":{"@id":"https:\/\/www.mirare.fr\/en\/#\/schema\/logo\/image\/"},"sameAs":["https:\/\/fr-fr.facebook.com\/pages\/category\/Record-Label\/Mirare-151247074906672\/","https:\/\/www.instagram.com\/mirare_records\/?hl=fr"]}]}</script>
<!-- / Yoast SEO plugin. -->

The Trio Wanderer celebrated its twenty-fifth anniversary in 2012. Formed in 1987 at the Conservatoire National Supérieur de Musique de...
