{"id":13801,"date":"2022-01-04T11:08:22","date_gmt":"2022-01-04T10:08:22","guid":{"rendered":"https:\/\/www.mirare.fr\/artistes\/philippe-pierlot\/"},"modified":"2022-02-28T17:35:46","modified_gmt":"2022-02-28T16:35:46","slug":"philippe-pierlot","status":"publish","type":"artist","link":"https:\/\/www.mirare.fr\/en\/artists\/philippe-pierlot\/","title":{"rendered":"Philippe Pierlot"},"content":{"rendered":"<p>Philippe Pierlot was born in Li\u00e8ge. After teaching himself the guitar and the lute, he turned to the viola da gamba, which he studied with Wieland Kuijken. He is active in the fields of chamber music, oratorio and opera, and divides his activities between the viola da gamba and conducting. He has edited and revived the operas Il ritorno d\u2019Ulisse (Monteverdi \u2013 a production by William Kentridge regularly staged around the world for the past twenty years) and S\u00e9m\u00e9l\u00e9 (Marin Marais), and Bach\u2019s St Mark Passion. He enjoys bringing about unexpected encounters with the viola da gamba by commissioning contemporary works or revisiting folk traditions. His most recent CDs have been devoted to cantatas by Bach, Buxtehude\u2019s Membra Jesu nostri and pieces by Marin Marais. In addition to recitals and concerts with his ensemble, he especially enjoys working with Jordi Savall and the ensemble Hesp\u00e8rion XXI.<br \/>\nHe attaches special importance to encouraging and promoting young artists. About fifteen years ago, along with colleagues, he founded a record label that invites musicians to produce their personal projects. He resides in the Belgian town of Spa, where since the autumn of 2015 he has organised an international seminar focusing on the viola da gamba, the Printemps Baroque de Spa festival and a short series of summer concerts at which young creative artists can present their vision of early music today.<\/p>\n<p>Philippe Pierlot teaches masterclasses and courses at Spa and is a professor at the Royal Conservatory in Brussels.<\/p>\n","protected":false},"excerpt":{"rendered":"<p>Philippe Pierlot was born in Li\u00e8ge. After teaching himself the guitar and the lute, he turned to the viola da gamba, which he studied with Wieland Kuijken. He is active in the fields of chamber music, oratorio and opera, and divides his activities between the viola da gamba and conducting. He has edited and revived [&hellip;]<\/p>\n","protected":false},"author":1,"featured_media":13802,"template":"","class_list":["post-13801","artist","type-artist","status-publish","has-post-thumbnail","hentry"],"acf":[],"yoast_head":"<!-- This site is optimized with the Yoast SEO plugin v27.5 - https:\/\/yoast.com\/product\/yoast-seo-wordpress\/ -->\n<title>Philippe Pierlot - Mirare<\/title>\n<meta name=\"description\" content=\"Philippe Pierlot was born in Li\u00e8ge. After teaching himself the guitar and the lute, he turned to the viola da gamba, which he studied with...\" \/>\n<meta name=\"robots\" content=\"index, follow, max-snippet:-1, max-image-preview:large, max-video-preview:-1\" \/>\n<link rel=\"canonical\" href=\"https:\/\/www.mirare.fr\/en\/artists\/philippe-pierlot\/\" \/>\n<meta property=\"og:locale\" content=\"en_US\" \/>\n<meta property=\"og:type\" content=\"article\" \/>\n<meta property=\"og:title\" content=\"Philippe Pierlot - Mirare\" \/>\n<meta property=\"og:description\" content=\"Philippe Pierlot was born in Li\u00e8ge. After teaching himself the guitar and the lute, he turned to the viola da gamba, which he studied with...\" \/>\n<meta property=\"og:url\" content=\"https:\/\/www.mirare.fr\/en\/artists\/philippe-pierlot\/\" \/>\n<meta property=\"og:site_name\" content=\"Mirare\" \/>\n<meta property=\"article:publisher\" content=\"https:\/\/fr-fr.facebook.com\/pages\/category\/Record-Label\/Mirare-151247074906672\/\" \/>\n<meta property=\"article:modified_time\" content=\"2022-02-28T16:35:46+00:00\" \/>\n<meta property=\"og:image\" content=\"https:\/\/www.mirare.fr\/wp-content\/uploads\/2022\/01\/PIERLOT-automne-10-scaled.jpg\" \/>\n\t<meta property=\"og:image:width\" content=\"2560\" \/>\n\t<meta property=\"og:image:height\" content=\"1707\" \/>\n\t<meta property=\"og:image:type\" content=\"image\/jpeg\" \/>\n<meta name=\"twitter:card\" content=\"summary_large_image\" \/>\n<meta name=\"twitter:label1\" content=\"Est. reading time\" \/>\n\t<meta name=\"twitter:data1\" content=\"2 minutes\" \/>\n<script type=\"application\/ld+json\" class=\"yoast-schema-graph\">{\"@context\":\"https:\\\/\\\/schema.org\",\"@graph\":[{\"@type\":\"WebPage\",\"@id\":\"https:\\\/\\\/www.mirare.fr\\\/en\\\/artists\\\/philippe-pierlot\\\/\",\"url\":\"https:\\\/\\\/www.mirare.fr\\\/en\\\/artists\\\/philippe-pierlot\\\/\",\"name\":\"Philippe Pierlot - Mirare\",\"isPartOf\":{\"@id\":\"https:\\\/\\\/www.mirare.fr\\\/en\\\/#website\"},\"primaryImageOfPage\":{\"@id\":\"https:\\\/\\\/www.mirare.fr\\\/en\\\/artists\\\/philippe-pierlot\\\/#primaryimage\"},\"image\":{\"@id\":\"https:\\\/\\\/www.mirare.fr\\\/en\\\/artists\\\/philippe-pierlot\\\/#primaryimage\"},\"thumbnailUrl\":\"https:\\\/\\\/www.mirare.fr\\\/wp-content\\\/uploads\\\/2022\\\/01\\\/PIERLOT-automne-10-scaled.jpg\",\"datePublished\":\"2022-01-04T10:08:22+00:00\",\"dateModified\":\"2022-02-28T16:35:46+00:00\",\"description\":\"Philippe Pierlot was born in Li\u00e8ge. After teaching himself the guitar and the lute, he turned to the viola da gamba, which he studied with...\",\"breadcrumb\":{\"@id\":\"https:\\\/\\\/www.mirare.fr\\\/en\\\/artists\\\/philippe-pierlot\\\/#breadcrumb\"},\"inLanguage\":\"en-US\",\"potentialAction\":[{\"@type\":\"ReadAction\",\"target\":[\"https:\\\/\\\/www.mirare.fr\\\/en\\\/artists\\\/philippe-pierlot\\\/\"]}]},{\"@type\":\"ImageObject\",\"inLanguage\":\"en-US\",\"@id\":\"https:\\\/\\\/www.mirare.fr\\\/en\\\/artists\\\/philippe-pierlot\\\/#primaryimage\",\"url\":\"https:\\\/\\\/www.mirare.fr\\\/wp-content\\\/uploads\\\/2022\\\/01\\\/PIERLOT-automne-10-scaled.jpg\",\"contentUrl\":\"https:\\\/\\\/www.mirare.fr\\\/wp-content\\\/uploads\\\/2022\\\/01\\\/PIERLOT-automne-10-scaled.jpg\",\"width\":2560,\"height\":1707},{\"@type\":\"BreadcrumbList\",\"@id\":\"https:\\\/\\\/www.mirare.fr\\\/en\\\/artists\\\/philippe-pierlot\\\/#breadcrumb\",\"itemListElement\":[{\"@type\":\"ListItem\",\"position\":1,\"name\":\"Home\",\"item\":\"https:\\\/\\\/www.mirare.fr\\\/en\\\/\"},{\"@type\":\"ListItem\",\"position\":2,\"name\":\"Philippe Pierlot\"}]},{\"@type\":\"WebSite\",\"@id\":\"https:\\\/\\\/www.mirare.fr\\\/en\\\/#website\",\"url\":\"https:\\\/\\\/www.mirare.fr\\\/en\\\/\",\"name\":\"Mirare\",\"description\":\"\",\"publisher\":{\"@id\":\"https:\\\/\\\/www.mirare.fr\\\/en\\\/#organization\"},\"potentialAction\":[{\"@type\":\"SearchAction\",\"target\":{\"@type\":\"EntryPoint\",\"urlTemplate\":\"https:\\\/\\\/www.mirare.fr\\\/en\\\/?s={search_term_string}\"},\"query-input\":{\"@type\":\"PropertyValueSpecification\",\"valueRequired\":true,\"valueName\":\"search_term_string\"}}],\"inLanguage\":\"en-US\"},{\"@type\":\"Organization\",\"@id\":\"https:\\\/\\\/www.mirare.fr\\\/en\\\/#organization\",\"name\":\"Mirare Productions\",\"url\":\"https:\\\/\\\/www.mirare.fr\\\/en\\\/\",\"logo\":{\"@type\":\"ImageObject\",\"inLanguage\":\"en-US\",\"@id\":\"https:\\\/\\\/www.mirare.fr\\\/en\\\/#\\\/schema\\\/logo\\\/image\\\/\",\"url\":\"https:\\\/\\\/www.mirare.fr\\\/wp-content\\\/uploads\\\/2022\\\/02\\\/mirare-logo.png\",\"contentUrl\":\"https:\\\/\\\/www.mirare.fr\\\/wp-content\\\/uploads\\\/2022\\\/02\\\/mirare-logo.png\",\"width\":1319,\"height\":253,\"caption\":\"Mirare Productions\"},\"image\":{\"@id\":\"https:\\\/\\\/www.mirare.fr\\\/en\\\/#\\\/schema\\\/logo\\\/image\\\/\"},\"sameAs\":[\"https:\\\/\\\/fr-fr.facebook.com\\\/pages\\\/category\\\/Record-Label\\\/Mirare-151247074906672\\\/\",\"https:\\\/\\\/www.instagram.com\\\/mirare_records\\\/?hl=fr\"]}]}<\/script>\n<!-- \/ Yoast SEO plugin. -->","yoast_head_json":{"title":"Philippe Pierlot - Mirare","description":"Philippe Pierlot was born in Li\u00e8ge. After teaching himself the guitar and the lute, he turned to the viola da gamba, which he studied with...","robots":{"index":"index","follow":"follow","max-snippet":"max-snippet:-1","max-image-preview":"max-image-preview:large","max-video-preview":"max-video-preview:-1"},"canonical":"https:\/\/www.mirare.fr\/en\/artists\/philippe-pierlot\/","og_locale":"en_US","og_type":"article","og_title":"Philippe Pierlot - Mirare","og_description":"Philippe Pierlot was born in Li\u00e8ge. After teaching himself the guitar and the lute, he turned to the viola da gamba, which he studied with...","og_url":"https:\/\/www.mirare.fr\/en\/artists\/philippe-pierlot\/","og_site_name":"Mirare","article_publisher":"https:\/\/fr-fr.facebook.com\/pages\/category\/Record-Label\/Mirare-151247074906672\/","article_modified_time":"2022-02-28T16:35:46+00:00","og_image":[{"width":2560,"height":1707,"url":"https:\/\/www.mirare.fr\/wp-content\/uploads\/2022\/01\/PIERLOT-automne-10-scaled.jpg","type":"image\/jpeg"}],"twitter_card":"summary_large_image","twitter_misc":{"Est. reading time":"2 minutes"},"schema":{"@context":"https:\/\/schema.org","@graph":[{"@type":"WebPage","@id":"https:\/\/www.mirare.fr\/en\/artists\/philippe-pierlot\/","url":"https:\/\/www.mirare.fr\/en\/artists\/philippe-pierlot\/","name":"Philippe Pierlot - Mirare","isPartOf":{"@id":"https:\/\/www.mirare.fr\/en\/#website"},"primaryImageOfPage":{"@id":"https:\/\/www.mirare.fr\/en\/artists\/philippe-pierlot\/#primaryimage"},"image":{"@id":"https:\/\/www.mirare.fr\/en\/artists\/philippe-pierlot\/#primaryimage"},"thumbnailUrl":"https:\/\/www.mirare.fr\/wp-content\/uploads\/2022\/01\/PIERLOT-automne-10-scaled.jpg","datePublished":"2022-01-04T10:08:22+00:00","dateModified":"2022-02-28T16:35:46+00:00","description":"Philippe Pierlot was born in Li\u00e8ge. After teaching himself the guitar and the lute, he turned to the viola da gamba, which he studied with...","breadcrumb":{"@id":"https:\/\/www.mirare.fr\/en\/artists\/philippe-pierlot\/#breadcrumb"},"inLanguage":"en-US","potentialAction":[{"@type":"ReadAction","target":["https:\/\/www.mirare.fr\/en\/artists\/philippe-pierlot\/"]}]},{"@type":"ImageObject","inLanguage":"en-US","@id":"https:\/\/www.mirare.fr\/en\/artists\/philippe-pierlot\/#primaryimage","url":"https:\/\/www.mirare.fr\/wp-content\/uploads\/2022\/01\/PIERLOT-automne-10-scaled.jpg","contentUrl":"https:\/\/www.mirare.fr\/wp-content\/uploads\/2022\/01\/PIERLOT-automne-10-scaled.jpg","width":2560,"height":1707},{"@type":"BreadcrumbList","@id":"https:\/\/www.mirare.fr\/en\/artists\/philippe-pierlot\/#breadcrumb","itemListElement":[{"@type":"ListItem","position":1,"name":"Home","item":"https:\/\/www.mirare.fr\/en\/"},{"@type":"ListItem","position":2,"name":"Philippe Pierlot"}]},{"@type":"WebSite","@id":"https:\/\/www.mirare.fr\/en\/#website","url":"https:\/\/www.mirare.fr\/en\/","name":"Mirare","description":"","publisher":{"@id":"https:\/\/www.mirare.fr\/en\/#organization"},"potentialAction":[{"@type":"SearchAction","target":{"@type":"EntryPoint","urlTemplate":"https:\/\/www.mirare.fr\/en\/?s={search_term_string}"},"query-input":{"@type":"PropertyValueSpecification","valueRequired":true,"valueName":"search_term_string"}}],"inLanguage":"en-US"},{"@type":"Organization","@id":"https:\/\/www.mirare.fr\/en\/#organization","name":"Mirare Productions","url":"https:\/\/www.mirare.fr\/en\/","logo":{"@type":"ImageObject","inLanguage":"en-US","@id":"https:\/\/www.mirare.fr\/en\/#\/schema\/logo\/image\/","url":"https:\/\/www.mirare.fr\/wp-content\/uploads\/2022\/02\/mirare-logo.png","contentUrl":"https:\/\/www.mirare.fr\/wp-content\/uploads\/2022\/02\/mirare-logo.png","width":1319,"height":253,"caption":"Mirare Productions"},"image":{"@id":"https:\/\/www.mirare.fr\/en\/#\/schema\/logo\/image\/"},"sameAs":["https:\/\/fr-fr.facebook.com\/pages\/category\/Record-Label\/Mirare-151247074906672\/","https:\/\/www.instagram.com\/mirare_records\/?hl=fr"]}]}},"_links":{"self":[{"href":"https:\/\/www.mirare.fr\/en\/wp-json\/wp\/v2\/artist\/13801","targetHints":{"allow":["GET"]}}],"collection":[{"href":"https:\/\/www.mirare.fr\/en\/wp-json\/wp\/v2\/artist"}],"about":[{"href":"https:\/\/www.mirare.fr\/en\/wp-json\/wp\/v2\/types\/artist"}],"author":[{"embeddable":true,"href":"https:\/\/www.mirare.fr\/en\/wp-json\/wp\/v2\/users\/1"}],"version-history":[{"count":1,"href":"https:\/\/www.mirare.fr\/en\/wp-json\/wp\/v2\/artist\/13801\/revisions"}],"predecessor-version":[{"id":13803,"href":"https:\/\/www.mirare.fr\/en\/wp-json\/wp\/v2\/artist\/13801\/revisions\/13803"}],"wp:featuredmedia":[{"embeddable":true,"href":"https:\/\/www.mirare.fr\/en\/wp-json\/wp\/v2\/media\/13802"}],"wp:attachment":[{"href":"https:\/\/www.mirare.fr\/en\/wp-json\/wp\/v2\/media?parent=13801"}],"curies":[{"name":"wp","href":"https:\/\/api.w.org\/{rel}","templated":true}]}}

<p>Philippe Pierlot was born in Liège. After teaching himself the guitar and the lute, he turned to the viola da gamba, which he studied with Wieland Kuijken. He is active in the fields of chamber music, oratorio and opera, and divides his activities between the viola da gamba and conducting. He has edited and revived the operas Il ritorno d’Ulisse (Monteverdi – a production by William Kentridge regularly staged around the world for the past twenty years) and Sémélé (Marin Marais), and Bach’s St Mark Passion. He enjoys bringing about unexpected encounters with the viola da gamba by commissioning contemporary works or revisiting folk traditions. His most recent CDs have been devoted to cantatas by Bach, Buxtehude’s Membra Jesu nostri and pieces by Marin Marais. In addition to recitals and concerts with his ensemble, he especially enjoys working with Jordi Savall and the ensemble Hespèrion XXI.<br />
He attaches special importance to encouraging and promoting young artists. About fifteen years ago, along with colleagues, he founded a record label that invites musicians to produce their personal projects. He resides in the Belgian town of Spa, where since the autumn of 2015 he has organised an international seminar focusing on the viola da gamba, the Printemps Baroque de Spa festival and a short series of summer concerts at which young creative artists can present their vision of early music today.</p>
<p>Philippe Pierlot teaches masterclasses and courses at Spa and is a professor at the Royal Conservatory in Brussels.</p>

<p>Philippe Pierlot was born in Liège. After teaching himself the guitar and the lute, he turned to the viola da gamba, which he studied with Wieland Kuijken. He is active in the fields of chamber music, oratorio and opera, and divides his activities between the viola da gamba and conducting. He has edited and revived [&hellip;]</p>

<!-- This site is optimized with the Yoast SEO plugin v27.5 - https://yoast.com/product/yoast-seo-wordpress/ -->
<title>Philippe Pierlot - Mirare</title>
<meta name="description" content="Philippe Pierlot was born in Liège. After teaching himself the guitar and the lute, he turned to the viola da gamba, which he studied with..." />
<meta name="robots" content="index, follow, max-snippet:-1, max-image-preview:large, max-video-preview:-1" />
<link rel="canonical" href="https://www.mirare.fr/en/artists/philippe-pierlot/" />
<meta property="og:locale" content="en_US" />
<meta property="og:type" content="article" />
<meta property="og:title" content="Philippe Pierlot - Mirare" />
<meta property="og:description" content="Philippe Pierlot was born in Liège. After teaching himself the guitar and the lute, he turned to the viola da gamba, which he studied with..." />
<meta property="og:url" content="https://www.mirare.fr/en/artists/philippe-pierlot/" />
<meta property="og:site_name" content="Mirare" />
<meta property="article:publisher" content="https://fr-fr.facebook.com/pages/category/Record-Label/Mirare-151247074906672/" />
<meta property="article:modified_time" content="2022-02-28T16:35:46+00:00" />
<meta property="og:image" content="https://www.mirare.fr/wp-content/uploads/2022/01/PIERLOT-automne-10-scaled.jpg" />
	<meta property="og:image:width" content="2560" />
	<meta property="og:image:height" content="1707" />
	<meta property="og:image:type" content="image/jpeg" />
<meta name="twitter:card" content="summary_large_image" />
<meta name="twitter:label1" content="Est. reading time" />
	<meta name="twitter:data1" content="2 minutes" />
<script type="application/ld+json" class="yoast-schema-graph">{"@context":"https:\/\/schema.org","@graph":[{"@type":"WebPage","@id":"https:\/\/www.mirare.fr\/en\/artists\/philippe-pierlot\/","url":"https:\/\/www.mirare.fr\/en\/artists\/philippe-pierlot\/","name":"Philippe Pierlot - Mirare","isPartOf":{"@id":"https:\/\/www.mirare.fr\/en\/#website"},"primaryImageOfPage":{"@id":"https:\/\/www.mirare.fr\/en\/artists\/philippe-pierlot\/#primaryimage"},"image":{"@id":"https:\/\/www.mirare.fr\/en\/artists\/philippe-pierlot\/#primaryimage"},"thumbnailUrl":"https:\/\/www.mirare.fr\/wp-content\/uploads\/2022\/01\/PIERLOT-automne-10-scaled.jpg","datePublished":"2022-01-04T10:08:22+00:00","dateModified":"2022-02-28T16:35:46+00:00","description":"Philippe Pierlot was born in Liège. After teaching himself the guitar and the lute, he turned to the viola da gamba, which he studied with...","breadcrumb":{"@id":"https:\/\/www.mirare.fr\/en\/artists\/philippe-pierlot\/#breadcrumb"},"inLanguage":"en-US","potentialAction":[{"@type":"ReadAction","target":["https:\/\/www.mirare.fr\/en\/artists\/philippe-pierlot\/"]}]},{"@type":"ImageObject","inLanguage":"en-US","@id":"https:\/\/www.mirare.fr\/en\/artists\/philippe-pierlot\/#primaryimage","url":"https:\/\/www.mirare.fr\/wp-content\/uploads\/2022\/01\/PIERLOT-automne-10-scaled.jpg","contentUrl":"https:\/\/www.mirare.fr\/wp-content\/uploads\/2022\/01\/PIERLOT-automne-10-scaled.jpg","width":2560,"height":1707},{"@type":"BreadcrumbList","@id":"https:\/\/www.mirare.fr\/en\/artists\/philippe-pierlot\/#breadcrumb","itemListElement":[{"@type":"ListItem","position":1,"name":"Home","item":"https:\/\/www.mirare.fr\/en\/"},{"@type":"ListItem","position":2,"name":"Philippe Pierlot"}]},{"@type":"WebSite","@id":"https:\/\/www.mirare.fr\/en\/#website","url":"https:\/\/www.mirare.fr\/en\/","name":"Mirare","description":"","publisher":{"@id":"https:\/\/www.mirare.fr\/en\/#organization"},"potentialAction":[{"@type":"SearchAction","target":{"@type":"EntryPoint","urlTemplate":"https:\/\/www.mirare.fr\/en\/?s={search_term_string}"},"query-input":{"@type":"PropertyValueSpecification","valueRequired":true,"valueName":"search_term_string"}}],"inLanguage":"en-US"},{"@type":"Organization","@id":"https:\/\/www.mirare.fr\/en\/#organization","name":"Mirare Productions","url":"https:\/\/www.mirare.fr\/en\/","logo":{"@type":"ImageObject","inLanguage":"en-US","@id":"https:\/\/www.mirare.fr\/en\/#\/schema\/logo\/image\/","url":"https:\/\/www.mirare.fr\/wp-content\/uploads\/2022\/02\/mirare-logo.png","contentUrl":"https:\/\/www.mirare.fr\/wp-content\/uploads\/2022\/02\/mirare-logo.png","width":1319,"height":253,"caption":"Mirare Productions"},"image":{"@id":"https:\/\/www.mirare.fr\/en\/#\/schema\/logo\/image\/"},"sameAs":["https:\/\/fr-fr.facebook.com\/pages\/category\/Record-Label\/Mirare-151247074906672\/","https:\/\/www.instagram.com\/mirare_records\/?hl=fr"]}]}</script>
<!-- / Yoast SEO plugin. -->

Philippe Pierlot was born in Liège. After teaching himself the guitar and the lute, he turned to the viola da gamba, which he studied with...
