{"id":13754,"date":"2022-01-04T11:08:53","date_gmt":"2022-01-04T10:08:53","guid":{"rendered":"https:\/\/www.mirare.fr\/artistes\/paul-montag\/"},"modified":"2022-02-28T17:35:09","modified_gmt":"2022-02-28T16:35:09","slug":"paul-montag","status":"publish","type":"artist","link":"https:\/\/www.mirare.fr\/en\/artists\/paul-montag\/","title":{"rendered":"Paul Montag"},"content":{"rendered":"<p>A teacher at the Paris Conservatory and the Ecole Normale de Musique de Paris, Paul Montag was initiated to the piano at the age of 4.<\/p>\n<p>At 13, he was admitted to the Conservatoire National Sup\u00e9rieur de Musique de Paris (CNSMDP) in the class of Jean-Fran\u00e7ois Heisser. Then he went on to improve his skills with Christian Ivaldi at the Ecole Normale de Musique de Paris and he received advice from Jean-Claude Pennetier and Paul Badura- Skoda.<\/p>\n<p>A winner of the Cziffra Foundation and the Charles Oulmont Prize of the Fondation de France, he has been invited from an early age to perform as a soloist and a chamber musician at the most renowned festivals throughout Europe, the United States, Canada, Asia and the Maghreb. In January 2020, he performed at the Mozartwoche in Salzburg, playing W.A. Mozart\u2019s fortepiano.<\/p>\n<p>Fond of solo repertoire as well as chamber and vocal music, he has performed on stage with numerous musical partners including Pumeza Matshikiza, Rolando Villaz\u00f3n, Karine Deshayes, Henri Demarquette and Rapha\u00ebl S\u00e9v\u00e8re with whom he has formed a duet for several years.<\/p>\n<p>His discography includes Paul Hindemith\u2019s early piano music (Choc Classica), piano music by Claude Debussy, the complete Melodies of Albert Roussel, as well as Charles-Marie Widor\u2019s and F\u00e9licien David\u2019s Melodies.<\/p>\n","protected":false},"excerpt":{"rendered":"<p>A teacher at the Paris Conservatory and the Ecole Normale de Musique de Paris, Paul Montag was initiated to the piano at the age of 4. At 13, he was admitted to the Conservatoire National Sup\u00e9rieur de Musique de Paris (CNSMDP) in the class of Jean-Fran\u00e7ois Heisser. Then he went on to improve his skills [&hellip;]<\/p>\n","protected":false},"author":1,"featured_media":9731,"template":"","class_list":["post-13754","artist","type-artist","status-publish","has-post-thumbnail","hentry"],"acf":[],"yoast_head":"<!-- This site is optimized with the Yoast SEO plugin v27.5 - https:\/\/yoast.com\/product\/yoast-seo-wordpress\/ -->\n<title>Paul Montag - Mirare<\/title>\n<meta name=\"description\" content=\"A teacher at the Paris Conservatory and the Ecole Normale de Musique de Paris, Paul Montag was initiated to the piano at the age of 4.\" \/>\n<meta name=\"robots\" content=\"index, follow, max-snippet:-1, max-image-preview:large, max-video-preview:-1\" \/>\n<link rel=\"canonical\" href=\"https:\/\/www.mirare.fr\/en\/artists\/paul-montag\/\" \/>\n<meta property=\"og:locale\" content=\"en_US\" \/>\n<meta property=\"og:type\" content=\"article\" \/>\n<meta property=\"og:title\" content=\"Paul Montag - Mirare\" \/>\n<meta property=\"og:description\" content=\"A teacher at the Paris Conservatory and the Ecole Normale de Musique de Paris, Paul Montag was initiated to the piano at the age of 4.\" \/>\n<meta property=\"og:url\" content=\"https:\/\/www.mirare.fr\/en\/artists\/paul-montag\/\" \/>\n<meta property=\"og:site_name\" content=\"Mirare\" \/>\n<meta property=\"article:publisher\" content=\"https:\/\/fr-fr.facebook.com\/pages\/category\/Record-Label\/Mirare-151247074906672\/\" \/>\n<meta property=\"article:modified_time\" content=\"2022-02-28T16:35:09+00:00\" \/>\n<meta property=\"og:image\" content=\"https:\/\/www.mirare.fr\/wp-content\/uploads\/2021\/11\/Paul-Montag.jpg\" \/>\n\t<meta property=\"og:image:width\" content=\"1350\" \/>\n\t<meta property=\"og:image:height\" content=\"1080\" \/>\n\t<meta property=\"og:image:type\" content=\"image\/jpeg\" \/>\n<meta name=\"twitter:card\" content=\"summary_large_image\" \/>\n<meta name=\"twitter:label1\" content=\"Est. reading time\" \/>\n\t<meta name=\"twitter:data1\" content=\"1 minute\" \/>\n<script type=\"application\/ld+json\" class=\"yoast-schema-graph\">{\"@context\":\"https:\\\/\\\/schema.org\",\"@graph\":[{\"@type\":\"WebPage\",\"@id\":\"https:\\\/\\\/www.mirare.fr\\\/en\\\/artists\\\/paul-montag\\\/\",\"url\":\"https:\\\/\\\/www.mirare.fr\\\/en\\\/artists\\\/paul-montag\\\/\",\"name\":\"Paul Montag - Mirare\",\"isPartOf\":{\"@id\":\"https:\\\/\\\/www.mirare.fr\\\/en\\\/#website\"},\"primaryImageOfPage\":{\"@id\":\"https:\\\/\\\/www.mirare.fr\\\/en\\\/artists\\\/paul-montag\\\/#primaryimage\"},\"image\":{\"@id\":\"https:\\\/\\\/www.mirare.fr\\\/en\\\/artists\\\/paul-montag\\\/#primaryimage\"},\"thumbnailUrl\":\"https:\\\/\\\/www.mirare.fr\\\/wp-content\\\/uploads\\\/2021\\\/11\\\/Paul-Montag.jpg\",\"datePublished\":\"2022-01-04T10:08:53+00:00\",\"dateModified\":\"2022-02-28T16:35:09+00:00\",\"description\":\"A teacher at the Paris Conservatory and the Ecole Normale de Musique de Paris, Paul Montag was initiated to the piano at the age of 4.\",\"breadcrumb\":{\"@id\":\"https:\\\/\\\/www.mirare.fr\\\/en\\\/artists\\\/paul-montag\\\/#breadcrumb\"},\"inLanguage\":\"en-US\",\"potentialAction\":[{\"@type\":\"ReadAction\",\"target\":[\"https:\\\/\\\/www.mirare.fr\\\/en\\\/artists\\\/paul-montag\\\/\"]}]},{\"@type\":\"ImageObject\",\"inLanguage\":\"en-US\",\"@id\":\"https:\\\/\\\/www.mirare.fr\\\/en\\\/artists\\\/paul-montag\\\/#primaryimage\",\"url\":\"https:\\\/\\\/www.mirare.fr\\\/wp-content\\\/uploads\\\/2021\\\/11\\\/Paul-Montag.jpg\",\"contentUrl\":\"https:\\\/\\\/www.mirare.fr\\\/wp-content\\\/uploads\\\/2021\\\/11\\\/Paul-Montag.jpg\",\"width\":1350,\"height\":1080},{\"@type\":\"BreadcrumbList\",\"@id\":\"https:\\\/\\\/www.mirare.fr\\\/en\\\/artists\\\/paul-montag\\\/#breadcrumb\",\"itemListElement\":[{\"@type\":\"ListItem\",\"position\":1,\"name\":\"Home\",\"item\":\"https:\\\/\\\/www.mirare.fr\\\/en\\\/\"},{\"@type\":\"ListItem\",\"position\":2,\"name\":\"Paul Montag\"}]},{\"@type\":\"WebSite\",\"@id\":\"https:\\\/\\\/www.mirare.fr\\\/en\\\/#website\",\"url\":\"https:\\\/\\\/www.mirare.fr\\\/en\\\/\",\"name\":\"Mirare\",\"description\":\"\",\"publisher\":{\"@id\":\"https:\\\/\\\/www.mirare.fr\\\/en\\\/#organization\"},\"potentialAction\":[{\"@type\":\"SearchAction\",\"target\":{\"@type\":\"EntryPoint\",\"urlTemplate\":\"https:\\\/\\\/www.mirare.fr\\\/en\\\/?s={search_term_string}\"},\"query-input\":{\"@type\":\"PropertyValueSpecification\",\"valueRequired\":true,\"valueName\":\"search_term_string\"}}],\"inLanguage\":\"en-US\"},{\"@type\":\"Organization\",\"@id\":\"https:\\\/\\\/www.mirare.fr\\\/en\\\/#organization\",\"name\":\"Mirare Productions\",\"url\":\"https:\\\/\\\/www.mirare.fr\\\/en\\\/\",\"logo\":{\"@type\":\"ImageObject\",\"inLanguage\":\"en-US\",\"@id\":\"https:\\\/\\\/www.mirare.fr\\\/en\\\/#\\\/schema\\\/logo\\\/image\\\/\",\"url\":\"https:\\\/\\\/www.mirare.fr\\\/wp-content\\\/uploads\\\/2022\\\/02\\\/mirare-logo.png\",\"contentUrl\":\"https:\\\/\\\/www.mirare.fr\\\/wp-content\\\/uploads\\\/2022\\\/02\\\/mirare-logo.png\",\"width\":1319,\"height\":253,\"caption\":\"Mirare Productions\"},\"image\":{\"@id\":\"https:\\\/\\\/www.mirare.fr\\\/en\\\/#\\\/schema\\\/logo\\\/image\\\/\"},\"sameAs\":[\"https:\\\/\\\/fr-fr.facebook.com\\\/pages\\\/category\\\/Record-Label\\\/Mirare-151247074906672\\\/\",\"https:\\\/\\\/www.instagram.com\\\/mirare_records\\\/?hl=fr\"]}]}<\/script>\n<!-- \/ Yoast SEO plugin. -->","yoast_head_json":{"title":"Paul Montag - Mirare","description":"A teacher at the Paris Conservatory and the Ecole Normale de Musique de Paris, Paul Montag was initiated to the piano at the age of 4.","robots":{"index":"index","follow":"follow","max-snippet":"max-snippet:-1","max-image-preview":"max-image-preview:large","max-video-preview":"max-video-preview:-1"},"canonical":"https:\/\/www.mirare.fr\/en\/artists\/paul-montag\/","og_locale":"en_US","og_type":"article","og_title":"Paul Montag - Mirare","og_description":"A teacher at the Paris Conservatory and the Ecole Normale de Musique de Paris, Paul Montag was initiated to the piano at the age of 4.","og_url":"https:\/\/www.mirare.fr\/en\/artists\/paul-montag\/","og_site_name":"Mirare","article_publisher":"https:\/\/fr-fr.facebook.com\/pages\/category\/Record-Label\/Mirare-151247074906672\/","article_modified_time":"2022-02-28T16:35:09+00:00","og_image":[{"width":1350,"height":1080,"url":"https:\/\/www.mirare.fr\/wp-content\/uploads\/2021\/11\/Paul-Montag.jpg","type":"image\/jpeg"}],"twitter_card":"summary_large_image","twitter_misc":{"Est. reading time":"1 minute"},"schema":{"@context":"https:\/\/schema.org","@graph":[{"@type":"WebPage","@id":"https:\/\/www.mirare.fr\/en\/artists\/paul-montag\/","url":"https:\/\/www.mirare.fr\/en\/artists\/paul-montag\/","name":"Paul Montag - Mirare","isPartOf":{"@id":"https:\/\/www.mirare.fr\/en\/#website"},"primaryImageOfPage":{"@id":"https:\/\/www.mirare.fr\/en\/artists\/paul-montag\/#primaryimage"},"image":{"@id":"https:\/\/www.mirare.fr\/en\/artists\/paul-montag\/#primaryimage"},"thumbnailUrl":"https:\/\/www.mirare.fr\/wp-content\/uploads\/2021\/11\/Paul-Montag.jpg","datePublished":"2022-01-04T10:08:53+00:00","dateModified":"2022-02-28T16:35:09+00:00","description":"A teacher at the Paris Conservatory and the Ecole Normale de Musique de Paris, Paul Montag was initiated to the piano at the age of 4.","breadcrumb":{"@id":"https:\/\/www.mirare.fr\/en\/artists\/paul-montag\/#breadcrumb"},"inLanguage":"en-US","potentialAction":[{"@type":"ReadAction","target":["https:\/\/www.mirare.fr\/en\/artists\/paul-montag\/"]}]},{"@type":"ImageObject","inLanguage":"en-US","@id":"https:\/\/www.mirare.fr\/en\/artists\/paul-montag\/#primaryimage","url":"https:\/\/www.mirare.fr\/wp-content\/uploads\/2021\/11\/Paul-Montag.jpg","contentUrl":"https:\/\/www.mirare.fr\/wp-content\/uploads\/2021\/11\/Paul-Montag.jpg","width":1350,"height":1080},{"@type":"BreadcrumbList","@id":"https:\/\/www.mirare.fr\/en\/artists\/paul-montag\/#breadcrumb","itemListElement":[{"@type":"ListItem","position":1,"name":"Home","item":"https:\/\/www.mirare.fr\/en\/"},{"@type":"ListItem","position":2,"name":"Paul Montag"}]},{"@type":"WebSite","@id":"https:\/\/www.mirare.fr\/en\/#website","url":"https:\/\/www.mirare.fr\/en\/","name":"Mirare","description":"","publisher":{"@id":"https:\/\/www.mirare.fr\/en\/#organization"},"potentialAction":[{"@type":"SearchAction","target":{"@type":"EntryPoint","urlTemplate":"https:\/\/www.mirare.fr\/en\/?s={search_term_string}"},"query-input":{"@type":"PropertyValueSpecification","valueRequired":true,"valueName":"search_term_string"}}],"inLanguage":"en-US"},{"@type":"Organization","@id":"https:\/\/www.mirare.fr\/en\/#organization","name":"Mirare Productions","url":"https:\/\/www.mirare.fr\/en\/","logo":{"@type":"ImageObject","inLanguage":"en-US","@id":"https:\/\/www.mirare.fr\/en\/#\/schema\/logo\/image\/","url":"https:\/\/www.mirare.fr\/wp-content\/uploads\/2022\/02\/mirare-logo.png","contentUrl":"https:\/\/www.mirare.fr\/wp-content\/uploads\/2022\/02\/mirare-logo.png","width":1319,"height":253,"caption":"Mirare Productions"},"image":{"@id":"https:\/\/www.mirare.fr\/en\/#\/schema\/logo\/image\/"},"sameAs":["https:\/\/fr-fr.facebook.com\/pages\/category\/Record-Label\/Mirare-151247074906672\/","https:\/\/www.instagram.com\/mirare_records\/?hl=fr"]}]}},"_links":{"self":[{"href":"https:\/\/www.mirare.fr\/en\/wp-json\/wp\/v2\/artist\/13754","targetHints":{"allow":["GET"]}}],"collection":[{"href":"https:\/\/www.mirare.fr\/en\/wp-json\/wp\/v2\/artist"}],"about":[{"href":"https:\/\/www.mirare.fr\/en\/wp-json\/wp\/v2\/types\/artist"}],"author":[{"embeddable":true,"href":"https:\/\/www.mirare.fr\/en\/wp-json\/wp\/v2\/users\/1"}],"version-history":[{"count":3,"href":"https:\/\/www.mirare.fr\/en\/wp-json\/wp\/v2\/artist\/13754\/revisions"}],"predecessor-version":[{"id":13783,"href":"https:\/\/www.mirare.fr\/en\/wp-json\/wp\/v2\/artist\/13754\/revisions\/13783"}],"wp:featuredmedia":[{"embeddable":true,"href":"https:\/\/www.mirare.fr\/en\/wp-json\/wp\/v2\/media\/9731"}],"wp:attachment":[{"href":"https:\/\/www.mirare.fr\/en\/wp-json\/wp\/v2\/media?parent=13754"}],"curies":[{"name":"wp","href":"https:\/\/api.w.org\/{rel}","templated":true}]}}

<p>A teacher at the Paris Conservatory and the Ecole Normale de Musique de Paris, Paul Montag was initiated to the piano at the age of 4.</p>
<p>At 13, he was admitted to the Conservatoire National Supérieur de Musique de Paris (CNSMDP) in the class of Jean-François Heisser. Then he went on to improve his skills with Christian Ivaldi at the Ecole Normale de Musique de Paris and he received advice from Jean-Claude Pennetier and Paul Badura- Skoda.</p>
<p>A winner of the Cziffra Foundation and the Charles Oulmont Prize of the Fondation de France, he has been invited from an early age to perform as a soloist and a chamber musician at the most renowned festivals throughout Europe, the United States, Canada, Asia and the Maghreb. In January 2020, he performed at the Mozartwoche in Salzburg, playing W.A. Mozart’s fortepiano.</p>
<p>Fond of solo repertoire as well as chamber and vocal music, he has performed on stage with numerous musical partners including Pumeza Matshikiza, Rolando Villazón, Karine Deshayes, Henri Demarquette and Raphaël Sévère with whom he has formed a duet for several years.</p>
<p>His discography includes Paul Hindemith’s early piano music (Choc Classica), piano music by Claude Debussy, the complete Melodies of Albert Roussel, as well as Charles-Marie Widor’s and Félicien David’s Melodies.</p>

<p>A teacher at the Paris Conservatory and the Ecole Normale de Musique de Paris, Paul Montag was initiated to the piano at the age of 4. At 13, he was admitted to the Conservatoire National Supérieur de Musique de Paris (CNSMDP) in the class of Jean-François Heisser. Then he went on to improve his skills [&hellip;]</p>
