{"id":13742,"date":"2022-01-04T11:08:49","date_gmt":"2022-01-04T10:08:49","guid":{"rendered":"https:\/\/www.mirare.fr\/artistes\/olivier-charlier\/"},"modified":"2022-02-28T17:33:44","modified_gmt":"2022-02-28T16:33:44","slug":"olivier-charlier","status":"publish","type":"artist","link":"https:\/\/www.mirare.fr\/en\/artists\/olivier-charlier\/","title":{"rendered":"Olivier Charlier"},"content":{"rendered":"<p>Olivier Charlier has firmly established himself as one of the leading French violinists of his generation: after graduating with a First Prize degree from the Paris Conservatoire (CNSM) at 14, he became a winner of prestigious international competitions such as Munich, Montreal, Sibelius in Helsinki, Jacques Thibaud in Paris, Indianapolis, Young Concert Artists in New York. He readily became the prot\u00e9g\u00e9 of Nadia Boulanger, Yehudi Menuhin and Henryk Szeryng. He was invited by more than fifty French orchestras (Orchestre National de France, Orchestre de Paris, Philharmonique de Radio-France, Orchestre de l\u2019Op\u00e9ra&#8230;), as well as illustrious international symphonic ensembles (London Philharmonic, BBC Philharmonic, Hall\u00e9 Orchestra, CBSO Birmingham, Berlin Symphonic Orchestra, NDR Radiophilharmonie, Deutsche Radio Philharmonie Saarbr\u00fccken Kaiserslautern, W\u00fcrttemberg Chamber Orchestra, Bayerische Rundfunk, Tonhalle Orchestra Z\u00fcrich, Nederlands Philharmonisch, The Hague Residency-Orchestra, Monte-Carlo, Prague, Zagreb, New York, Pittsburgh, Montreal, Quebec city, Mexico, Tokyo, Beijing, Sydney&#8230;)<br \/>\nHis recording activities include a large concerto repertoire: Dutilleux (The Tree of Dreams), Lalo, Saint-Saens, Mendelssohn, Mozart, Vivaldi; and also Edward Gregson, Gerard Schurmann, Marius Constant and Cyril Scott. He has recorded many French chamber sonatas with the pianist Jean Hubeau (Franck, Debussy, Saint-Saens, Piern\u00e9, Vierne) and with Brigitte Engerer. He also made recordings of Beethoven\u2019s works as well as the complete works by Schumann and Grieg. The Owon trio he formed with Emmanuel Strosser and Sun-Won Yang will be celebrating 10 years of existence, with a wide range of CD releases to its credit: Schubert, Dvorak, Beethoven (complete works), Messiaen (Quartet for the End of Time); and an upcoming CD featuring works by Tchaikovsky, Shostakovich and Weinberg.<\/p>\n<p>Olivier Charlier has been a violin teacher at the Conservatoire National Sup\u00e9rieur de Musique de Paris since 1992, succeeding his former teacher Pierre Doukan.<br \/>\nHe is regularly invited as a jury member of international competitions such as Menuhin, Jacques Thibaud in Paris, Indianapolis, Sendai, Munich, Sibelius in Helsinki, Sarasate and Hanover.<\/p>\n","protected":false},"excerpt":{"rendered":"<p>Olivier Charlier has firmly established himself as one of the leading French violinists of his generation: after graduating with a First Prize degree from the Paris Conservatoire (CNSM) at 14, he became a winner of prestigious international competitions such as Munich, Montreal, Sibelius in Helsinki, Jacques Thibaud in Paris, Indianapolis, Young Concert Artists in New [&hellip;]<\/p>\n","protected":false},"author":1,"featured_media":9699,"template":"","class_list":["post-13742","artist","type-artist","status-publish","has-post-thumbnail","hentry"],"acf":[],"yoast_head":"<!-- This site is optimized with the Yoast SEO plugin v27.5 - https:\/\/yoast.com\/product\/yoast-seo-wordpress\/ -->\n<title>Olivier Charlier - Mirare<\/title>\n<meta name=\"description\" content=\"Olivier Charlier has firmly established himself as one of the leading French violinists of his generation: after graduating with a First...\" \/>\n<meta name=\"robots\" content=\"index, follow, max-snippet:-1, max-image-preview:large, max-video-preview:-1\" \/>\n<link rel=\"canonical\" href=\"https:\/\/www.mirare.fr\/en\/artists\/olivier-charlier\/\" \/>\n<meta property=\"og:locale\" content=\"en_US\" \/>\n<meta property=\"og:type\" content=\"article\" \/>\n<meta property=\"og:title\" content=\"Olivier Charlier - Mirare\" \/>\n<meta property=\"og:description\" content=\"Olivier Charlier has firmly established himself as one of the leading French violinists of his generation: after graduating with a First...\" \/>\n<meta property=\"og:url\" content=\"https:\/\/www.mirare.fr\/en\/artists\/olivier-charlier\/\" \/>\n<meta property=\"og:site_name\" content=\"Mirare\" \/>\n<meta property=\"article:publisher\" content=\"https:\/\/fr-fr.facebook.com\/pages\/category\/Record-Label\/Mirare-151247074906672\/\" \/>\n<meta property=\"article:modified_time\" content=\"2022-02-28T16:33:44+00:00\" \/>\n<meta property=\"og:image\" content=\"https:\/\/www.mirare.fr\/wp-content\/uploads\/2021\/11\/O-Charlier.jpg\" \/>\n\t<meta property=\"og:image:width\" content=\"1350\" \/>\n\t<meta property=\"og:image:height\" content=\"1080\" \/>\n\t<meta property=\"og:image:type\" content=\"image\/jpeg\" \/>\n<meta name=\"twitter:card\" content=\"summary_large_image\" \/>\n<meta name=\"twitter:label1\" content=\"Est. reading time\" \/>\n\t<meta name=\"twitter:data1\" content=\"2 minutes\" \/>\n<script type=\"application\/ld+json\" class=\"yoast-schema-graph\">{\"@context\":\"https:\\\/\\\/schema.org\",\"@graph\":[{\"@type\":\"WebPage\",\"@id\":\"https:\\\/\\\/www.mirare.fr\\\/en\\\/artists\\\/olivier-charlier\\\/\",\"url\":\"https:\\\/\\\/www.mirare.fr\\\/en\\\/artists\\\/olivier-charlier\\\/\",\"name\":\"Olivier Charlier - Mirare\",\"isPartOf\":{\"@id\":\"https:\\\/\\\/www.mirare.fr\\\/en\\\/#website\"},\"primaryImageOfPage\":{\"@id\":\"https:\\\/\\\/www.mirare.fr\\\/en\\\/artists\\\/olivier-charlier\\\/#primaryimage\"},\"image\":{\"@id\":\"https:\\\/\\\/www.mirare.fr\\\/en\\\/artists\\\/olivier-charlier\\\/#primaryimage\"},\"thumbnailUrl\":\"https:\\\/\\\/www.mirare.fr\\\/wp-content\\\/uploads\\\/2021\\\/11\\\/O-Charlier.jpg\",\"datePublished\":\"2022-01-04T10:08:49+00:00\",\"dateModified\":\"2022-02-28T16:33:44+00:00\",\"description\":\"Olivier Charlier has firmly established himself as one of the leading French violinists of his generation: after graduating with a First...\",\"breadcrumb\":{\"@id\":\"https:\\\/\\\/www.mirare.fr\\\/en\\\/artists\\\/olivier-charlier\\\/#breadcrumb\"},\"inLanguage\":\"en-US\",\"potentialAction\":[{\"@type\":\"ReadAction\",\"target\":[\"https:\\\/\\\/www.mirare.fr\\\/en\\\/artists\\\/olivier-charlier\\\/\"]}]},{\"@type\":\"ImageObject\",\"inLanguage\":\"en-US\",\"@id\":\"https:\\\/\\\/www.mirare.fr\\\/en\\\/artists\\\/olivier-charlier\\\/#primaryimage\",\"url\":\"https:\\\/\\\/www.mirare.fr\\\/wp-content\\\/uploads\\\/2021\\\/11\\\/O-Charlier.jpg\",\"contentUrl\":\"https:\\\/\\\/www.mirare.fr\\\/wp-content\\\/uploads\\\/2021\\\/11\\\/O-Charlier.jpg\",\"width\":1350,\"height\":1080},{\"@type\":\"BreadcrumbList\",\"@id\":\"https:\\\/\\\/www.mirare.fr\\\/en\\\/artists\\\/olivier-charlier\\\/#breadcrumb\",\"itemListElement\":[{\"@type\":\"ListItem\",\"position\":1,\"name\":\"Home\",\"item\":\"https:\\\/\\\/www.mirare.fr\\\/en\\\/\"},{\"@type\":\"ListItem\",\"position\":2,\"name\":\"Olivier Charlier\"}]},{\"@type\":\"WebSite\",\"@id\":\"https:\\\/\\\/www.mirare.fr\\\/en\\\/#website\",\"url\":\"https:\\\/\\\/www.mirare.fr\\\/en\\\/\",\"name\":\"Mirare\",\"description\":\"\",\"publisher\":{\"@id\":\"https:\\\/\\\/www.mirare.fr\\\/en\\\/#organization\"},\"potentialAction\":[{\"@type\":\"SearchAction\",\"target\":{\"@type\":\"EntryPoint\",\"urlTemplate\":\"https:\\\/\\\/www.mirare.fr\\\/en\\\/?s={search_term_string}\"},\"query-input\":{\"@type\":\"PropertyValueSpecification\",\"valueRequired\":true,\"valueName\":\"search_term_string\"}}],\"inLanguage\":\"en-US\"},{\"@type\":\"Organization\",\"@id\":\"https:\\\/\\\/www.mirare.fr\\\/en\\\/#organization\",\"name\":\"Mirare Productions\",\"url\":\"https:\\\/\\\/www.mirare.fr\\\/en\\\/\",\"logo\":{\"@type\":\"ImageObject\",\"inLanguage\":\"en-US\",\"@id\":\"https:\\\/\\\/www.mirare.fr\\\/en\\\/#\\\/schema\\\/logo\\\/image\\\/\",\"url\":\"https:\\\/\\\/www.mirare.fr\\\/wp-content\\\/uploads\\\/2022\\\/02\\\/mirare-logo.png\",\"contentUrl\":\"https:\\\/\\\/www.mirare.fr\\\/wp-content\\\/uploads\\\/2022\\\/02\\\/mirare-logo.png\",\"width\":1319,\"height\":253,\"caption\":\"Mirare Productions\"},\"image\":{\"@id\":\"https:\\\/\\\/www.mirare.fr\\\/en\\\/#\\\/schema\\\/logo\\\/image\\\/\"},\"sameAs\":[\"https:\\\/\\\/fr-fr.facebook.com\\\/pages\\\/category\\\/Record-Label\\\/Mirare-151247074906672\\\/\",\"https:\\\/\\\/www.instagram.com\\\/mirare_records\\\/?hl=fr\"]}]}<\/script>\n<!-- \/ Yoast SEO plugin. -->","yoast_head_json":{"title":"Olivier Charlier - Mirare","description":"Olivier Charlier has firmly established himself as one of the leading French violinists of his generation: after graduating with a First...","robots":{"index":"index","follow":"follow","max-snippet":"max-snippet:-1","max-image-preview":"max-image-preview:large","max-video-preview":"max-video-preview:-1"},"canonical":"https:\/\/www.mirare.fr\/en\/artists\/olivier-charlier\/","og_locale":"en_US","og_type":"article","og_title":"Olivier Charlier - Mirare","og_description":"Olivier Charlier has firmly established himself as one of the leading French violinists of his generation: after graduating with a First...","og_url":"https:\/\/www.mirare.fr\/en\/artists\/olivier-charlier\/","og_site_name":"Mirare","article_publisher":"https:\/\/fr-fr.facebook.com\/pages\/category\/Record-Label\/Mirare-151247074906672\/","article_modified_time":"2022-02-28T16:33:44+00:00","og_image":[{"width":1350,"height":1080,"url":"https:\/\/www.mirare.fr\/wp-content\/uploads\/2021\/11\/O-Charlier.jpg","type":"image\/jpeg"}],"twitter_card":"summary_large_image","twitter_misc":{"Est. reading time":"2 minutes"},"schema":{"@context":"https:\/\/schema.org","@graph":[{"@type":"WebPage","@id":"https:\/\/www.mirare.fr\/en\/artists\/olivier-charlier\/","url":"https:\/\/www.mirare.fr\/en\/artists\/olivier-charlier\/","name":"Olivier Charlier - Mirare","isPartOf":{"@id":"https:\/\/www.mirare.fr\/en\/#website"},"primaryImageOfPage":{"@id":"https:\/\/www.mirare.fr\/en\/artists\/olivier-charlier\/#primaryimage"},"image":{"@id":"https:\/\/www.mirare.fr\/en\/artists\/olivier-charlier\/#primaryimage"},"thumbnailUrl":"https:\/\/www.mirare.fr\/wp-content\/uploads\/2021\/11\/O-Charlier.jpg","datePublished":"2022-01-04T10:08:49+00:00","dateModified":"2022-02-28T16:33:44+00:00","description":"Olivier Charlier has firmly established himself as one of the leading French violinists of his generation: after graduating with a First...","breadcrumb":{"@id":"https:\/\/www.mirare.fr\/en\/artists\/olivier-charlier\/#breadcrumb"},"inLanguage":"en-US","potentialAction":[{"@type":"ReadAction","target":["https:\/\/www.mirare.fr\/en\/artists\/olivier-charlier\/"]}]},{"@type":"ImageObject","inLanguage":"en-US","@id":"https:\/\/www.mirare.fr\/en\/artists\/olivier-charlier\/#primaryimage","url":"https:\/\/www.mirare.fr\/wp-content\/uploads\/2021\/11\/O-Charlier.jpg","contentUrl":"https:\/\/www.mirare.fr\/wp-content\/uploads\/2021\/11\/O-Charlier.jpg","width":1350,"height":1080},{"@type":"BreadcrumbList","@id":"https:\/\/www.mirare.fr\/en\/artists\/olivier-charlier\/#breadcrumb","itemListElement":[{"@type":"ListItem","position":1,"name":"Home","item":"https:\/\/www.mirare.fr\/en\/"},{"@type":"ListItem","position":2,"name":"Olivier Charlier"}]},{"@type":"WebSite","@id":"https:\/\/www.mirare.fr\/en\/#website","url":"https:\/\/www.mirare.fr\/en\/","name":"Mirare","description":"","publisher":{"@id":"https:\/\/www.mirare.fr\/en\/#organization"},"potentialAction":[{"@type":"SearchAction","target":{"@type":"EntryPoint","urlTemplate":"https:\/\/www.mirare.fr\/en\/?s={search_term_string}"},"query-input":{"@type":"PropertyValueSpecification","valueRequired":true,"valueName":"search_term_string"}}],"inLanguage":"en-US"},{"@type":"Organization","@id":"https:\/\/www.mirare.fr\/en\/#organization","name":"Mirare Productions","url":"https:\/\/www.mirare.fr\/en\/","logo":{"@type":"ImageObject","inLanguage":"en-US","@id":"https:\/\/www.mirare.fr\/en\/#\/schema\/logo\/image\/","url":"https:\/\/www.mirare.fr\/wp-content\/uploads\/2022\/02\/mirare-logo.png","contentUrl":"https:\/\/www.mirare.fr\/wp-content\/uploads\/2022\/02\/mirare-logo.png","width":1319,"height":253,"caption":"Mirare Productions"},"image":{"@id":"https:\/\/www.mirare.fr\/en\/#\/schema\/logo\/image\/"},"sameAs":["https:\/\/fr-fr.facebook.com\/pages\/category\/Record-Label\/Mirare-151247074906672\/","https:\/\/www.instagram.com\/mirare_records\/?hl=fr"]}]}},"_links":{"self":[{"href":"https:\/\/www.mirare.fr\/en\/wp-json\/wp\/v2\/artist\/13742","targetHints":{"allow":["GET"]}}],"collection":[{"href":"https:\/\/www.mirare.fr\/en\/wp-json\/wp\/v2\/artist"}],"about":[{"href":"https:\/\/www.mirare.fr\/en\/wp-json\/wp\/v2\/types\/artist"}],"author":[{"embeddable":true,"href":"https:\/\/www.mirare.fr\/en\/wp-json\/wp\/v2\/users\/1"}],"version-history":[{"count":1,"href":"https:\/\/www.mirare.fr\/en\/wp-json\/wp\/v2\/artist\/13742\/revisions"}],"predecessor-version":[{"id":13767,"href":"https:\/\/www.mirare.fr\/en\/wp-json\/wp\/v2\/artist\/13742\/revisions\/13767"}],"wp:featuredmedia":[{"embeddable":true,"href":"https:\/\/www.mirare.fr\/en\/wp-json\/wp\/v2\/media\/9699"}],"wp:attachment":[{"href":"https:\/\/www.mirare.fr\/en\/wp-json\/wp\/v2\/media?parent=13742"}],"curies":[{"name":"wp","href":"https:\/\/api.w.org\/{rel}","templated":true}]}}

<p>Olivier Charlier has firmly established himself as one of the leading French violinists of his generation: after graduating with a First Prize degree from the Paris Conservatoire (CNSM) at 14, he became a winner of prestigious international competitions such as Munich, Montreal, Sibelius in Helsinki, Jacques Thibaud in Paris, Indianapolis, Young Concert Artists in New York. He readily became the protégé of Nadia Boulanger, Yehudi Menuhin and Henryk Szeryng. He was invited by more than fifty French orchestras (Orchestre National de France, Orchestre de Paris, Philharmonique de Radio-France, Orchestre de l’Opéra&#8230;), as well as illustrious international symphonic ensembles (London Philharmonic, BBC Philharmonic, Hallé Orchestra, CBSO Birmingham, Berlin Symphonic Orchestra, NDR Radiophilharmonie, Deutsche Radio Philharmonie Saarbrücken Kaiserslautern, Württemberg Chamber Orchestra, Bayerische Rundfunk, Tonhalle Orchestra Zürich, Nederlands Philharmonisch, The Hague Residency-Orchestra, Monte-Carlo, Prague, Zagreb, New York, Pittsburgh, Montreal, Quebec city, Mexico, Tokyo, Beijing, Sydney&#8230;)<br />
His recording activities include a large concerto repertoire: Dutilleux (The Tree of Dreams), Lalo, Saint-Saens, Mendelssohn, Mozart, Vivaldi; and also Edward Gregson, Gerard Schurmann, Marius Constant and Cyril Scott. He has recorded many French chamber sonatas with the pianist Jean Hubeau (Franck, Debussy, Saint-Saens, Pierné, Vierne) and with Brigitte Engerer. He also made recordings of Beethoven’s works as well as the complete works by Schumann and Grieg. The Owon trio he formed with Emmanuel Strosser and Sun-Won Yang will be celebrating 10 years of existence, with a wide range of CD releases to its credit: Schubert, Dvorak, Beethoven (complete works), Messiaen (Quartet for the End of Time); and an upcoming CD featuring works by Tchaikovsky, Shostakovich and Weinberg.</p>
<p>Olivier Charlier has been a violin teacher at the Conservatoire National Supérieur de Musique de Paris since 1992, succeeding his former teacher Pierre Doukan.<br />
He is regularly invited as a jury member of international competitions such as Menuhin, Jacques Thibaud in Paris, Indianapolis, Sendai, Munich, Sibelius in Helsinki, Sarasate and Hanover.</p>
