{"id":13683,"date":"2022-01-04T11:07:53","date_gmt":"2022-01-04T10:07:53","guid":{"rendered":"https:\/\/www.mirare.fr\/artistes\/les-violoncelles-francais\/"},"modified":"2022-02-28T17:15:35","modified_gmt":"2022-02-28T16:15:35","slug":"les-violoncelles-francais","status":"publish","type":"artist","link":"https:\/\/www.mirare.fr\/en\/artists\/les-violoncelles-francais\/","title":{"rendered":"Les violoncelles Fran\u00e7ais"},"content":{"rendered":"<p>It was the desire to make music together, stimulated by perfect mutual understanding and a sense of sharing, that prompted eight leading figures of the French school of cello-playing (Emmanuelle Bertrand, \u00c9ric-Maria Couturier, Emmanuel Gaugu\u00e9, Xavier Phillips, Rapha\u00ebl Pidoux, Roland Pidoux, Nadine Pierre, and Fran\u00e7ois Salque) to launch this project. Performing as a \u2018consort\u2019 in homage to the polyphonic music of the viols of an earlier period, they play a selection of entirely new transcriptions of pieces taken from the mainstream repertoire, from Monteverdi to Wagner, and magnified by the transcriber Roland Pidoux. The exploitation of the full four-octave range makes it possible to take emotional and technical risks. With their supreme richness of timbres and the power and nobility of their sound, they prove without fear of contradiction that the potential of the cello is quite incredible. Right from their first concerts at Les Folles Journ\u00e9es in 2006, they were acclaimed by public and critics alike. Since then they have appeared at numerous festivals, including Fontevraud, Beauvais, Auvers- sur-Oise, Reims, Bourg-Madame, Castres, La V\u00e9z\u00e8re, and the Amsterdam Biennale. This is their first recording.<\/p>\n","protected":false},"excerpt":{"rendered":"<p>It was the desire to make music together, stimulated by perfect mutual understanding and a sense of sharing, that prompted eight leading figures of the French school of cello-playing (Emmanuelle Bertrand, \u00c9ric-Maria Couturier, Emmanuel Gaugu\u00e9, Xavier Phillips, Rapha\u00ebl Pidoux, Roland Pidoux, Nadine Pierre, and Fran\u00e7ois Salque) to launch this project. Performing as a \u2018consort\u2019 in [&hellip;]<\/p>\n","protected":false},"author":1,"featured_media":13684,"template":"","class_list":["post-13683","artist","type-artist","status-publish","has-post-thumbnail","hentry"],"acf":[],"yoast_head":"<!-- This site is optimized with the Yoast SEO plugin v27.5 - https:\/\/yoast.com\/product\/yoast-seo-wordpress\/ -->\n<title>Les violoncelles Fran\u00e7ais - Mirare<\/title>\n<meta name=\"description\" content=\"It was the desire to make music together, stimulated by perfect mutual understanding and a sense of sharing, that prompted eight leading...\" \/>\n<meta name=\"robots\" content=\"index, follow, max-snippet:-1, max-image-preview:large, max-video-preview:-1\" \/>\n<link rel=\"canonical\" href=\"https:\/\/www.mirare.fr\/en\/artists\/les-violoncelles-francais\/\" \/>\n<meta property=\"og:locale\" content=\"en_US\" \/>\n<meta property=\"og:type\" content=\"article\" \/>\n<meta property=\"og:title\" content=\"Les violoncelles Fran\u00e7ais - Mirare\" \/>\n<meta property=\"og:description\" content=\"It was the desire to make music together, stimulated by perfect mutual understanding and a sense of sharing, that prompted eight leading...\" \/>\n<meta property=\"og:url\" content=\"https:\/\/www.mirare.fr\/en\/artists\/les-violoncelles-francais\/\" \/>\n<meta property=\"og:site_name\" content=\"Mirare\" \/>\n<meta property=\"article:publisher\" content=\"https:\/\/fr-fr.facebook.com\/pages\/category\/Record-Label\/Mirare-151247074906672\/\" \/>\n<meta property=\"article:modified_time\" content=\"2022-02-28T16:15:35+00:00\" \/>\n<meta property=\"og:image\" content=\"https:\/\/www.mirare.fr\/wp-content\/uploads\/2022\/01\/VioloncellesFr.jpg\" \/>\n\t<meta property=\"og:image:width\" content=\"1350\" \/>\n\t<meta property=\"og:image:height\" content=\"1080\" \/>\n\t<meta property=\"og:image:type\" content=\"image\/jpeg\" \/>\n<meta name=\"twitter:card\" content=\"summary_large_image\" \/>\n<meta name=\"twitter:label1\" content=\"Est. reading time\" \/>\n\t<meta name=\"twitter:data1\" content=\"1 minute\" \/>\n<script type=\"application\/ld+json\" class=\"yoast-schema-graph\">{\"@context\":\"https:\\\/\\\/schema.org\",\"@graph\":[{\"@type\":\"WebPage\",\"@id\":\"https:\\\/\\\/www.mirare.fr\\\/en\\\/artists\\\/les-violoncelles-francais\\\/\",\"url\":\"https:\\\/\\\/www.mirare.fr\\\/en\\\/artists\\\/les-violoncelles-francais\\\/\",\"name\":\"Les violoncelles Fran\u00e7ais - Mirare\",\"isPartOf\":{\"@id\":\"https:\\\/\\\/www.mirare.fr\\\/en\\\/#website\"},\"primaryImageOfPage\":{\"@id\":\"https:\\\/\\\/www.mirare.fr\\\/en\\\/artists\\\/les-violoncelles-francais\\\/#primaryimage\"},\"image\":{\"@id\":\"https:\\\/\\\/www.mirare.fr\\\/en\\\/artists\\\/les-violoncelles-francais\\\/#primaryimage\"},\"thumbnailUrl\":\"https:\\\/\\\/www.mirare.fr\\\/wp-content\\\/uploads\\\/2022\\\/01\\\/VioloncellesFr.jpg\",\"datePublished\":\"2022-01-04T10:07:53+00:00\",\"dateModified\":\"2022-02-28T16:15:35+00:00\",\"description\":\"It was the desire to make music together, stimulated by perfect mutual understanding and a sense of sharing, that prompted eight leading...\",\"breadcrumb\":{\"@id\":\"https:\\\/\\\/www.mirare.fr\\\/en\\\/artists\\\/les-violoncelles-francais\\\/#breadcrumb\"},\"inLanguage\":\"en-US\",\"potentialAction\":[{\"@type\":\"ReadAction\",\"target\":[\"https:\\\/\\\/www.mirare.fr\\\/en\\\/artists\\\/les-violoncelles-francais\\\/\"]}]},{\"@type\":\"ImageObject\",\"inLanguage\":\"en-US\",\"@id\":\"https:\\\/\\\/www.mirare.fr\\\/en\\\/artists\\\/les-violoncelles-francais\\\/#primaryimage\",\"url\":\"https:\\\/\\\/www.mirare.fr\\\/wp-content\\\/uploads\\\/2022\\\/01\\\/VioloncellesFr.jpg\",\"contentUrl\":\"https:\\\/\\\/www.mirare.fr\\\/wp-content\\\/uploads\\\/2022\\\/01\\\/VioloncellesFr.jpg\",\"width\":1350,\"height\":1080},{\"@type\":\"BreadcrumbList\",\"@id\":\"https:\\\/\\\/www.mirare.fr\\\/en\\\/artists\\\/les-violoncelles-francais\\\/#breadcrumb\",\"itemListElement\":[{\"@type\":\"ListItem\",\"position\":1,\"name\":\"Home\",\"item\":\"https:\\\/\\\/www.mirare.fr\\\/en\\\/\"},{\"@type\":\"ListItem\",\"position\":2,\"name\":\"Les violoncelles Fran\u00e7ais\"}]},{\"@type\":\"WebSite\",\"@id\":\"https:\\\/\\\/www.mirare.fr\\\/en\\\/#website\",\"url\":\"https:\\\/\\\/www.mirare.fr\\\/en\\\/\",\"name\":\"Mirare\",\"description\":\"\",\"publisher\":{\"@id\":\"https:\\\/\\\/www.mirare.fr\\\/en\\\/#organization\"},\"potentialAction\":[{\"@type\":\"SearchAction\",\"target\":{\"@type\":\"EntryPoint\",\"urlTemplate\":\"https:\\\/\\\/www.mirare.fr\\\/en\\\/?s={search_term_string}\"},\"query-input\":{\"@type\":\"PropertyValueSpecification\",\"valueRequired\":true,\"valueName\":\"search_term_string\"}}],\"inLanguage\":\"en-US\"},{\"@type\":\"Organization\",\"@id\":\"https:\\\/\\\/www.mirare.fr\\\/en\\\/#organization\",\"name\":\"Mirare Productions\",\"url\":\"https:\\\/\\\/www.mirare.fr\\\/en\\\/\",\"logo\":{\"@type\":\"ImageObject\",\"inLanguage\":\"en-US\",\"@id\":\"https:\\\/\\\/www.mirare.fr\\\/en\\\/#\\\/schema\\\/logo\\\/image\\\/\",\"url\":\"https:\\\/\\\/www.mirare.fr\\\/wp-content\\\/uploads\\\/2022\\\/02\\\/mirare-logo.png\",\"contentUrl\":\"https:\\\/\\\/www.mirare.fr\\\/wp-content\\\/uploads\\\/2022\\\/02\\\/mirare-logo.png\",\"width\":1319,\"height\":253,\"caption\":\"Mirare Productions\"},\"image\":{\"@id\":\"https:\\\/\\\/www.mirare.fr\\\/en\\\/#\\\/schema\\\/logo\\\/image\\\/\"},\"sameAs\":[\"https:\\\/\\\/fr-fr.facebook.com\\\/pages\\\/category\\\/Record-Label\\\/Mirare-151247074906672\\\/\",\"https:\\\/\\\/www.instagram.com\\\/mirare_records\\\/?hl=fr\"]}]}<\/script>\n<!-- \/ Yoast SEO plugin. -->","yoast_head_json":{"title":"Les violoncelles Fran\u00e7ais - Mirare","description":"It was the desire to make music together, stimulated by perfect mutual understanding and a sense of sharing, that prompted eight leading...","robots":{"index":"index","follow":"follow","max-snippet":"max-snippet:-1","max-image-preview":"max-image-preview:large","max-video-preview":"max-video-preview:-1"},"canonical":"https:\/\/www.mirare.fr\/en\/artists\/les-violoncelles-francais\/","og_locale":"en_US","og_type":"article","og_title":"Les violoncelles Fran\u00e7ais - Mirare","og_description":"It was the desire to make music together, stimulated by perfect mutual understanding and a sense of sharing, that prompted eight leading...","og_url":"https:\/\/www.mirare.fr\/en\/artists\/les-violoncelles-francais\/","og_site_name":"Mirare","article_publisher":"https:\/\/fr-fr.facebook.com\/pages\/category\/Record-Label\/Mirare-151247074906672\/","article_modified_time":"2022-02-28T16:15:35+00:00","og_image":[{"width":1350,"height":1080,"url":"https:\/\/www.mirare.fr\/wp-content\/uploads\/2022\/01\/VioloncellesFr.jpg","type":"image\/jpeg"}],"twitter_card":"summary_large_image","twitter_misc":{"Est. reading time":"1 minute"},"schema":{"@context":"https:\/\/schema.org","@graph":[{"@type":"WebPage","@id":"https:\/\/www.mirare.fr\/en\/artists\/les-violoncelles-francais\/","url":"https:\/\/www.mirare.fr\/en\/artists\/les-violoncelles-francais\/","name":"Les violoncelles Fran\u00e7ais - Mirare","isPartOf":{"@id":"https:\/\/www.mirare.fr\/en\/#website"},"primaryImageOfPage":{"@id":"https:\/\/www.mirare.fr\/en\/artists\/les-violoncelles-francais\/#primaryimage"},"image":{"@id":"https:\/\/www.mirare.fr\/en\/artists\/les-violoncelles-francais\/#primaryimage"},"thumbnailUrl":"https:\/\/www.mirare.fr\/wp-content\/uploads\/2022\/01\/VioloncellesFr.jpg","datePublished":"2022-01-04T10:07:53+00:00","dateModified":"2022-02-28T16:15:35+00:00","description":"It was the desire to make music together, stimulated by perfect mutual understanding and a sense of sharing, that prompted eight leading...","breadcrumb":{"@id":"https:\/\/www.mirare.fr\/en\/artists\/les-violoncelles-francais\/#breadcrumb"},"inLanguage":"en-US","potentialAction":[{"@type":"ReadAction","target":["https:\/\/www.mirare.fr\/en\/artists\/les-violoncelles-francais\/"]}]},{"@type":"ImageObject","inLanguage":"en-US","@id":"https:\/\/www.mirare.fr\/en\/artists\/les-violoncelles-francais\/#primaryimage","url":"https:\/\/www.mirare.fr\/wp-content\/uploads\/2022\/01\/VioloncellesFr.jpg","contentUrl":"https:\/\/www.mirare.fr\/wp-content\/uploads\/2022\/01\/VioloncellesFr.jpg","width":1350,"height":1080},{"@type":"BreadcrumbList","@id":"https:\/\/www.mirare.fr\/en\/artists\/les-violoncelles-francais\/#breadcrumb","itemListElement":[{"@type":"ListItem","position":1,"name":"Home","item":"https:\/\/www.mirare.fr\/en\/"},{"@type":"ListItem","position":2,"name":"Les violoncelles Fran\u00e7ais"}]},{"@type":"WebSite","@id":"https:\/\/www.mirare.fr\/en\/#website","url":"https:\/\/www.mirare.fr\/en\/","name":"Mirare","description":"","publisher":{"@id":"https:\/\/www.mirare.fr\/en\/#organization"},"potentialAction":[{"@type":"SearchAction","target":{"@type":"EntryPoint","urlTemplate":"https:\/\/www.mirare.fr\/en\/?s={search_term_string}"},"query-input":{"@type":"PropertyValueSpecification","valueRequired":true,"valueName":"search_term_string"}}],"inLanguage":"en-US"},{"@type":"Organization","@id":"https:\/\/www.mirare.fr\/en\/#organization","name":"Mirare Productions","url":"https:\/\/www.mirare.fr\/en\/","logo":{"@type":"ImageObject","inLanguage":"en-US","@id":"https:\/\/www.mirare.fr\/en\/#\/schema\/logo\/image\/","url":"https:\/\/www.mirare.fr\/wp-content\/uploads\/2022\/02\/mirare-logo.png","contentUrl":"https:\/\/www.mirare.fr\/wp-content\/uploads\/2022\/02\/mirare-logo.png","width":1319,"height":253,"caption":"Mirare Productions"},"image":{"@id":"https:\/\/www.mirare.fr\/en\/#\/schema\/logo\/image\/"},"sameAs":["https:\/\/fr-fr.facebook.com\/pages\/category\/Record-Label\/Mirare-151247074906672\/","https:\/\/www.instagram.com\/mirare_records\/?hl=fr"]}]}},"_links":{"self":[{"href":"https:\/\/www.mirare.fr\/en\/wp-json\/wp\/v2\/artist\/13683","targetHints":{"allow":["GET"]}}],"collection":[{"href":"https:\/\/www.mirare.fr\/en\/wp-json\/wp\/v2\/artist"}],"about":[{"href":"https:\/\/www.mirare.fr\/en\/wp-json\/wp\/v2\/types\/artist"}],"author":[{"embeddable":true,"href":"https:\/\/www.mirare.fr\/en\/wp-json\/wp\/v2\/users\/1"}],"version-history":[{"count":1,"href":"https:\/\/www.mirare.fr\/en\/wp-json\/wp\/v2\/artist\/13683\/revisions"}],"predecessor-version":[{"id":13695,"href":"https:\/\/www.mirare.fr\/en\/wp-json\/wp\/v2\/artist\/13683\/revisions\/13695"}],"wp:featuredmedia":[{"embeddable":true,"href":"https:\/\/www.mirare.fr\/en\/wp-json\/wp\/v2\/media\/13684"}],"wp:attachment":[{"href":"https:\/\/www.mirare.fr\/en\/wp-json\/wp\/v2\/media?parent=13683"}],"curies":[{"name":"wp","href":"https:\/\/api.w.org\/{rel}","templated":true}]}}

Les violoncelles Français

<p>It was the desire to make music together, stimulated by perfect mutual understanding and a sense of sharing, that prompted eight leading figures of the French school of cello-playing (Emmanuelle Bertrand, Éric-Maria Couturier, Emmanuel Gaugué, Xavier Phillips, Raphaël Pidoux, Roland Pidoux, Nadine Pierre, and François Salque) to launch this project. Performing as a ‘consort’ in homage to the polyphonic music of the viols of an earlier period, they play a selection of entirely new transcriptions of pieces taken from the mainstream repertoire, from Monteverdi to Wagner, and magnified by the transcriber Roland Pidoux. The exploitation of the full four-octave range makes it possible to take emotional and technical risks. With their supreme richness of timbres and the power and nobility of their sound, they prove without fear of contradiction that the potential of the cello is quite incredible. Right from their first concerts at Les Folles Journées in 2006, they were acclaimed by public and critics alike. Since then they have appeared at numerous festivals, including Fontevraud, Beauvais, Auvers- sur-Oise, Reims, Bourg-Madame, Castres, La Vézère, and the Amsterdam Biennale. This is their first recording.</p>

<p>It was the desire to make music together, stimulated by perfect mutual understanding and a sense of sharing, that prompted eight leading figures of the French school of cello-playing (Emmanuelle Bertrand, Éric-Maria Couturier, Emmanuel Gaugué, Xavier Phillips, Raphaël Pidoux, Roland Pidoux, Nadine Pierre, and François Salque) to launch this project. Performing as a ‘consort’ in [&hellip;]</p>

<!-- This site is optimized with the Yoast SEO plugin v27.5 - https://yoast.com/product/yoast-seo-wordpress/ -->
<title>Les violoncelles Français - Mirare</title>
<meta name="description" content="It was the desire to make music together, stimulated by perfect mutual understanding and a sense of sharing, that prompted eight leading..." />
<meta name="robots" content="index, follow, max-snippet:-1, max-image-preview:large, max-video-preview:-1" />
<link rel="canonical" href="https://www.mirare.fr/en/artists/les-violoncelles-francais/" />
<meta property="og:locale" content="en_US" />
<meta property="og:type" content="article" />
<meta property="og:title" content="Les violoncelles Français - Mirare" />
<meta property="og:description" content="It was the desire to make music together, stimulated by perfect mutual understanding and a sense of sharing, that prompted eight leading..." />
<meta property="og:url" content="https://www.mirare.fr/en/artists/les-violoncelles-francais/" />
<meta property="og:site_name" content="Mirare" />
<meta property="article:publisher" content="https://fr-fr.facebook.com/pages/category/Record-Label/Mirare-151247074906672/" />
<meta property="article:modified_time" content="2022-02-28T16:15:35+00:00" />
<meta property="og:image" content="https://www.mirare.fr/wp-content/uploads/2022/01/VioloncellesFr.jpg" />
	<meta property="og:image:width" content="1350" />
	<meta property="og:image:height" content="1080" />
	<meta property="og:image:type" content="image/jpeg" />
<meta name="twitter:card" content="summary_large_image" />
<meta name="twitter:label1" content="Est. reading time" />
	<meta name="twitter:data1" content="1 minute" />
<script type="application/ld+json" class="yoast-schema-graph">{"@context":"https:\/\/schema.org","@graph":[{"@type":"WebPage","@id":"https:\/\/www.mirare.fr\/en\/artists\/les-violoncelles-francais\/","url":"https:\/\/www.mirare.fr\/en\/artists\/les-violoncelles-francais\/","name":"Les violoncelles Français - Mirare","isPartOf":{"@id":"https:\/\/www.mirare.fr\/en\/#website"},"primaryImageOfPage":{"@id":"https:\/\/www.mirare.fr\/en\/artists\/les-violoncelles-francais\/#primaryimage"},"image":{"@id":"https:\/\/www.mirare.fr\/en\/artists\/les-violoncelles-francais\/#primaryimage"},"thumbnailUrl":"https:\/\/www.mirare.fr\/wp-content\/uploads\/2022\/01\/VioloncellesFr.jpg","datePublished":"2022-01-04T10:07:53+00:00","dateModified":"2022-02-28T16:15:35+00:00","description":"It was the desire to make music together, stimulated by perfect mutual understanding and a sense of sharing, that prompted eight leading...","breadcrumb":{"@id":"https:\/\/www.mirare.fr\/en\/artists\/les-violoncelles-francais\/#breadcrumb"},"inLanguage":"en-US","potentialAction":[{"@type":"ReadAction","target":["https:\/\/www.mirare.fr\/en\/artists\/les-violoncelles-francais\/"]}]},{"@type":"ImageObject","inLanguage":"en-US","@id":"https:\/\/www.mirare.fr\/en\/artists\/les-violoncelles-francais\/#primaryimage","url":"https:\/\/www.mirare.fr\/wp-content\/uploads\/2022\/01\/VioloncellesFr.jpg","contentUrl":"https:\/\/www.mirare.fr\/wp-content\/uploads\/2022\/01\/VioloncellesFr.jpg","width":1350,"height":1080},{"@type":"BreadcrumbList","@id":"https:\/\/www.mirare.fr\/en\/artists\/les-violoncelles-francais\/#breadcrumb","itemListElement":[{"@type":"ListItem","position":1,"name":"Home","item":"https:\/\/www.mirare.fr\/en\/"},{"@type":"ListItem","position":2,"name":"Les violoncelles Français"}]},{"@type":"WebSite","@id":"https:\/\/www.mirare.fr\/en\/#website","url":"https:\/\/www.mirare.fr\/en\/","name":"Mirare","description":"","publisher":{"@id":"https:\/\/www.mirare.fr\/en\/#organization"},"potentialAction":[{"@type":"SearchAction","target":{"@type":"EntryPoint","urlTemplate":"https:\/\/www.mirare.fr\/en\/?s={search_term_string}"},"query-input":{"@type":"PropertyValueSpecification","valueRequired":true,"valueName":"search_term_string"}}],"inLanguage":"en-US"},{"@type":"Organization","@id":"https:\/\/www.mirare.fr\/en\/#organization","name":"Mirare Productions","url":"https:\/\/www.mirare.fr\/en\/","logo":{"@type":"ImageObject","inLanguage":"en-US","@id":"https:\/\/www.mirare.fr\/en\/#\/schema\/logo\/image\/","url":"https:\/\/www.mirare.fr\/wp-content\/uploads\/2022\/02\/mirare-logo.png","contentUrl":"https:\/\/www.mirare.fr\/wp-content\/uploads\/2022\/02\/mirare-logo.png","width":1319,"height":253,"caption":"Mirare Productions"},"image":{"@id":"https:\/\/www.mirare.fr\/en\/#\/schema\/logo\/image\/"},"sameAs":["https:\/\/fr-fr.facebook.com\/pages\/category\/Record-Label\/Mirare-151247074906672\/","https:\/\/www.instagram.com\/mirare_records\/?hl=fr"]}]}</script>
<!-- / Yoast SEO plugin. -->

Les violoncelles Français - Mirare
