{"id":13609,"date":"2022-01-04T11:07:47","date_gmt":"2022-01-04T10:07:47","guid":{"rendered":"https:\/\/www.mirare.fr\/artistes\/iddo-bar-shai\/"},"modified":"2022-02-28T17:00:35","modified_gmt":"2022-02-28T16:00:35","slug":"iddo-bar-shai","status":"publish","type":"artist","link":"https:\/\/www.mirare.fr\/en\/artists\/iddo-bar-shai\/","title":{"rendered":"Iddo Bar-Sha\u00ef"},"content":{"rendered":"<p>&#8220;Born in Nazareth Illit in 1977, the Israeli pianist Iddo Bar-Shai studied with Pnina Salzman at the Rubin Academy of Music at Tel Aviv University. He also received guidance from Alexis Weissenberg.<\/p>\n<p>He attracted attention from a very early age, and from the age of eleven he received scholarships from the America-Israel Cultural Foundation. Since then, his career has taken on an international dimension. He has performed in many European countries, Israel, the United States, Brazil, Japan, and China, in such important venues as the Wigmore Hall in London, the Mann Auditorium in Tel Aviv, the Th\u00e9\u00e2tre des Champs-\u00c9lys\u00e9es in Paris, Tokyo Opera City Hall, and the Beijing Zhongshan Concert Hall.<\/p>\n<p>Iddo Bar-Shai has played with major orchestras in Europe and Israel, notably the English Chamber Orchestra, the Israel Philharmonic, the Jerusalem Symphony Orchestra-IBA, and the Ensemble Orchestral de Paris, under the baton of such conductors as Lawrence Foster, Aldo Ceccato and Jes\u00fas Lopez Cobos.<\/p>\n<p>His concert appearances have included such festivals as the International Piano Festival of La Roque d\u2019Anth\u00e9ron, La Folle Journ\u00e9e, Verbier, Ravinia, La Grange de Meslay, and the Festival de Radio France-Montpellier.<\/p>\n<p>His Haydn disc, released on Mirare in 2006, was widely acclaimed by the press (Diapason, Le Monde de la Musique, Piano International etc.). December 2008 saw the release of his recording of Chopin mazurkas on the same label. This too received unanimous praise around the world, with the highest possible ratings from such prestigious newspapers and magazines as Le Figaro and Fono Forum.<\/p>\n<p>I would like to dedicate this recording, with great admiration, to the memory of Alexis Weissenberg (1929-2012).&#8221;<\/p>\n","protected":false},"excerpt":{"rendered":"<p>&#8220;Born in Nazareth Illit in 1977, the Israeli pianist Iddo Bar-Shai studied with Pnina Salzman at the Rubin Academy of Music at Tel Aviv University. He also received guidance from Alexis Weissenberg. He attracted attention from a very early age, and from the age of eleven he received scholarships from the America-Israel Cultural Foundation. Since [&hellip;]<\/p>\n","protected":false},"author":1,"featured_media":13610,"template":"","class_list":["post-13609","artist","type-artist","status-publish","has-post-thumbnail","hentry"],"acf":[],"yoast_head":"<!-- This site is optimized with the Yoast SEO plugin v27.5 - https:\/\/yoast.com\/product\/yoast-seo-wordpress\/ -->\n<title>Iddo Bar-Sha\u00ef - Mirare<\/title>\n<meta name=\"description\" content=\"&quot;Born in Nazareth Illit in 1977, the Israeli pianist Iddo Bar-Shai studied with Pnina Salzman at the Rubin Academy of Music at Tel Aviv...\" \/>\n<meta name=\"robots\" content=\"index, follow, max-snippet:-1, max-image-preview:large, max-video-preview:-1\" \/>\n<link rel=\"canonical\" href=\"https:\/\/www.mirare.fr\/en\/artists\/iddo-bar-shai\/\" \/>\n<meta property=\"og:locale\" content=\"en_US\" \/>\n<meta property=\"og:type\" content=\"article\" \/>\n<meta property=\"og:title\" content=\"Iddo Bar-Sha\u00ef - Mirare\" \/>\n<meta property=\"og:description\" content=\"&quot;Born in Nazareth Illit in 1977, the Israeli pianist Iddo Bar-Shai studied with Pnina Salzman at the Rubin Academy of Music at Tel Aviv...\" \/>\n<meta property=\"og:url\" content=\"https:\/\/www.mirare.fr\/en\/artists\/iddo-bar-shai\/\" \/>\n<meta property=\"og:site_name\" content=\"Mirare\" \/>\n<meta property=\"article:publisher\" content=\"https:\/\/fr-fr.facebook.com\/pages\/category\/Record-Label\/Mirare-151247074906672\/\" \/>\n<meta property=\"article:modified_time\" content=\"2022-02-28T16:00:35+00:00\" \/>\n<meta property=\"og:image\" content=\"https:\/\/www.mirare.fr\/wp-content\/uploads\/2022\/01\/20110202-follesjournees-04498-2Francois-Sechet.jpg\" \/>\n\t<meta property=\"og:image:width\" content=\"1350\" \/>\n\t<meta property=\"og:image:height\" content=\"1080\" \/>\n\t<meta property=\"og:image:type\" content=\"image\/jpeg\" \/>\n<meta name=\"twitter:card\" content=\"summary_large_image\" \/>\n<meta name=\"twitter:label1\" content=\"Est. reading time\" \/>\n\t<meta name=\"twitter:data1\" content=\"1 minute\" \/>\n<script type=\"application\/ld+json\" class=\"yoast-schema-graph\">{\"@context\":\"https:\\\/\\\/schema.org\",\"@graph\":[{\"@type\":\"WebPage\",\"@id\":\"https:\\\/\\\/www.mirare.fr\\\/en\\\/artists\\\/iddo-bar-shai\\\/\",\"url\":\"https:\\\/\\\/www.mirare.fr\\\/en\\\/artists\\\/iddo-bar-shai\\\/\",\"name\":\"Iddo Bar-Sha\u00ef - Mirare\",\"isPartOf\":{\"@id\":\"https:\\\/\\\/www.mirare.fr\\\/en\\\/#website\"},\"primaryImageOfPage\":{\"@id\":\"https:\\\/\\\/www.mirare.fr\\\/en\\\/artists\\\/iddo-bar-shai\\\/#primaryimage\"},\"image\":{\"@id\":\"https:\\\/\\\/www.mirare.fr\\\/en\\\/artists\\\/iddo-bar-shai\\\/#primaryimage\"},\"thumbnailUrl\":\"https:\\\/\\\/www.mirare.fr\\\/wp-content\\\/uploads\\\/2022\\\/01\\\/20110202-follesjournees-04498-2Francois-Sechet.jpg\",\"datePublished\":\"2022-01-04T10:07:47+00:00\",\"dateModified\":\"2022-02-28T16:00:35+00:00\",\"description\":\"\\\"Born in Nazareth Illit in 1977, the Israeli pianist Iddo Bar-Shai studied with Pnina Salzman at the Rubin Academy of Music at Tel Aviv...\",\"breadcrumb\":{\"@id\":\"https:\\\/\\\/www.mirare.fr\\\/en\\\/artists\\\/iddo-bar-shai\\\/#breadcrumb\"},\"inLanguage\":\"en-US\",\"potentialAction\":[{\"@type\":\"ReadAction\",\"target\":[\"https:\\\/\\\/www.mirare.fr\\\/en\\\/artists\\\/iddo-bar-shai\\\/\"]}]},{\"@type\":\"ImageObject\",\"inLanguage\":\"en-US\",\"@id\":\"https:\\\/\\\/www.mirare.fr\\\/en\\\/artists\\\/iddo-bar-shai\\\/#primaryimage\",\"url\":\"https:\\\/\\\/www.mirare.fr\\\/wp-content\\\/uploads\\\/2022\\\/01\\\/20110202-follesjournees-04498-2Francois-Sechet.jpg\",\"contentUrl\":\"https:\\\/\\\/www.mirare.fr\\\/wp-content\\\/uploads\\\/2022\\\/01\\\/20110202-follesjournees-04498-2Francois-Sechet.jpg\",\"width\":1350,\"height\":1080},{\"@type\":\"BreadcrumbList\",\"@id\":\"https:\\\/\\\/www.mirare.fr\\\/en\\\/artists\\\/iddo-bar-shai\\\/#breadcrumb\",\"itemListElement\":[{\"@type\":\"ListItem\",\"position\":1,\"name\":\"Home\",\"item\":\"https:\\\/\\\/www.mirare.fr\\\/en\\\/\"},{\"@type\":\"ListItem\",\"position\":2,\"name\":\"Iddo Bar-Sha\u00ef\"}]},{\"@type\":\"WebSite\",\"@id\":\"https:\\\/\\\/www.mirare.fr\\\/en\\\/#website\",\"url\":\"https:\\\/\\\/www.mirare.fr\\\/en\\\/\",\"name\":\"Mirare\",\"description\":\"\",\"publisher\":{\"@id\":\"https:\\\/\\\/www.mirare.fr\\\/en\\\/#organization\"},\"potentialAction\":[{\"@type\":\"SearchAction\",\"target\":{\"@type\":\"EntryPoint\",\"urlTemplate\":\"https:\\\/\\\/www.mirare.fr\\\/en\\\/?s={search_term_string}\"},\"query-input\":{\"@type\":\"PropertyValueSpecification\",\"valueRequired\":true,\"valueName\":\"search_term_string\"}}],\"inLanguage\":\"en-US\"},{\"@type\":\"Organization\",\"@id\":\"https:\\\/\\\/www.mirare.fr\\\/en\\\/#organization\",\"name\":\"Mirare Productions\",\"url\":\"https:\\\/\\\/www.mirare.fr\\\/en\\\/\",\"logo\":{\"@type\":\"ImageObject\",\"inLanguage\":\"en-US\",\"@id\":\"https:\\\/\\\/www.mirare.fr\\\/en\\\/#\\\/schema\\\/logo\\\/image\\\/\",\"url\":\"https:\\\/\\\/www.mirare.fr\\\/wp-content\\\/uploads\\\/2022\\\/02\\\/mirare-logo.png\",\"contentUrl\":\"https:\\\/\\\/www.mirare.fr\\\/wp-content\\\/uploads\\\/2022\\\/02\\\/mirare-logo.png\",\"width\":1319,\"height\":253,\"caption\":\"Mirare Productions\"},\"image\":{\"@id\":\"https:\\\/\\\/www.mirare.fr\\\/en\\\/#\\\/schema\\\/logo\\\/image\\\/\"},\"sameAs\":[\"https:\\\/\\\/fr-fr.facebook.com\\\/pages\\\/category\\\/Record-Label\\\/Mirare-151247074906672\\\/\",\"https:\\\/\\\/www.instagram.com\\\/mirare_records\\\/?hl=fr\"]}]}<\/script>\n<!-- \/ Yoast SEO plugin. -->","yoast_head_json":{"title":"Iddo Bar-Sha\u00ef - Mirare","description":"\"Born in Nazareth Illit in 1977, the Israeli pianist Iddo Bar-Shai studied with Pnina Salzman at the Rubin Academy of Music at Tel Aviv...","robots":{"index":"index","follow":"follow","max-snippet":"max-snippet:-1","max-image-preview":"max-image-preview:large","max-video-preview":"max-video-preview:-1"},"canonical":"https:\/\/www.mirare.fr\/en\/artists\/iddo-bar-shai\/","og_locale":"en_US","og_type":"article","og_title":"Iddo Bar-Sha\u00ef - Mirare","og_description":"\"Born in Nazareth Illit in 1977, the Israeli pianist Iddo Bar-Shai studied with Pnina Salzman at the Rubin Academy of Music at Tel Aviv...","og_url":"https:\/\/www.mirare.fr\/en\/artists\/iddo-bar-shai\/","og_site_name":"Mirare","article_publisher":"https:\/\/fr-fr.facebook.com\/pages\/category\/Record-Label\/Mirare-151247074906672\/","article_modified_time":"2022-02-28T16:00:35+00:00","og_image":[{"width":1350,"height":1080,"url":"https:\/\/www.mirare.fr\/wp-content\/uploads\/2022\/01\/20110202-follesjournees-04498-2Francois-Sechet.jpg","type":"image\/jpeg"}],"twitter_card":"summary_large_image","twitter_misc":{"Est. reading time":"1 minute"},"schema":{"@context":"https:\/\/schema.org","@graph":[{"@type":"WebPage","@id":"https:\/\/www.mirare.fr\/en\/artists\/iddo-bar-shai\/","url":"https:\/\/www.mirare.fr\/en\/artists\/iddo-bar-shai\/","name":"Iddo Bar-Sha\u00ef - Mirare","isPartOf":{"@id":"https:\/\/www.mirare.fr\/en\/#website"},"primaryImageOfPage":{"@id":"https:\/\/www.mirare.fr\/en\/artists\/iddo-bar-shai\/#primaryimage"},"image":{"@id":"https:\/\/www.mirare.fr\/en\/artists\/iddo-bar-shai\/#primaryimage"},"thumbnailUrl":"https:\/\/www.mirare.fr\/wp-content\/uploads\/2022\/01\/20110202-follesjournees-04498-2Francois-Sechet.jpg","datePublished":"2022-01-04T10:07:47+00:00","dateModified":"2022-02-28T16:00:35+00:00","description":"\"Born in Nazareth Illit in 1977, the Israeli pianist Iddo Bar-Shai studied with Pnina Salzman at the Rubin Academy of Music at Tel Aviv...","breadcrumb":{"@id":"https:\/\/www.mirare.fr\/en\/artists\/iddo-bar-shai\/#breadcrumb"},"inLanguage":"en-US","potentialAction":[{"@type":"ReadAction","target":["https:\/\/www.mirare.fr\/en\/artists\/iddo-bar-shai\/"]}]},{"@type":"ImageObject","inLanguage":"en-US","@id":"https:\/\/www.mirare.fr\/en\/artists\/iddo-bar-shai\/#primaryimage","url":"https:\/\/www.mirare.fr\/wp-content\/uploads\/2022\/01\/20110202-follesjournees-04498-2Francois-Sechet.jpg","contentUrl":"https:\/\/www.mirare.fr\/wp-content\/uploads\/2022\/01\/20110202-follesjournees-04498-2Francois-Sechet.jpg","width":1350,"height":1080},{"@type":"BreadcrumbList","@id":"https:\/\/www.mirare.fr\/en\/artists\/iddo-bar-shai\/#breadcrumb","itemListElement":[{"@type":"ListItem","position":1,"name":"Home","item":"https:\/\/www.mirare.fr\/en\/"},{"@type":"ListItem","position":2,"name":"Iddo Bar-Sha\u00ef"}]},{"@type":"WebSite","@id":"https:\/\/www.mirare.fr\/en\/#website","url":"https:\/\/www.mirare.fr\/en\/","name":"Mirare","description":"","publisher":{"@id":"https:\/\/www.mirare.fr\/en\/#organization"},"potentialAction":[{"@type":"SearchAction","target":{"@type":"EntryPoint","urlTemplate":"https:\/\/www.mirare.fr\/en\/?s={search_term_string}"},"query-input":{"@type":"PropertyValueSpecification","valueRequired":true,"valueName":"search_term_string"}}],"inLanguage":"en-US"},{"@type":"Organization","@id":"https:\/\/www.mirare.fr\/en\/#organization","name":"Mirare Productions","url":"https:\/\/www.mirare.fr\/en\/","logo":{"@type":"ImageObject","inLanguage":"en-US","@id":"https:\/\/www.mirare.fr\/en\/#\/schema\/logo\/image\/","url":"https:\/\/www.mirare.fr\/wp-content\/uploads\/2022\/02\/mirare-logo.png","contentUrl":"https:\/\/www.mirare.fr\/wp-content\/uploads\/2022\/02\/mirare-logo.png","width":1319,"height":253,"caption":"Mirare Productions"},"image":{"@id":"https:\/\/www.mirare.fr\/en\/#\/schema\/logo\/image\/"},"sameAs":["https:\/\/fr-fr.facebook.com\/pages\/category\/Record-Label\/Mirare-151247074906672\/","https:\/\/www.instagram.com\/mirare_records\/?hl=fr"]}]}},"_links":{"self":[{"href":"https:\/\/www.mirare.fr\/en\/wp-json\/wp\/v2\/artist\/13609","targetHints":{"allow":["GET"]}}],"collection":[{"href":"https:\/\/www.mirare.fr\/en\/wp-json\/wp\/v2\/artist"}],"about":[{"href":"https:\/\/www.mirare.fr\/en\/wp-json\/wp\/v2\/types\/artist"}],"author":[{"embeddable":true,"href":"https:\/\/www.mirare.fr\/en\/wp-json\/wp\/v2\/users\/1"}],"version-history":[{"count":1,"href":"https:\/\/www.mirare.fr\/en\/wp-json\/wp\/v2\/artist\/13609\/revisions"}],"predecessor-version":[{"id":13629,"href":"https:\/\/www.mirare.fr\/en\/wp-json\/wp\/v2\/artist\/13609\/revisions\/13629"}],"wp:featuredmedia":[{"embeddable":true,"href":"https:\/\/www.mirare.fr\/en\/wp-json\/wp\/v2\/media\/13610"}],"wp:attachment":[{"href":"https:\/\/www.mirare.fr\/en\/wp-json\/wp\/v2\/media?parent=13609"}],"curies":[{"name":"wp","href":"https:\/\/api.w.org\/{rel}","templated":true}]}}

Iddo Bar-Shaï

<p>&#8220;Born in Nazareth Illit in 1977, the Israeli pianist Iddo Bar-Shai studied with Pnina Salzman at the Rubin Academy of Music at Tel Aviv University. He also received guidance from Alexis Weissenberg.</p>
<p>He attracted attention from a very early age, and from the age of eleven he received scholarships from the America-Israel Cultural Foundation. Since then, his career has taken on an international dimension. He has performed in many European countries, Israel, the United States, Brazil, Japan, and China, in such important venues as the Wigmore Hall in London, the Mann Auditorium in Tel Aviv, the Théâtre des Champs-Élysées in Paris, Tokyo Opera City Hall, and the Beijing Zhongshan Concert Hall.</p>
<p>Iddo Bar-Shai has played with major orchestras in Europe and Israel, notably the English Chamber Orchestra, the Israel Philharmonic, the Jerusalem Symphony Orchestra-IBA, and the Ensemble Orchestral de Paris, under the baton of such conductors as Lawrence Foster, Aldo Ceccato and Jesús Lopez Cobos.</p>
<p>His concert appearances have included such festivals as the International Piano Festival of La Roque d’Anthéron, La Folle Journée, Verbier, Ravinia, La Grange de Meslay, and the Festival de Radio France-Montpellier.</p>
<p>His Haydn disc, released on Mirare in 2006, was widely acclaimed by the press (Diapason, Le Monde de la Musique, Piano International etc.). December 2008 saw the release of his recording of Chopin mazurkas on the same label. This too received unanimous praise around the world, with the highest possible ratings from such prestigious newspapers and magazines as Le Figaro and Fono Forum.</p>
<p>I would like to dedicate this recording, with great admiration, to the memory of Alexis Weissenberg (1929-2012).&#8221;</p>

<!-- This site is optimized with the Yoast SEO plugin v27.5 - https://yoast.com/product/yoast-seo-wordpress/ -->
<title>Iddo Bar-Shaï - Mirare</title>
<meta name="description" content="&quot;Born in Nazareth Illit in 1977, the Israeli pianist Iddo Bar-Shai studied with Pnina Salzman at the Rubin Academy of Music at Tel Aviv..." />
<meta name="robots" content="index, follow, max-snippet:-1, max-image-preview:large, max-video-preview:-1" />
<link rel="canonical" href="https://www.mirare.fr/en/artists/iddo-bar-shai/" />
<meta property="og:locale" content="en_US" />
<meta property="og:type" content="article" />
<meta property="og:title" content="Iddo Bar-Shaï - Mirare" />
<meta property="og:description" content="&quot;Born in Nazareth Illit in 1977, the Israeli pianist Iddo Bar-Shai studied with Pnina Salzman at the Rubin Academy of Music at Tel Aviv..." />
<meta property="og:url" content="https://www.mirare.fr/en/artists/iddo-bar-shai/" />
<meta property="og:site_name" content="Mirare" />
<meta property="article:publisher" content="https://fr-fr.facebook.com/pages/category/Record-Label/Mirare-151247074906672/" />
<meta property="article:modified_time" content="2022-02-28T16:00:35+00:00" />
<meta property="og:image" content="https://www.mirare.fr/wp-content/uploads/2022/01/20110202-follesjournees-04498-2Francois-Sechet.jpg" />
	<meta property="og:image:width" content="1350" />
	<meta property="og:image:height" content="1080" />
	<meta property="og:image:type" content="image/jpeg" />
<meta name="twitter:card" content="summary_large_image" />
<meta name="twitter:label1" content="Est. reading time" />
	<meta name="twitter:data1" content="1 minute" />
<script type="application/ld+json" class="yoast-schema-graph">{"@context":"https:\/\/schema.org","@graph":[{"@type":"WebPage","@id":"https:\/\/www.mirare.fr\/en\/artists\/iddo-bar-shai\/","url":"https:\/\/www.mirare.fr\/en\/artists\/iddo-bar-shai\/","name":"Iddo Bar-Shaï - Mirare","isPartOf":{"@id":"https:\/\/www.mirare.fr\/en\/#website"},"primaryImageOfPage":{"@id":"https:\/\/www.mirare.fr\/en\/artists\/iddo-bar-shai\/#primaryimage"},"image":{"@id":"https:\/\/www.mirare.fr\/en\/artists\/iddo-bar-shai\/#primaryimage"},"thumbnailUrl":"https:\/\/www.mirare.fr\/wp-content\/uploads\/2022\/01\/20110202-follesjournees-04498-2Francois-Sechet.jpg","datePublished":"2022-01-04T10:07:47+00:00","dateModified":"2022-02-28T16:00:35+00:00","description":"\"Born in Nazareth Illit in 1977, the Israeli pianist Iddo Bar-Shai studied with Pnina Salzman at the Rubin Academy of Music at Tel Aviv...","breadcrumb":{"@id":"https:\/\/www.mirare.fr\/en\/artists\/iddo-bar-shai\/#breadcrumb"},"inLanguage":"en-US","potentialAction":[{"@type":"ReadAction","target":["https:\/\/www.mirare.fr\/en\/artists\/iddo-bar-shai\/"]}]},{"@type":"ImageObject","inLanguage":"en-US","@id":"https:\/\/www.mirare.fr\/en\/artists\/iddo-bar-shai\/#primaryimage","url":"https:\/\/www.mirare.fr\/wp-content\/uploads\/2022\/01\/20110202-follesjournees-04498-2Francois-Sechet.jpg","contentUrl":"https:\/\/www.mirare.fr\/wp-content\/uploads\/2022\/01\/20110202-follesjournees-04498-2Francois-Sechet.jpg","width":1350,"height":1080},{"@type":"BreadcrumbList","@id":"https:\/\/www.mirare.fr\/en\/artists\/iddo-bar-shai\/#breadcrumb","itemListElement":[{"@type":"ListItem","position":1,"name":"Home","item":"https:\/\/www.mirare.fr\/en\/"},{"@type":"ListItem","position":2,"name":"Iddo Bar-Shaï"}]},{"@type":"WebSite","@id":"https:\/\/www.mirare.fr\/en\/#website","url":"https:\/\/www.mirare.fr\/en\/","name":"Mirare","description":"","publisher":{"@id":"https:\/\/www.mirare.fr\/en\/#organization"},"potentialAction":[{"@type":"SearchAction","target":{"@type":"EntryPoint","urlTemplate":"https:\/\/www.mirare.fr\/en\/?s={search_term_string}"},"query-input":{"@type":"PropertyValueSpecification","valueRequired":true,"valueName":"search_term_string"}}],"inLanguage":"en-US"},{"@type":"Organization","@id":"https:\/\/www.mirare.fr\/en\/#organization","name":"Mirare Productions","url":"https:\/\/www.mirare.fr\/en\/","logo":{"@type":"ImageObject","inLanguage":"en-US","@id":"https:\/\/www.mirare.fr\/en\/#\/schema\/logo\/image\/","url":"https:\/\/www.mirare.fr\/wp-content\/uploads\/2022\/02\/mirare-logo.png","contentUrl":"https:\/\/www.mirare.fr\/wp-content\/uploads\/2022\/02\/mirare-logo.png","width":1319,"height":253,"caption":"Mirare Productions"},"image":{"@id":"https:\/\/www.mirare.fr\/en\/#\/schema\/logo\/image\/"},"sameAs":["https:\/\/fr-fr.facebook.com\/pages\/category\/Record-Label\/Mirare-151247074906672\/","https:\/\/www.instagram.com\/mirare_records\/?hl=fr"]}]}</script>
<!-- / Yoast SEO plugin. -->

Iddo Bar-Shaï - Mirare
