{"id":13573,"date":"2022-01-04T11:07:41","date_gmt":"2022-01-04T10:07:41","guid":{"rendered":"https:\/\/www.mirare.fr\/artistes\/ensemble-vocal-lausanne\/"},"modified":"2022-02-28T16:51:11","modified_gmt":"2022-02-28T15:51:11","slug":"ensemble-vocal-lausanne","status":"publish","type":"artist","link":"https:\/\/www.mirare.fr\/en\/artists\/ensemble-vocal-lausanne\/","title":{"rendered":"Ensemble Vocal Lausanne"},"content":{"rendered":"<p>Founded by Michel Corboz in 1961, the Ensemble Vocal de Lausanne is made up of vocal and musical personalities selected by its conductors. The Ensemble consists of a core of young professionals which can be supplemented by other choral singers of a high standard and young singing students, according to the nature of the work being performed. It tackles an extremely wide repertory that covers the history of music from the early Baroque (Monteverdi, Carissimi) to the twenty-first century (Poulenc, Honegger, Frank Martin, Schnittke, etc.).<\/p>\n<p>The EVL is a regular and enthusiastically acclaimed guest in Switzerland and abroad. It performs at La Folle Journ\u00e9e in the Pays de la Loire, Nantes, Bilbao and Tokyo, and in many Swiss and foreign festivals and concert seasons. In addition to its guest appearances with the Orchestre de la Suisse Romande and the Orchestre de Chambre de Lausanne, it collaborates with the Sinfonietta de Lausanne, the Quatuor Sine Nomine, Les Cornets Noirs, the Mahler Chamber Orchestra and Sinfonia Varsovia.<\/p>\n<p>Its discography, released on the Erato, Cascavelle, Aria Music, Avex and Mirare labels, has earned it a worldwide reputation. Some thirty of these recordings have won awards, among them the Mozart Requiem which received a \u2018Choc du Monde de la Musique\u2019 in 1999, the Faur\u00e9 Requiem (\u2018Choc\u2019 of the year 2007 in Le Monde de la Musique) and the Gounod Requiem (\u2018Choc\u2019 Classica 2011).<\/p>\n<p>The Ensemble Vocal de Lausanne receives support from the \u00c9tat de Vaud, the Ville de Lausanne, the Loterie Romande, the Fondation Leenaards, the Fondation Marcel Regamey, the Fondation Fern Moffat, the Fondation Sandoz, the Soci\u00e9t\u00e9 Acad\u00e9mique Vaudoise, fondation Pittet and the Association des Amis de l\u2019EVL.<\/p>\n","protected":false},"excerpt":{"rendered":"<p>Founded by Michel Corboz in 1961, the Ensemble Vocal de Lausanne is made up of vocal and musical personalities selected by its conductors. The Ensemble consists of a core of young professionals which can be supplemented by other choral singers of a high standard and young singing students, according to the nature of the work [&hellip;]<\/p>\n","protected":false},"author":1,"featured_media":13574,"template":"","class_list":["post-13573","artist","type-artist","status-publish","has-post-thumbnail","hentry"],"acf":[],"yoast_head":"<!-- This site is optimized with the Yoast SEO plugin v27.5 - https:\/\/yoast.com\/product\/yoast-seo-wordpress\/ -->\n<title>Ensemble Vocal Lausanne - Mirare<\/title>\n<meta name=\"description\" content=\"Founded by Michel Corboz in 1961, the Ensemble Vocal de Lausanne is made up of vocal and musical personalities selected by its conductors.\" \/>\n<meta name=\"robots\" content=\"index, follow, max-snippet:-1, max-image-preview:large, max-video-preview:-1\" \/>\n<link rel=\"canonical\" href=\"https:\/\/www.mirare.fr\/en\/artists\/ensemble-vocal-lausanne\/\" \/>\n<meta property=\"og:locale\" content=\"en_US\" \/>\n<meta property=\"og:type\" content=\"article\" \/>\n<meta property=\"og:title\" content=\"Ensemble Vocal Lausanne - Mirare\" \/>\n<meta property=\"og:description\" content=\"Founded by Michel Corboz in 1961, the Ensemble Vocal de Lausanne is made up of vocal and musical personalities selected by its conductors.\" \/>\n<meta property=\"og:url\" content=\"https:\/\/www.mirare.fr\/en\/artists\/ensemble-vocal-lausanne\/\" \/>\n<meta property=\"og:site_name\" content=\"Mirare\" \/>\n<meta property=\"article:publisher\" content=\"https:\/\/fr-fr.facebook.com\/pages\/category\/Record-Label\/Mirare-151247074906672\/\" \/>\n<meta property=\"article:modified_time\" content=\"2022-02-28T15:51:11+00:00\" \/>\n<meta property=\"og:image\" content=\"https:\/\/www.mirare.fr\/wp-content\/uploads\/2021\/08\/img_2061.jpg\" \/>\n\t<meta property=\"og:image:width\" content=\"2000\" \/>\n\t<meta property=\"og:image:height\" content=\"1123\" \/>\n\t<meta property=\"og:image:type\" content=\"image\/jpeg\" \/>\n<meta name=\"twitter:card\" content=\"summary_large_image\" \/>\n<meta name=\"twitter:label1\" content=\"Est. reading time\" \/>\n\t<meta name=\"twitter:data1\" content=\"1 minute\" \/>\n<script type=\"application\/ld+json\" class=\"yoast-schema-graph\">{\"@context\":\"https:\\\/\\\/schema.org\",\"@graph\":[{\"@type\":\"WebPage\",\"@id\":\"https:\\\/\\\/www.mirare.fr\\\/en\\\/artists\\\/ensemble-vocal-lausanne\\\/\",\"url\":\"https:\\\/\\\/www.mirare.fr\\\/en\\\/artists\\\/ensemble-vocal-lausanne\\\/\",\"name\":\"Ensemble Vocal Lausanne - Mirare\",\"isPartOf\":{\"@id\":\"https:\\\/\\\/www.mirare.fr\\\/en\\\/#website\"},\"primaryImageOfPage\":{\"@id\":\"https:\\\/\\\/www.mirare.fr\\\/en\\\/artists\\\/ensemble-vocal-lausanne\\\/#primaryimage\"},\"image\":{\"@id\":\"https:\\\/\\\/www.mirare.fr\\\/en\\\/artists\\\/ensemble-vocal-lausanne\\\/#primaryimage\"},\"thumbnailUrl\":\"https:\\\/\\\/www.mirare.fr\\\/wp-content\\\/uploads\\\/2021\\\/08\\\/img_2061.jpg\",\"datePublished\":\"2022-01-04T10:07:41+00:00\",\"dateModified\":\"2022-02-28T15:51:11+00:00\",\"description\":\"Founded by Michel Corboz in 1961, the Ensemble Vocal de Lausanne is made up of vocal and musical personalities selected by its conductors.\",\"breadcrumb\":{\"@id\":\"https:\\\/\\\/www.mirare.fr\\\/en\\\/artists\\\/ensemble-vocal-lausanne\\\/#breadcrumb\"},\"inLanguage\":\"en-US\",\"potentialAction\":[{\"@type\":\"ReadAction\",\"target\":[\"https:\\\/\\\/www.mirare.fr\\\/en\\\/artists\\\/ensemble-vocal-lausanne\\\/\"]}]},{\"@type\":\"ImageObject\",\"inLanguage\":\"en-US\",\"@id\":\"https:\\\/\\\/www.mirare.fr\\\/en\\\/artists\\\/ensemble-vocal-lausanne\\\/#primaryimage\",\"url\":\"https:\\\/\\\/www.mirare.fr\\\/wp-content\\\/uploads\\\/2021\\\/08\\\/img_2061.jpg\",\"contentUrl\":\"https:\\\/\\\/www.mirare.fr\\\/wp-content\\\/uploads\\\/2021\\\/08\\\/img_2061.jpg\",\"width\":2000,\"height\":1123},{\"@type\":\"BreadcrumbList\",\"@id\":\"https:\\\/\\\/www.mirare.fr\\\/en\\\/artists\\\/ensemble-vocal-lausanne\\\/#breadcrumb\",\"itemListElement\":[{\"@type\":\"ListItem\",\"position\":1,\"name\":\"Home\",\"item\":\"https:\\\/\\\/www.mirare.fr\\\/en\\\/\"},{\"@type\":\"ListItem\",\"position\":2,\"name\":\"Ensemble Vocal Lausanne\"}]},{\"@type\":\"WebSite\",\"@id\":\"https:\\\/\\\/www.mirare.fr\\\/en\\\/#website\",\"url\":\"https:\\\/\\\/www.mirare.fr\\\/en\\\/\",\"name\":\"Mirare\",\"description\":\"\",\"publisher\":{\"@id\":\"https:\\\/\\\/www.mirare.fr\\\/en\\\/#organization\"},\"potentialAction\":[{\"@type\":\"SearchAction\",\"target\":{\"@type\":\"EntryPoint\",\"urlTemplate\":\"https:\\\/\\\/www.mirare.fr\\\/en\\\/?s={search_term_string}\"},\"query-input\":{\"@type\":\"PropertyValueSpecification\",\"valueRequired\":true,\"valueName\":\"search_term_string\"}}],\"inLanguage\":\"en-US\"},{\"@type\":\"Organization\",\"@id\":\"https:\\\/\\\/www.mirare.fr\\\/en\\\/#organization\",\"name\":\"Mirare Productions\",\"url\":\"https:\\\/\\\/www.mirare.fr\\\/en\\\/\",\"logo\":{\"@type\":\"ImageObject\",\"inLanguage\":\"en-US\",\"@id\":\"https:\\\/\\\/www.mirare.fr\\\/en\\\/#\\\/schema\\\/logo\\\/image\\\/\",\"url\":\"https:\\\/\\\/www.mirare.fr\\\/wp-content\\\/uploads\\\/2022\\\/02\\\/mirare-logo.png\",\"contentUrl\":\"https:\\\/\\\/www.mirare.fr\\\/wp-content\\\/uploads\\\/2022\\\/02\\\/mirare-logo.png\",\"width\":1319,\"height\":253,\"caption\":\"Mirare Productions\"},\"image\":{\"@id\":\"https:\\\/\\\/www.mirare.fr\\\/en\\\/#\\\/schema\\\/logo\\\/image\\\/\"},\"sameAs\":[\"https:\\\/\\\/fr-fr.facebook.com\\\/pages\\\/category\\\/Record-Label\\\/Mirare-151247074906672\\\/\",\"https:\\\/\\\/www.instagram.com\\\/mirare_records\\\/?hl=fr\"]}]}<\/script>\n<!-- \/ Yoast SEO plugin. -->","yoast_head_json":{"title":"Ensemble Vocal Lausanne - Mirare","description":"Founded by Michel Corboz in 1961, the Ensemble Vocal de Lausanne is made up of vocal and musical personalities selected by its conductors.","robots":{"index":"index","follow":"follow","max-snippet":"max-snippet:-1","max-image-preview":"max-image-preview:large","max-video-preview":"max-video-preview:-1"},"canonical":"https:\/\/www.mirare.fr\/en\/artists\/ensemble-vocal-lausanne\/","og_locale":"en_US","og_type":"article","og_title":"Ensemble Vocal Lausanne - Mirare","og_description":"Founded by Michel Corboz in 1961, the Ensemble Vocal de Lausanne is made up of vocal and musical personalities selected by its conductors.","og_url":"https:\/\/www.mirare.fr\/en\/artists\/ensemble-vocal-lausanne\/","og_site_name":"Mirare","article_publisher":"https:\/\/fr-fr.facebook.com\/pages\/category\/Record-Label\/Mirare-151247074906672\/","article_modified_time":"2022-02-28T15:51:11+00:00","og_image":[{"width":2000,"height":1123,"url":"https:\/\/www.mirare.fr\/wp-content\/uploads\/2021\/08\/img_2061.jpg","type":"image\/jpeg"}],"twitter_card":"summary_large_image","twitter_misc":{"Est. reading time":"1 minute"},"schema":{"@context":"https:\/\/schema.org","@graph":[{"@type":"WebPage","@id":"https:\/\/www.mirare.fr\/en\/artists\/ensemble-vocal-lausanne\/","url":"https:\/\/www.mirare.fr\/en\/artists\/ensemble-vocal-lausanne\/","name":"Ensemble Vocal Lausanne - Mirare","isPartOf":{"@id":"https:\/\/www.mirare.fr\/en\/#website"},"primaryImageOfPage":{"@id":"https:\/\/www.mirare.fr\/en\/artists\/ensemble-vocal-lausanne\/#primaryimage"},"image":{"@id":"https:\/\/www.mirare.fr\/en\/artists\/ensemble-vocal-lausanne\/#primaryimage"},"thumbnailUrl":"https:\/\/www.mirare.fr\/wp-content\/uploads\/2021\/08\/img_2061.jpg","datePublished":"2022-01-04T10:07:41+00:00","dateModified":"2022-02-28T15:51:11+00:00","description":"Founded by Michel Corboz in 1961, the Ensemble Vocal de Lausanne is made up of vocal and musical personalities selected by its conductors.","breadcrumb":{"@id":"https:\/\/www.mirare.fr\/en\/artists\/ensemble-vocal-lausanne\/#breadcrumb"},"inLanguage":"en-US","potentialAction":[{"@type":"ReadAction","target":["https:\/\/www.mirare.fr\/en\/artists\/ensemble-vocal-lausanne\/"]}]},{"@type":"ImageObject","inLanguage":"en-US","@id":"https:\/\/www.mirare.fr\/en\/artists\/ensemble-vocal-lausanne\/#primaryimage","url":"https:\/\/www.mirare.fr\/wp-content\/uploads\/2021\/08\/img_2061.jpg","contentUrl":"https:\/\/www.mirare.fr\/wp-content\/uploads\/2021\/08\/img_2061.jpg","width":2000,"height":1123},{"@type":"BreadcrumbList","@id":"https:\/\/www.mirare.fr\/en\/artists\/ensemble-vocal-lausanne\/#breadcrumb","itemListElement":[{"@type":"ListItem","position":1,"name":"Home","item":"https:\/\/www.mirare.fr\/en\/"},{"@type":"ListItem","position":2,"name":"Ensemble Vocal Lausanne"}]},{"@type":"WebSite","@id":"https:\/\/www.mirare.fr\/en\/#website","url":"https:\/\/www.mirare.fr\/en\/","name":"Mirare","description":"","publisher":{"@id":"https:\/\/www.mirare.fr\/en\/#organization"},"potentialAction":[{"@type":"SearchAction","target":{"@type":"EntryPoint","urlTemplate":"https:\/\/www.mirare.fr\/en\/?s={search_term_string}"},"query-input":{"@type":"PropertyValueSpecification","valueRequired":true,"valueName":"search_term_string"}}],"inLanguage":"en-US"},{"@type":"Organization","@id":"https:\/\/www.mirare.fr\/en\/#organization","name":"Mirare Productions","url":"https:\/\/www.mirare.fr\/en\/","logo":{"@type":"ImageObject","inLanguage":"en-US","@id":"https:\/\/www.mirare.fr\/en\/#\/schema\/logo\/image\/","url":"https:\/\/www.mirare.fr\/wp-content\/uploads\/2022\/02\/mirare-logo.png","contentUrl":"https:\/\/www.mirare.fr\/wp-content\/uploads\/2022\/02\/mirare-logo.png","width":1319,"height":253,"caption":"Mirare Productions"},"image":{"@id":"https:\/\/www.mirare.fr\/en\/#\/schema\/logo\/image\/"},"sameAs":["https:\/\/fr-fr.facebook.com\/pages\/category\/Record-Label\/Mirare-151247074906672\/","https:\/\/www.instagram.com\/mirare_records\/?hl=fr"]}]}},"_links":{"self":[{"href":"https:\/\/www.mirare.fr\/en\/wp-json\/wp\/v2\/artist\/13573","targetHints":{"allow":["GET"]}}],"collection":[{"href":"https:\/\/www.mirare.fr\/en\/wp-json\/wp\/v2\/artist"}],"about":[{"href":"https:\/\/www.mirare.fr\/en\/wp-json\/wp\/v2\/types\/artist"}],"author":[{"embeddable":true,"href":"https:\/\/www.mirare.fr\/en\/wp-json\/wp\/v2\/users\/1"}],"version-history":[{"count":1,"href":"https:\/\/www.mirare.fr\/en\/wp-json\/wp\/v2\/artist\/13573\/revisions"}],"predecessor-version":[{"id":13575,"href":"https:\/\/www.mirare.fr\/en\/wp-json\/wp\/v2\/artist\/13573\/revisions\/13575"}],"wp:featuredmedia":[{"embeddable":true,"href":"https:\/\/www.mirare.fr\/en\/wp-json\/wp\/v2\/media\/13574"}],"wp:attachment":[{"href":"https:\/\/www.mirare.fr\/en\/wp-json\/wp\/v2\/media?parent=13573"}],"curies":[{"name":"wp","href":"https:\/\/api.w.org\/{rel}","templated":true}]}}

<p>Founded by Michel Corboz in 1961, the Ensemble Vocal de Lausanne is made up of vocal and musical personalities selected by its conductors. The Ensemble consists of a core of young professionals which can be supplemented by other choral singers of a high standard and young singing students, according to the nature of the work being performed. It tackles an extremely wide repertory that covers the history of music from the early Baroque (Monteverdi, Carissimi) to the twenty-first century (Poulenc, Honegger, Frank Martin, Schnittke, etc.).</p>
<p>The EVL is a regular and enthusiastically acclaimed guest in Switzerland and abroad. It performs at La Folle Journée in the Pays de la Loire, Nantes, Bilbao and Tokyo, and in many Swiss and foreign festivals and concert seasons. In addition to its guest appearances with the Orchestre de la Suisse Romande and the Orchestre de Chambre de Lausanne, it collaborates with the Sinfonietta de Lausanne, the Quatuor Sine Nomine, Les Cornets Noirs, the Mahler Chamber Orchestra and Sinfonia Varsovia.</p>
<p>Its discography, released on the Erato, Cascavelle, Aria Music, Avex and Mirare labels, has earned it a worldwide reputation. Some thirty of these recordings have won awards, among them the Mozart Requiem which received a ‘Choc du Monde de la Musique’ in 1999, the Fauré Requiem (‘Choc’ of the year 2007 in Le Monde de la Musique) and the Gounod Requiem (‘Choc’ Classica 2011).</p>
<p>The Ensemble Vocal de Lausanne receives support from the État de Vaud, the Ville de Lausanne, the Loterie Romande, the Fondation Leenaards, the Fondation Marcel Regamey, the Fondation Fern Moffat, the Fondation Sandoz, the Société Académique Vaudoise, fondation Pittet and the Association des Amis de l’EVL.</p>
