{"id":13569,"date":"2022-01-04T11:09:01","date_gmt":"2022-01-04T10:09:01","guid":{"rendered":"https:\/\/www.mirare.fr\/artistes\/ensemble-el-sol\/"},"modified":"2022-02-28T16:48:58","modified_gmt":"2022-02-28T15:48:58","slug":"ensemble-el-sol","status":"publish","type":"artist","link":"https:\/\/www.mirare.fr\/en\/artists\/ensemble-el-sol\/","title":{"rendered":"Ensemble El Sol"},"content":{"rendered":"<p>&#8220;The Ensemble El Sol, directed by the harpsichordist Chlo\u00e9 S\u00e9v\u00e8re, has devoted itself since its creation to Spanish and Latin American Baroque music of the seventeenth and eighteenth centuries.<\/p>\n<p>Founded in 2016, the ensemble consists of Dagmar Saskova and Ang\u00e9lique Pourreyron (voice), Ronald Martin (viola da gamba), Caroline Lieby (Baroque harp), Victorien Disse (Baroque theorbo and guitar), Laurent Sauron (Baroque percussion) and Chlo\u00e9 S\u00e9v\u00e8re (harpsichord). The decision to use a continuo group combining several instruments offers the possibility of a wide range of bold transcriptions and a variety of colours in the accompaniment, in accordance with the types of instrumentarium employed in the Baroque period.<\/p>\n<p>El Sol has performed at many festivals, including the Festival Jean de la Fontaine, the Festival Marin Marais, Les Jeudis Musicaux de la Chapelle Royale du Ch\u00e2teau de Versailles, La Ferme du Bi\u00e9reau in Belgium, the Festival Musiques Vivantes, Osez le Classique and Les Musicales du Pays de Maur, les Concerts de Vollore, and also collaborates with associations aiming to open this repertory to a wider public.<\/p>\n<p>In its choice of programmes, the ensemble focuses on the magnificent cultural mixes generated by Spain\u2019s exchanges with the world, particularly with France and Latin America. It retraces the journey of extraordinary composers who, nourished by their travels and their encounters, left us music steeped in popular cultures, often marrying two worlds that might seem poles apart. The Ensemble El Sol works closely with the original manuscripts, transcribing, scoring and in some cases harmonising them to produce editions that invite listeners to discover this still little- known repertory.&#8221;<\/p>\n","protected":false},"excerpt":{"rendered":"<p>&#8220;The Ensemble El Sol, directed by the harpsichordist Chlo\u00e9 S\u00e9v\u00e8re, has devoted itself since its creation to Spanish and Latin American Baroque music of the seventeenth and eighteenth centuries. Founded in 2016, the ensemble consists of Dagmar Saskova and Ang\u00e9lique Pourreyron (voice), Ronald Martin (viola da gamba), Caroline Lieby (Baroque harp), Victorien Disse (Baroque theorbo [&hellip;]<\/p>\n","protected":false},"author":1,"featured_media":9803,"template":"","class_list":["post-13569","artist","type-artist","status-publish","has-post-thumbnail","hentry"],"acf":[],"yoast_head":"<!-- This site is optimized with the Yoast SEO plugin v27.5 - https:\/\/yoast.com\/product\/yoast-seo-wordpress\/ -->\n<title>Ensemble El Sol - Mirare<\/title>\n<meta name=\"description\" content=\"&quot;The Ensemble El Sol, directed by the harpsichordist Chlo\u00e9 S\u00e9v\u00e8re, has devoted itself since its creation to Spanish and Latin American...\" \/>\n<meta name=\"robots\" content=\"index, follow, max-snippet:-1, max-image-preview:large, max-video-preview:-1\" \/>\n<link rel=\"canonical\" href=\"https:\/\/www.mirare.fr\/en\/artists\/ensemble-el-sol\/\" \/>\n<meta property=\"og:locale\" content=\"en_US\" \/>\n<meta property=\"og:type\" content=\"article\" \/>\n<meta property=\"og:title\" content=\"Ensemble El Sol - Mirare\" \/>\n<meta property=\"og:description\" content=\"&quot;The Ensemble El Sol, directed by the harpsichordist Chlo\u00e9 S\u00e9v\u00e8re, has devoted itself since its creation to Spanish and Latin American...\" \/>\n<meta property=\"og:url\" content=\"https:\/\/www.mirare.fr\/en\/artists\/ensemble-el-sol\/\" \/>\n<meta property=\"og:site_name\" content=\"Mirare\" \/>\n<meta property=\"article:publisher\" content=\"https:\/\/fr-fr.facebook.com\/pages\/category\/Record-Label\/Mirare-151247074906672\/\" \/>\n<meta property=\"article:modified_time\" content=\"2022-02-28T15:48:58+00:00\" \/>\n<meta property=\"og:image\" content=\"https:\/\/www.mirare.fr\/wp-content\/uploads\/2021\/11\/Ensemble-ElSol.jpg\" \/>\n\t<meta property=\"og:image:width\" content=\"1350\" \/>\n\t<meta property=\"og:image:height\" content=\"1080\" \/>\n\t<meta property=\"og:image:type\" content=\"image\/jpeg\" \/>\n<meta name=\"twitter:card\" content=\"summary_large_image\" \/>\n<meta name=\"twitter:label1\" content=\"Est. reading time\" \/>\n\t<meta name=\"twitter:data1\" content=\"1 minute\" \/>\n<script type=\"application\/ld+json\" class=\"yoast-schema-graph\">{\"@context\":\"https:\\\/\\\/schema.org\",\"@graph\":[{\"@type\":\"WebPage\",\"@id\":\"https:\\\/\\\/www.mirare.fr\\\/en\\\/artists\\\/ensemble-el-sol\\\/\",\"url\":\"https:\\\/\\\/www.mirare.fr\\\/en\\\/artists\\\/ensemble-el-sol\\\/\",\"name\":\"Ensemble El Sol - Mirare\",\"isPartOf\":{\"@id\":\"https:\\\/\\\/www.mirare.fr\\\/en\\\/#website\"},\"primaryImageOfPage\":{\"@id\":\"https:\\\/\\\/www.mirare.fr\\\/en\\\/artists\\\/ensemble-el-sol\\\/#primaryimage\"},\"image\":{\"@id\":\"https:\\\/\\\/www.mirare.fr\\\/en\\\/artists\\\/ensemble-el-sol\\\/#primaryimage\"},\"thumbnailUrl\":\"https:\\\/\\\/www.mirare.fr\\\/wp-content\\\/uploads\\\/2021\\\/11\\\/Ensemble-ElSol.jpg\",\"datePublished\":\"2022-01-04T10:09:01+00:00\",\"dateModified\":\"2022-02-28T15:48:58+00:00\",\"description\":\"\\\"The Ensemble El Sol, directed by the harpsichordist Chlo\u00e9 S\u00e9v\u00e8re, has devoted itself since its creation to Spanish and Latin American...\",\"breadcrumb\":{\"@id\":\"https:\\\/\\\/www.mirare.fr\\\/en\\\/artists\\\/ensemble-el-sol\\\/#breadcrumb\"},\"inLanguage\":\"en-US\",\"potentialAction\":[{\"@type\":\"ReadAction\",\"target\":[\"https:\\\/\\\/www.mirare.fr\\\/en\\\/artists\\\/ensemble-el-sol\\\/\"]}]},{\"@type\":\"ImageObject\",\"inLanguage\":\"en-US\",\"@id\":\"https:\\\/\\\/www.mirare.fr\\\/en\\\/artists\\\/ensemble-el-sol\\\/#primaryimage\",\"url\":\"https:\\\/\\\/www.mirare.fr\\\/wp-content\\\/uploads\\\/2021\\\/11\\\/Ensemble-ElSol.jpg\",\"contentUrl\":\"https:\\\/\\\/www.mirare.fr\\\/wp-content\\\/uploads\\\/2021\\\/11\\\/Ensemble-ElSol.jpg\",\"width\":1350,\"height\":1080},{\"@type\":\"BreadcrumbList\",\"@id\":\"https:\\\/\\\/www.mirare.fr\\\/en\\\/artists\\\/ensemble-el-sol\\\/#breadcrumb\",\"itemListElement\":[{\"@type\":\"ListItem\",\"position\":1,\"name\":\"Home\",\"item\":\"https:\\\/\\\/www.mirare.fr\\\/en\\\/\"},{\"@type\":\"ListItem\",\"position\":2,\"name\":\"Ensemble El Sol\"}]},{\"@type\":\"WebSite\",\"@id\":\"https:\\\/\\\/www.mirare.fr\\\/en\\\/#website\",\"url\":\"https:\\\/\\\/www.mirare.fr\\\/en\\\/\",\"name\":\"Mirare\",\"description\":\"\",\"publisher\":{\"@id\":\"https:\\\/\\\/www.mirare.fr\\\/en\\\/#organization\"},\"potentialAction\":[{\"@type\":\"SearchAction\",\"target\":{\"@type\":\"EntryPoint\",\"urlTemplate\":\"https:\\\/\\\/www.mirare.fr\\\/en\\\/?s={search_term_string}\"},\"query-input\":{\"@type\":\"PropertyValueSpecification\",\"valueRequired\":true,\"valueName\":\"search_term_string\"}}],\"inLanguage\":\"en-US\"},{\"@type\":\"Organization\",\"@id\":\"https:\\\/\\\/www.mirare.fr\\\/en\\\/#organization\",\"name\":\"Mirare Productions\",\"url\":\"https:\\\/\\\/www.mirare.fr\\\/en\\\/\",\"logo\":{\"@type\":\"ImageObject\",\"inLanguage\":\"en-US\",\"@id\":\"https:\\\/\\\/www.mirare.fr\\\/en\\\/#\\\/schema\\\/logo\\\/image\\\/\",\"url\":\"https:\\\/\\\/www.mirare.fr\\\/wp-content\\\/uploads\\\/2022\\\/02\\\/mirare-logo.png\",\"contentUrl\":\"https:\\\/\\\/www.mirare.fr\\\/wp-content\\\/uploads\\\/2022\\\/02\\\/mirare-logo.png\",\"width\":1319,\"height\":253,\"caption\":\"Mirare Productions\"},\"image\":{\"@id\":\"https:\\\/\\\/www.mirare.fr\\\/en\\\/#\\\/schema\\\/logo\\\/image\\\/\"},\"sameAs\":[\"https:\\\/\\\/fr-fr.facebook.com\\\/pages\\\/category\\\/Record-Label\\\/Mirare-151247074906672\\\/\",\"https:\\\/\\\/www.instagram.com\\\/mirare_records\\\/?hl=fr\"]}]}<\/script>\n<!-- \/ Yoast SEO plugin. -->","yoast_head_json":{"title":"Ensemble El Sol - Mirare","description":"\"The Ensemble El Sol, directed by the harpsichordist Chlo\u00e9 S\u00e9v\u00e8re, has devoted itself since its creation to Spanish and Latin American...","robots":{"index":"index","follow":"follow","max-snippet":"max-snippet:-1","max-image-preview":"max-image-preview:large","max-video-preview":"max-video-preview:-1"},"canonical":"https:\/\/www.mirare.fr\/en\/artists\/ensemble-el-sol\/","og_locale":"en_US","og_type":"article","og_title":"Ensemble El Sol - Mirare","og_description":"\"The Ensemble El Sol, directed by the harpsichordist Chlo\u00e9 S\u00e9v\u00e8re, has devoted itself since its creation to Spanish and Latin American...","og_url":"https:\/\/www.mirare.fr\/en\/artists\/ensemble-el-sol\/","og_site_name":"Mirare","article_publisher":"https:\/\/fr-fr.facebook.com\/pages\/category\/Record-Label\/Mirare-151247074906672\/","article_modified_time":"2022-02-28T15:48:58+00:00","og_image":[{"width":1350,"height":1080,"url":"https:\/\/www.mirare.fr\/wp-content\/uploads\/2021\/11\/Ensemble-ElSol.jpg","type":"image\/jpeg"}],"twitter_card":"summary_large_image","twitter_misc":{"Est. reading time":"1 minute"},"schema":{"@context":"https:\/\/schema.org","@graph":[{"@type":"WebPage","@id":"https:\/\/www.mirare.fr\/en\/artists\/ensemble-el-sol\/","url":"https:\/\/www.mirare.fr\/en\/artists\/ensemble-el-sol\/","name":"Ensemble El Sol - Mirare","isPartOf":{"@id":"https:\/\/www.mirare.fr\/en\/#website"},"primaryImageOfPage":{"@id":"https:\/\/www.mirare.fr\/en\/artists\/ensemble-el-sol\/#primaryimage"},"image":{"@id":"https:\/\/www.mirare.fr\/en\/artists\/ensemble-el-sol\/#primaryimage"},"thumbnailUrl":"https:\/\/www.mirare.fr\/wp-content\/uploads\/2021\/11\/Ensemble-ElSol.jpg","datePublished":"2022-01-04T10:09:01+00:00","dateModified":"2022-02-28T15:48:58+00:00","description":"\"The Ensemble El Sol, directed by the harpsichordist Chlo\u00e9 S\u00e9v\u00e8re, has devoted itself since its creation to Spanish and Latin American...","breadcrumb":{"@id":"https:\/\/www.mirare.fr\/en\/artists\/ensemble-el-sol\/#breadcrumb"},"inLanguage":"en-US","potentialAction":[{"@type":"ReadAction","target":["https:\/\/www.mirare.fr\/en\/artists\/ensemble-el-sol\/"]}]},{"@type":"ImageObject","inLanguage":"en-US","@id":"https:\/\/www.mirare.fr\/en\/artists\/ensemble-el-sol\/#primaryimage","url":"https:\/\/www.mirare.fr\/wp-content\/uploads\/2021\/11\/Ensemble-ElSol.jpg","contentUrl":"https:\/\/www.mirare.fr\/wp-content\/uploads\/2021\/11\/Ensemble-ElSol.jpg","width":1350,"height":1080},{"@type":"BreadcrumbList","@id":"https:\/\/www.mirare.fr\/en\/artists\/ensemble-el-sol\/#breadcrumb","itemListElement":[{"@type":"ListItem","position":1,"name":"Home","item":"https:\/\/www.mirare.fr\/en\/"},{"@type":"ListItem","position":2,"name":"Ensemble El Sol"}]},{"@type":"WebSite","@id":"https:\/\/www.mirare.fr\/en\/#website","url":"https:\/\/www.mirare.fr\/en\/","name":"Mirare","description":"","publisher":{"@id":"https:\/\/www.mirare.fr\/en\/#organization"},"potentialAction":[{"@type":"SearchAction","target":{"@type":"EntryPoint","urlTemplate":"https:\/\/www.mirare.fr\/en\/?s={search_term_string}"},"query-input":{"@type":"PropertyValueSpecification","valueRequired":true,"valueName":"search_term_string"}}],"inLanguage":"en-US"},{"@type":"Organization","@id":"https:\/\/www.mirare.fr\/en\/#organization","name":"Mirare Productions","url":"https:\/\/www.mirare.fr\/en\/","logo":{"@type":"ImageObject","inLanguage":"en-US","@id":"https:\/\/www.mirare.fr\/en\/#\/schema\/logo\/image\/","url":"https:\/\/www.mirare.fr\/wp-content\/uploads\/2022\/02\/mirare-logo.png","contentUrl":"https:\/\/www.mirare.fr\/wp-content\/uploads\/2022\/02\/mirare-logo.png","width":1319,"height":253,"caption":"Mirare Productions"},"image":{"@id":"https:\/\/www.mirare.fr\/en\/#\/schema\/logo\/image\/"},"sameAs":["https:\/\/fr-fr.facebook.com\/pages\/category\/Record-Label\/Mirare-151247074906672\/","https:\/\/www.instagram.com\/mirare_records\/?hl=fr"]}]}},"_links":{"self":[{"href":"https:\/\/www.mirare.fr\/en\/wp-json\/wp\/v2\/artist\/13569","targetHints":{"allow":["GET"]}}],"collection":[{"href":"https:\/\/www.mirare.fr\/en\/wp-json\/wp\/v2\/artist"}],"about":[{"href":"https:\/\/www.mirare.fr\/en\/wp-json\/wp\/v2\/types\/artist"}],"author":[{"embeddable":true,"href":"https:\/\/www.mirare.fr\/en\/wp-json\/wp\/v2\/users\/1"}],"version-history":[{"count":1,"href":"https:\/\/www.mirare.fr\/en\/wp-json\/wp\/v2\/artist\/13569\/revisions"}],"predecessor-version":[{"id":13570,"href":"https:\/\/www.mirare.fr\/en\/wp-json\/wp\/v2\/artist\/13569\/revisions\/13570"}],"wp:featuredmedia":[{"embeddable":true,"href":"https:\/\/www.mirare.fr\/en\/wp-json\/wp\/v2\/media\/9803"}],"wp:attachment":[{"href":"https:\/\/www.mirare.fr\/en\/wp-json\/wp\/v2\/media?parent=13569"}],"curies":[{"name":"wp","href":"https:\/\/api.w.org\/{rel}","templated":true}]}}

<p>&#8220;The Ensemble El Sol, directed by the harpsichordist Chloé Sévère, has devoted itself since its creation to Spanish and Latin American Baroque music of the seventeenth and eighteenth centuries.</p>
<p>Founded in 2016, the ensemble consists of Dagmar Saskova and Angélique Pourreyron (voice), Ronald Martin (viola da gamba), Caroline Lieby (Baroque harp), Victorien Disse (Baroque theorbo and guitar), Laurent Sauron (Baroque percussion) and Chloé Sévère (harpsichord). The decision to use a continuo group combining several instruments offers the possibility of a wide range of bold transcriptions and a variety of colours in the accompaniment, in accordance with the types of instrumentarium employed in the Baroque period.</p>
<p>El Sol has performed at many festivals, including the Festival Jean de la Fontaine, the Festival Marin Marais, Les Jeudis Musicaux de la Chapelle Royale du Château de Versailles, La Ferme du Biéreau in Belgium, the Festival Musiques Vivantes, Osez le Classique and Les Musicales du Pays de Maur, les Concerts de Vollore, and also collaborates with associations aiming to open this repertory to a wider public.</p>
<p>In its choice of programmes, the ensemble focuses on the magnificent cultural mixes generated by Spain’s exchanges with the world, particularly with France and Latin America. It retraces the journey of extraordinary composers who, nourished by their travels and their encounters, left us music steeped in popular cultures, often marrying two worlds that might seem poles apart. The Ensemble El Sol works closely with the original manuscripts, transcribing, scoring and in some cases harmonising them to produce editions that invite listeners to discover this still little- known repertory.&#8221;</p>

<p>&#8220;The Ensemble El Sol, directed by the harpsichordist Chloé Sévère, has devoted itself since its creation to Spanish and Latin American Baroque music of the seventeenth and eighteenth centuries. Founded in 2016, the ensemble consists of Dagmar Saskova and Angélique Pourreyron (voice), Ronald Martin (viola da gamba), Caroline Lieby (Baroque harp), Victorien Disse (Baroque theorbo [&hellip;]</p>

<!-- This site is optimized with the Yoast SEO plugin v27.5 - https://yoast.com/product/yoast-seo-wordpress/ -->
<title>Ensemble El Sol - Mirare</title>
<meta name="description" content="&quot;The Ensemble El Sol, directed by the harpsichordist Chloé Sévère, has devoted itself since its creation to Spanish and Latin American..." />
<meta name="robots" content="index, follow, max-snippet:-1, max-image-preview:large, max-video-preview:-1" />
<link rel="canonical" href="https://www.mirare.fr/en/artists/ensemble-el-sol/" />
<meta property="og:locale" content="en_US" />
<meta property="og:type" content="article" />
<meta property="og:title" content="Ensemble El Sol - Mirare" />
<meta property="og:description" content="&quot;The Ensemble El Sol, directed by the harpsichordist Chloé Sévère, has devoted itself since its creation to Spanish and Latin American..." />
<meta property="og:url" content="https://www.mirare.fr/en/artists/ensemble-el-sol/" />
<meta property="og:site_name" content="Mirare" />
<meta property="article:publisher" content="https://fr-fr.facebook.com/pages/category/Record-Label/Mirare-151247074906672/" />
<meta property="article:modified_time" content="2022-02-28T15:48:58+00:00" />
<meta property="og:image" content="https://www.mirare.fr/wp-content/uploads/2021/11/Ensemble-ElSol.jpg" />
	<meta property="og:image:width" content="1350" />
	<meta property="og:image:height" content="1080" />
	<meta property="og:image:type" content="image/jpeg" />
<meta name="twitter:card" content="summary_large_image" />
<meta name="twitter:label1" content="Est. reading time" />
	<meta name="twitter:data1" content="1 minute" />
<script type="application/ld+json" class="yoast-schema-graph">{"@context":"https:\/\/schema.org","@graph":[{"@type":"WebPage","@id":"https:\/\/www.mirare.fr\/en\/artists\/ensemble-el-sol\/","url":"https:\/\/www.mirare.fr\/en\/artists\/ensemble-el-sol\/","name":"Ensemble El Sol - Mirare","isPartOf":{"@id":"https:\/\/www.mirare.fr\/en\/#website"},"primaryImageOfPage":{"@id":"https:\/\/www.mirare.fr\/en\/artists\/ensemble-el-sol\/#primaryimage"},"image":{"@id":"https:\/\/www.mirare.fr\/en\/artists\/ensemble-el-sol\/#primaryimage"},"thumbnailUrl":"https:\/\/www.mirare.fr\/wp-content\/uploads\/2021\/11\/Ensemble-ElSol.jpg","datePublished":"2022-01-04T10:09:01+00:00","dateModified":"2022-02-28T15:48:58+00:00","description":"\"The Ensemble El Sol, directed by the harpsichordist Chloé Sévère, has devoted itself since its creation to Spanish and Latin American...","breadcrumb":{"@id":"https:\/\/www.mirare.fr\/en\/artists\/ensemble-el-sol\/#breadcrumb"},"inLanguage":"en-US","potentialAction":[{"@type":"ReadAction","target":["https:\/\/www.mirare.fr\/en\/artists\/ensemble-el-sol\/"]}]},{"@type":"ImageObject","inLanguage":"en-US","@id":"https:\/\/www.mirare.fr\/en\/artists\/ensemble-el-sol\/#primaryimage","url":"https:\/\/www.mirare.fr\/wp-content\/uploads\/2021\/11\/Ensemble-ElSol.jpg","contentUrl":"https:\/\/www.mirare.fr\/wp-content\/uploads\/2021\/11\/Ensemble-ElSol.jpg","width":1350,"height":1080},{"@type":"BreadcrumbList","@id":"https:\/\/www.mirare.fr\/en\/artists\/ensemble-el-sol\/#breadcrumb","itemListElement":[{"@type":"ListItem","position":1,"name":"Home","item":"https:\/\/www.mirare.fr\/en\/"},{"@type":"ListItem","position":2,"name":"Ensemble El Sol"}]},{"@type":"WebSite","@id":"https:\/\/www.mirare.fr\/en\/#website","url":"https:\/\/www.mirare.fr\/en\/","name":"Mirare","description":"","publisher":{"@id":"https:\/\/www.mirare.fr\/en\/#organization"},"potentialAction":[{"@type":"SearchAction","target":{"@type":"EntryPoint","urlTemplate":"https:\/\/www.mirare.fr\/en\/?s={search_term_string}"},"query-input":{"@type":"PropertyValueSpecification","valueRequired":true,"valueName":"search_term_string"}}],"inLanguage":"en-US"},{"@type":"Organization","@id":"https:\/\/www.mirare.fr\/en\/#organization","name":"Mirare Productions","url":"https:\/\/www.mirare.fr\/en\/","logo":{"@type":"ImageObject","inLanguage":"en-US","@id":"https:\/\/www.mirare.fr\/en\/#\/schema\/logo\/image\/","url":"https:\/\/www.mirare.fr\/wp-content\/uploads\/2022\/02\/mirare-logo.png","contentUrl":"https:\/\/www.mirare.fr\/wp-content\/uploads\/2022\/02\/mirare-logo.png","width":1319,"height":253,"caption":"Mirare Productions"},"image":{"@id":"https:\/\/www.mirare.fr\/en\/#\/schema\/logo\/image\/"},"sameAs":["https:\/\/fr-fr.facebook.com\/pages\/category\/Record-Label\/Mirare-151247074906672\/","https:\/\/www.instagram.com\/mirare_records\/?hl=fr"]}]}</script>
<!-- / Yoast SEO plugin. -->

"The Ensemble El Sol, directed by the harpsichordist Chloé Sévère, has devoted itself since its creation to Spanish and Latin American...
