{"id":13543,"date":"2022-01-04T11:07:40","date_gmt":"2022-01-04T10:07:40","guid":{"rendered":"https:\/\/www.mirare.fr\/artistes\/deborah-nemtanu\/"},"modified":"2022-02-28T16:39:30","modified_gmt":"2022-02-28T15:39:30","slug":"deborah-nemtanu","status":"publish","type":"artist","link":"https:\/\/www.mirare.fr\/en\/artists\/deborah-nemtanu\/","title":{"rendered":"Deborah Nemtanu"},"content":{"rendered":"<p>Born into a family of passionate musicians, Deborah Nemtanu chose to take up the violin at the age of four. Her career is synonymous with precocious success and diversity of talent.<\/p>\n<p>After winning a Premier Prix \u00e0 l\u2019unanimit\u00e9 at the Conservatoire National Sup\u00e9rieur de Musique de Paris in 2001 (class of G\u00e9rard Poulet), she soon found her talent meeting with international recognition.<\/p>\n<p>Since 2005 she has been leader (violon solo super soliste) of the Orchestre de chambre de Paris, to which she was appointed by unanimous decision of the jury. Curious and passionate in her approach, Deborah Nemtanu has gone even further by directing the orchestra and thus giving the concerto a genuine spirit of chamber music. She has performed Vivaldi\u2019s Four Seasons at the Th\u00e9\u00e2tre des Champs-\u00c9lys\u00e9es. She has also multiplied fruitful musical encounters in concert series and festivals \u2013 including La Folle Journ\u00e9e in Nantes and Tokyo \u2013 with such artists as Gautier and Renaud Capu\u00e7on, Stephen Kovacevich, Fran\u00e7ois Leleux, Emmanuel Pahud, and Jian Wang.<\/p>\n<p>Deborah Nemtanu plays a violin by Domenico Montagnana dating from 1740-1745, acquired and generously made available by Monceau Assurances, which is also the orchestra\u2019s patron. She has also benefited from the kind loan by M. Philippe Faure of a violin by Nicola Gagliano.<\/p>\n","protected":false},"excerpt":{"rendered":"<p>Born into a family of passionate musicians, Deborah Nemtanu chose to take up the violin at the age of four. Her career is synonymous with precocious success and diversity of talent. After winning a Premier Prix \u00e0 l\u2019unanimit\u00e9 at the Conservatoire National Sup\u00e9rieur de Musique de Paris in 2001 (class of G\u00e9rard Poulet), she soon [&hellip;]<\/p>\n","protected":false},"author":1,"featured_media":13544,"template":"","class_list":["post-13543","artist","type-artist","status-publish","has-post-thumbnail","hentry"],"acf":[],"yoast_head":"<!-- This site is optimized with the Yoast SEO plugin v27.5 - https:\/\/yoast.com\/product\/yoast-seo-wordpress\/ -->\n<title>Deborah Nemtanu - Mirare<\/title>\n<meta name=\"description\" content=\"Born into a family of passionate musicians, Deborah Nemtanu chose to take up the violin at the age of four. Her career is synonymous with...\" \/>\n<meta name=\"robots\" content=\"index, follow, max-snippet:-1, max-image-preview:large, max-video-preview:-1\" \/>\n<link rel=\"canonical\" href=\"https:\/\/www.mirare.fr\/en\/artists\/deborah-nemtanu\/\" \/>\n<meta property=\"og:locale\" content=\"en_US\" \/>\n<meta property=\"og:type\" content=\"article\" \/>\n<meta property=\"og:title\" content=\"Deborah Nemtanu - Mirare\" \/>\n<meta property=\"og:description\" content=\"Born into a family of passionate musicians, Deborah Nemtanu chose to take up the violin at the age of four. Her career is synonymous with...\" \/>\n<meta property=\"og:url\" content=\"https:\/\/www.mirare.fr\/en\/artists\/deborah-nemtanu\/\" \/>\n<meta property=\"og:site_name\" content=\"Mirare\" \/>\n<meta property=\"article:publisher\" content=\"https:\/\/fr-fr.facebook.com\/pages\/category\/Record-Label\/Mirare-151247074906672\/\" \/>\n<meta property=\"article:modified_time\" content=\"2022-02-28T15:39:30+00:00\" \/>\n<meta property=\"og:image\" content=\"https:\/\/www.mirare.fr\/wp-content\/uploads\/2022\/01\/3083-04a.jpg\" \/>\n\t<meta property=\"og:image:width\" content=\"1350\" \/>\n\t<meta property=\"og:image:height\" content=\"1080\" \/>\n\t<meta property=\"og:image:type\" content=\"image\/jpeg\" \/>\n<meta name=\"twitter:card\" content=\"summary_large_image\" \/>\n<meta name=\"twitter:label1\" content=\"Est. reading time\" \/>\n\t<meta name=\"twitter:data1\" content=\"1 minute\" \/>\n<script type=\"application\/ld+json\" class=\"yoast-schema-graph\">{\"@context\":\"https:\\\/\\\/schema.org\",\"@graph\":[{\"@type\":\"WebPage\",\"@id\":\"https:\\\/\\\/www.mirare.fr\\\/en\\\/artists\\\/deborah-nemtanu\\\/\",\"url\":\"https:\\\/\\\/www.mirare.fr\\\/en\\\/artists\\\/deborah-nemtanu\\\/\",\"name\":\"Deborah Nemtanu - Mirare\",\"isPartOf\":{\"@id\":\"https:\\\/\\\/www.mirare.fr\\\/en\\\/#website\"},\"primaryImageOfPage\":{\"@id\":\"https:\\\/\\\/www.mirare.fr\\\/en\\\/artists\\\/deborah-nemtanu\\\/#primaryimage\"},\"image\":{\"@id\":\"https:\\\/\\\/www.mirare.fr\\\/en\\\/artists\\\/deborah-nemtanu\\\/#primaryimage\"},\"thumbnailUrl\":\"https:\\\/\\\/www.mirare.fr\\\/wp-content\\\/uploads\\\/2022\\\/01\\\/3083-04a.jpg\",\"datePublished\":\"2022-01-04T10:07:40+00:00\",\"dateModified\":\"2022-02-28T15:39:30+00:00\",\"description\":\"Born into a family of passionate musicians, Deborah Nemtanu chose to take up the violin at the age of four. Her career is synonymous with...\",\"breadcrumb\":{\"@id\":\"https:\\\/\\\/www.mirare.fr\\\/en\\\/artists\\\/deborah-nemtanu\\\/#breadcrumb\"},\"inLanguage\":\"en-US\",\"potentialAction\":[{\"@type\":\"ReadAction\",\"target\":[\"https:\\\/\\\/www.mirare.fr\\\/en\\\/artists\\\/deborah-nemtanu\\\/\"]}]},{\"@type\":\"ImageObject\",\"inLanguage\":\"en-US\",\"@id\":\"https:\\\/\\\/www.mirare.fr\\\/en\\\/artists\\\/deborah-nemtanu\\\/#primaryimage\",\"url\":\"https:\\\/\\\/www.mirare.fr\\\/wp-content\\\/uploads\\\/2022\\\/01\\\/3083-04a.jpg\",\"contentUrl\":\"https:\\\/\\\/www.mirare.fr\\\/wp-content\\\/uploads\\\/2022\\\/01\\\/3083-04a.jpg\",\"width\":1350,\"height\":1080},{\"@type\":\"BreadcrumbList\",\"@id\":\"https:\\\/\\\/www.mirare.fr\\\/en\\\/artists\\\/deborah-nemtanu\\\/#breadcrumb\",\"itemListElement\":[{\"@type\":\"ListItem\",\"position\":1,\"name\":\"Home\",\"item\":\"https:\\\/\\\/www.mirare.fr\\\/en\\\/\"},{\"@type\":\"ListItem\",\"position\":2,\"name\":\"Deborah Nemtanu\"}]},{\"@type\":\"WebSite\",\"@id\":\"https:\\\/\\\/www.mirare.fr\\\/en\\\/#website\",\"url\":\"https:\\\/\\\/www.mirare.fr\\\/en\\\/\",\"name\":\"Mirare\",\"description\":\"\",\"publisher\":{\"@id\":\"https:\\\/\\\/www.mirare.fr\\\/en\\\/#organization\"},\"potentialAction\":[{\"@type\":\"SearchAction\",\"target\":{\"@type\":\"EntryPoint\",\"urlTemplate\":\"https:\\\/\\\/www.mirare.fr\\\/en\\\/?s={search_term_string}\"},\"query-input\":{\"@type\":\"PropertyValueSpecification\",\"valueRequired\":true,\"valueName\":\"search_term_string\"}}],\"inLanguage\":\"en-US\"},{\"@type\":\"Organization\",\"@id\":\"https:\\\/\\\/www.mirare.fr\\\/en\\\/#organization\",\"name\":\"Mirare Productions\",\"url\":\"https:\\\/\\\/www.mirare.fr\\\/en\\\/\",\"logo\":{\"@type\":\"ImageObject\",\"inLanguage\":\"en-US\",\"@id\":\"https:\\\/\\\/www.mirare.fr\\\/en\\\/#\\\/schema\\\/logo\\\/image\\\/\",\"url\":\"https:\\\/\\\/www.mirare.fr\\\/wp-content\\\/uploads\\\/2022\\\/02\\\/mirare-logo.png\",\"contentUrl\":\"https:\\\/\\\/www.mirare.fr\\\/wp-content\\\/uploads\\\/2022\\\/02\\\/mirare-logo.png\",\"width\":1319,\"height\":253,\"caption\":\"Mirare Productions\"},\"image\":{\"@id\":\"https:\\\/\\\/www.mirare.fr\\\/en\\\/#\\\/schema\\\/logo\\\/image\\\/\"},\"sameAs\":[\"https:\\\/\\\/fr-fr.facebook.com\\\/pages\\\/category\\\/Record-Label\\\/Mirare-151247074906672\\\/\",\"https:\\\/\\\/www.instagram.com\\\/mirare_records\\\/?hl=fr\"]}]}<\/script>\n<!-- \/ Yoast SEO plugin. -->","yoast_head_json":{"title":"Deborah Nemtanu - Mirare","description":"Born into a family of passionate musicians, Deborah Nemtanu chose to take up the violin at the age of four. Her career is synonymous with...","robots":{"index":"index","follow":"follow","max-snippet":"max-snippet:-1","max-image-preview":"max-image-preview:large","max-video-preview":"max-video-preview:-1"},"canonical":"https:\/\/www.mirare.fr\/en\/artists\/deborah-nemtanu\/","og_locale":"en_US","og_type":"article","og_title":"Deborah Nemtanu - Mirare","og_description":"Born into a family of passionate musicians, Deborah Nemtanu chose to take up the violin at the age of four. Her career is synonymous with...","og_url":"https:\/\/www.mirare.fr\/en\/artists\/deborah-nemtanu\/","og_site_name":"Mirare","article_publisher":"https:\/\/fr-fr.facebook.com\/pages\/category\/Record-Label\/Mirare-151247074906672\/","article_modified_time":"2022-02-28T15:39:30+00:00","og_image":[{"width":1350,"height":1080,"url":"https:\/\/www.mirare.fr\/wp-content\/uploads\/2022\/01\/3083-04a.jpg","type":"image\/jpeg"}],"twitter_card":"summary_large_image","twitter_misc":{"Est. reading time":"1 minute"},"schema":{"@context":"https:\/\/schema.org","@graph":[{"@type":"WebPage","@id":"https:\/\/www.mirare.fr\/en\/artists\/deborah-nemtanu\/","url":"https:\/\/www.mirare.fr\/en\/artists\/deborah-nemtanu\/","name":"Deborah Nemtanu - Mirare","isPartOf":{"@id":"https:\/\/www.mirare.fr\/en\/#website"},"primaryImageOfPage":{"@id":"https:\/\/www.mirare.fr\/en\/artists\/deborah-nemtanu\/#primaryimage"},"image":{"@id":"https:\/\/www.mirare.fr\/en\/artists\/deborah-nemtanu\/#primaryimage"},"thumbnailUrl":"https:\/\/www.mirare.fr\/wp-content\/uploads\/2022\/01\/3083-04a.jpg","datePublished":"2022-01-04T10:07:40+00:00","dateModified":"2022-02-28T15:39:30+00:00","description":"Born into a family of passionate musicians, Deborah Nemtanu chose to take up the violin at the age of four. Her career is synonymous with...","breadcrumb":{"@id":"https:\/\/www.mirare.fr\/en\/artists\/deborah-nemtanu\/#breadcrumb"},"inLanguage":"en-US","potentialAction":[{"@type":"ReadAction","target":["https:\/\/www.mirare.fr\/en\/artists\/deborah-nemtanu\/"]}]},{"@type":"ImageObject","inLanguage":"en-US","@id":"https:\/\/www.mirare.fr\/en\/artists\/deborah-nemtanu\/#primaryimage","url":"https:\/\/www.mirare.fr\/wp-content\/uploads\/2022\/01\/3083-04a.jpg","contentUrl":"https:\/\/www.mirare.fr\/wp-content\/uploads\/2022\/01\/3083-04a.jpg","width":1350,"height":1080},{"@type":"BreadcrumbList","@id":"https:\/\/www.mirare.fr\/en\/artists\/deborah-nemtanu\/#breadcrumb","itemListElement":[{"@type":"ListItem","position":1,"name":"Home","item":"https:\/\/www.mirare.fr\/en\/"},{"@type":"ListItem","position":2,"name":"Deborah Nemtanu"}]},{"@type":"WebSite","@id":"https:\/\/www.mirare.fr\/en\/#website","url":"https:\/\/www.mirare.fr\/en\/","name":"Mirare","description":"","publisher":{"@id":"https:\/\/www.mirare.fr\/en\/#organization"},"potentialAction":[{"@type":"SearchAction","target":{"@type":"EntryPoint","urlTemplate":"https:\/\/www.mirare.fr\/en\/?s={search_term_string}"},"query-input":{"@type":"PropertyValueSpecification","valueRequired":true,"valueName":"search_term_string"}}],"inLanguage":"en-US"},{"@type":"Organization","@id":"https:\/\/www.mirare.fr\/en\/#organization","name":"Mirare Productions","url":"https:\/\/www.mirare.fr\/en\/","logo":{"@type":"ImageObject","inLanguage":"en-US","@id":"https:\/\/www.mirare.fr\/en\/#\/schema\/logo\/image\/","url":"https:\/\/www.mirare.fr\/wp-content\/uploads\/2022\/02\/mirare-logo.png","contentUrl":"https:\/\/www.mirare.fr\/wp-content\/uploads\/2022\/02\/mirare-logo.png","width":1319,"height":253,"caption":"Mirare Productions"},"image":{"@id":"https:\/\/www.mirare.fr\/en\/#\/schema\/logo\/image\/"},"sameAs":["https:\/\/fr-fr.facebook.com\/pages\/category\/Record-Label\/Mirare-151247074906672\/","https:\/\/www.instagram.com\/mirare_records\/?hl=fr"]}]}},"_links":{"self":[{"href":"https:\/\/www.mirare.fr\/en\/wp-json\/wp\/v2\/artist\/13543","targetHints":{"allow":["GET"]}}],"collection":[{"href":"https:\/\/www.mirare.fr\/en\/wp-json\/wp\/v2\/artist"}],"about":[{"href":"https:\/\/www.mirare.fr\/en\/wp-json\/wp\/v2\/types\/artist"}],"author":[{"embeddable":true,"href":"https:\/\/www.mirare.fr\/en\/wp-json\/wp\/v2\/users\/1"}],"version-history":[{"count":1,"href":"https:\/\/www.mirare.fr\/en\/wp-json\/wp\/v2\/artist\/13543\/revisions"}],"predecessor-version":[{"id":13546,"href":"https:\/\/www.mirare.fr\/en\/wp-json\/wp\/v2\/artist\/13543\/revisions\/13546"}],"wp:featuredmedia":[{"embeddable":true,"href":"https:\/\/www.mirare.fr\/en\/wp-json\/wp\/v2\/media\/13544"}],"wp:attachment":[{"href":"https:\/\/www.mirare.fr\/en\/wp-json\/wp\/v2\/media?parent=13543"}],"curies":[{"name":"wp","href":"https:\/\/api.w.org\/{rel}","templated":true}]}}

<p>Born into a family of passionate musicians, Deborah Nemtanu chose to take up the violin at the age of four. Her career is synonymous with precocious success and diversity of talent.</p>
<p>After winning a Premier Prix à l’unanimité at the Conservatoire National Supérieur de Musique de Paris in 2001 (class of Gérard Poulet), she soon found her talent meeting with international recognition.</p>
<p>Since 2005 she has been leader (violon solo super soliste) of the Orchestre de chambre de Paris, to which she was appointed by unanimous decision of the jury. Curious and passionate in her approach, Deborah Nemtanu has gone even further by directing the orchestra and thus giving the concerto a genuine spirit of chamber music. She has performed Vivaldi’s Four Seasons at the Théâtre des Champs-Élysées. She has also multiplied fruitful musical encounters in concert series and festivals – including La Folle Journée in Nantes and Tokyo – with such artists as Gautier and Renaud Capuçon, Stephen Kovacevich, François Leleux, Emmanuel Pahud, and Jian Wang.</p>
<p>Deborah Nemtanu plays a violin by Domenico Montagnana dating from 1740-1745, acquired and generously made available by Monceau Assurances, which is also the orchestra’s patron. She has also benefited from the kind loan by M. Philippe Faure of a violin by Nicola Gagliano.</p>

<p>Born into a family of passionate musicians, Deborah Nemtanu chose to take up the violin at the age of four. Her career is synonymous with precocious success and diversity of talent. After winning a Premier Prix à l’unanimité at the Conservatoire National Supérieur de Musique de Paris in 2001 (class of Gérard Poulet), she soon [&hellip;]</p>
