{"id":13504,"date":"2022-01-04T11:08:14","date_gmt":"2022-01-04T10:08:14","guid":{"rendered":"https:\/\/www.mirare.fr\/artistes\/bertrand-cuiller\/"},"modified":"2022-02-28T16:33:55","modified_gmt":"2022-02-28T15:33:55","slug":"bertrand-cuiller","status":"publish","type":"artist","link":"https:\/\/www.mirare.fr\/en\/artists\/bertrand-cuiller\/","title":{"rendered":"Bertrand Cuiller"},"content":{"rendered":"<p>Born into a family of musicians, Bertrand Cuiller began studying the harpsichord with his mother Jocelyne at the age of eight. At thirteen he met Pierre Hanta\u00ef, who was his mentor for several years. He also studied the harpsichord with Christophe Rousset at the Conservatoire National Sup\u00e9rieur de Musique et de Danse de Paris. His fascination with the sound of the horn led to his learning to play both the Baroque and the modern instrument. In 1998, at the age of nineteen, he won third prize at the Bruges International Harpsichord Competition.<\/p>\n<p>Bertrand Cuiller devotes his recital career to the solo harpsichord repertory, with a particular penchant for the English composers William Byrd and John Bull, whose music he has recorded for Mirare and Alpha. His discography for these labels also includes harpsichord concertos by J. S. Bach with his father Daniel Cuiller and Stradivaria, and sonatas by Domenico Scarlatti.<\/p>\n<p>In 2014 Bertrand Cuiller formed the Baroque ensemble Le Caravans\u00e9rail, with the aim of mounting projects centring on composers who are especially close to his heart and whose music he wishes to explore with larger forces.<br \/>\nHe also appears as a chamber musician with Bruno Cocset and Les Basses R\u00e9unies, as a member of La R\u00eaveuse, and in duo repertory with Sophie Gent, Marine Sablonni\u00e8re, and Jana Semer\u00e1dov\u00e1.<\/p>\n<p>Bertrand Cuiller has created several productions with the actress and director Louise Moaty, including John Blow\u2019s opera Venus and Adonis in the 2012\/13 season, in which he conducted the chorus and orchestra of Les Musiciens du Paradis and the Ma\u00eetrise de Caen, with C\u00e9line Scheen and Marc Mauillon in the title roles.<\/p>\n<p>Bertrand Cuiller and Le Caravans\u00e9rail are in residence at Royaumont from 2014 to 2016.<\/p>\n","protected":false},"excerpt":{"rendered":"<p>Born into a family of musicians, Bertrand Cuiller began studying the harpsichord with his mother Jocelyne at the age of eight. At thirteen he met Pierre Hanta\u00ef, who was his mentor for several years. He also studied the harpsichord with Christophe Rousset at the Conservatoire National Sup\u00e9rieur de Musique et de Danse de Paris. His [&hellip;]<\/p>\n","protected":false},"author":1,"featured_media":13505,"template":"","class_list":["post-13504","artist","type-artist","status-publish","has-post-thumbnail","hentry"],"acf":[],"yoast_head":"<!-- This site is optimized with the Yoast SEO plugin v27.5 - https:\/\/yoast.com\/product\/yoast-seo-wordpress\/ -->\n<title>Bertrand Cuiller - Mirare<\/title>\n<meta name=\"description\" content=\"Born into a family of musicians, Bertrand Cuiller began studying the harpsichord with his mother Jocelyne at the age of eight. At thirteen...\" \/>\n<meta name=\"robots\" content=\"index, follow, max-snippet:-1, max-image-preview:large, max-video-preview:-1\" \/>\n<link rel=\"canonical\" href=\"https:\/\/www.mirare.fr\/en\/artists\/bertrand-cuiller\/\" \/>\n<meta property=\"og:locale\" content=\"en_US\" \/>\n<meta property=\"og:type\" content=\"article\" \/>\n<meta property=\"og:title\" content=\"Bertrand Cuiller - Mirare\" \/>\n<meta property=\"og:description\" content=\"Born into a family of musicians, Bertrand Cuiller began studying the harpsichord with his mother Jocelyne at the age of eight. At thirteen...\" \/>\n<meta property=\"og:url\" content=\"https:\/\/www.mirare.fr\/en\/artists\/bertrand-cuiller\/\" \/>\n<meta property=\"og:site_name\" content=\"Mirare\" \/>\n<meta property=\"article:publisher\" content=\"https:\/\/fr-fr.facebook.com\/pages\/category\/Record-Label\/Mirare-151247074906672\/\" \/>\n<meta property=\"article:modified_time\" content=\"2022-02-28T15:33:55+00:00\" \/>\n<meta property=\"og:image\" content=\"https:\/\/www.mirare.fr\/wp-content\/uploads\/2022\/01\/JBM-06902Jean-Baptiste-Millot.jpg\" \/>\n\t<meta property=\"og:image:width\" content=\"1350\" \/>\n\t<meta property=\"og:image:height\" content=\"1080\" \/>\n\t<meta property=\"og:image:type\" content=\"image\/jpeg\" \/>\n<meta name=\"twitter:card\" content=\"summary_large_image\" \/>\n<meta name=\"twitter:label1\" content=\"Est. reading time\" \/>\n\t<meta name=\"twitter:data1\" content=\"1 minute\" \/>\n<script type=\"application\/ld+json\" class=\"yoast-schema-graph\">{\"@context\":\"https:\\\/\\\/schema.org\",\"@graph\":[{\"@type\":\"WebPage\",\"@id\":\"https:\\\/\\\/www.mirare.fr\\\/en\\\/artists\\\/bertrand-cuiller\\\/\",\"url\":\"https:\\\/\\\/www.mirare.fr\\\/en\\\/artists\\\/bertrand-cuiller\\\/\",\"name\":\"Bertrand Cuiller - Mirare\",\"isPartOf\":{\"@id\":\"https:\\\/\\\/www.mirare.fr\\\/en\\\/#website\"},\"primaryImageOfPage\":{\"@id\":\"https:\\\/\\\/www.mirare.fr\\\/en\\\/artists\\\/bertrand-cuiller\\\/#primaryimage\"},\"image\":{\"@id\":\"https:\\\/\\\/www.mirare.fr\\\/en\\\/artists\\\/bertrand-cuiller\\\/#primaryimage\"},\"thumbnailUrl\":\"https:\\\/\\\/www.mirare.fr\\\/wp-content\\\/uploads\\\/2022\\\/01\\\/JBM-06902Jean-Baptiste-Millot.jpg\",\"datePublished\":\"2022-01-04T10:08:14+00:00\",\"dateModified\":\"2022-02-28T15:33:55+00:00\",\"description\":\"Born into a family of musicians, Bertrand Cuiller began studying the harpsichord with his mother Jocelyne at the age of eight. At thirteen...\",\"breadcrumb\":{\"@id\":\"https:\\\/\\\/www.mirare.fr\\\/en\\\/artists\\\/bertrand-cuiller\\\/#breadcrumb\"},\"inLanguage\":\"en-US\",\"potentialAction\":[{\"@type\":\"ReadAction\",\"target\":[\"https:\\\/\\\/www.mirare.fr\\\/en\\\/artists\\\/bertrand-cuiller\\\/\"]}]},{\"@type\":\"ImageObject\",\"inLanguage\":\"en-US\",\"@id\":\"https:\\\/\\\/www.mirare.fr\\\/en\\\/artists\\\/bertrand-cuiller\\\/#primaryimage\",\"url\":\"https:\\\/\\\/www.mirare.fr\\\/wp-content\\\/uploads\\\/2022\\\/01\\\/JBM-06902Jean-Baptiste-Millot.jpg\",\"contentUrl\":\"https:\\\/\\\/www.mirare.fr\\\/wp-content\\\/uploads\\\/2022\\\/01\\\/JBM-06902Jean-Baptiste-Millot.jpg\",\"width\":1350,\"height\":1080},{\"@type\":\"BreadcrumbList\",\"@id\":\"https:\\\/\\\/www.mirare.fr\\\/en\\\/artists\\\/bertrand-cuiller\\\/#breadcrumb\",\"itemListElement\":[{\"@type\":\"ListItem\",\"position\":1,\"name\":\"Home\",\"item\":\"https:\\\/\\\/www.mirare.fr\\\/en\\\/\"},{\"@type\":\"ListItem\",\"position\":2,\"name\":\"Bertrand Cuiller\"}]},{\"@type\":\"WebSite\",\"@id\":\"https:\\\/\\\/www.mirare.fr\\\/en\\\/#website\",\"url\":\"https:\\\/\\\/www.mirare.fr\\\/en\\\/\",\"name\":\"Mirare\",\"description\":\"\",\"publisher\":{\"@id\":\"https:\\\/\\\/www.mirare.fr\\\/en\\\/#organization\"},\"potentialAction\":[{\"@type\":\"SearchAction\",\"target\":{\"@type\":\"EntryPoint\",\"urlTemplate\":\"https:\\\/\\\/www.mirare.fr\\\/en\\\/?s={search_term_string}\"},\"query-input\":{\"@type\":\"PropertyValueSpecification\",\"valueRequired\":true,\"valueName\":\"search_term_string\"}}],\"inLanguage\":\"en-US\"},{\"@type\":\"Organization\",\"@id\":\"https:\\\/\\\/www.mirare.fr\\\/en\\\/#organization\",\"name\":\"Mirare Productions\",\"url\":\"https:\\\/\\\/www.mirare.fr\\\/en\\\/\",\"logo\":{\"@type\":\"ImageObject\",\"inLanguage\":\"en-US\",\"@id\":\"https:\\\/\\\/www.mirare.fr\\\/en\\\/#\\\/schema\\\/logo\\\/image\\\/\",\"url\":\"https:\\\/\\\/www.mirare.fr\\\/wp-content\\\/uploads\\\/2022\\\/02\\\/mirare-logo.png\",\"contentUrl\":\"https:\\\/\\\/www.mirare.fr\\\/wp-content\\\/uploads\\\/2022\\\/02\\\/mirare-logo.png\",\"width\":1319,\"height\":253,\"caption\":\"Mirare Productions\"},\"image\":{\"@id\":\"https:\\\/\\\/www.mirare.fr\\\/en\\\/#\\\/schema\\\/logo\\\/image\\\/\"},\"sameAs\":[\"https:\\\/\\\/fr-fr.facebook.com\\\/pages\\\/category\\\/Record-Label\\\/Mirare-151247074906672\\\/\",\"https:\\\/\\\/www.instagram.com\\\/mirare_records\\\/?hl=fr\"]}]}<\/script>\n<!-- \/ Yoast SEO plugin. -->","yoast_head_json":{"title":"Bertrand Cuiller - Mirare","description":"Born into a family of musicians, Bertrand Cuiller began studying the harpsichord with his mother Jocelyne at the age of eight. At thirteen...","robots":{"index":"index","follow":"follow","max-snippet":"max-snippet:-1","max-image-preview":"max-image-preview:large","max-video-preview":"max-video-preview:-1"},"canonical":"https:\/\/www.mirare.fr\/en\/artists\/bertrand-cuiller\/","og_locale":"en_US","og_type":"article","og_title":"Bertrand Cuiller - Mirare","og_description":"Born into a family of musicians, Bertrand Cuiller began studying the harpsichord with his mother Jocelyne at the age of eight. At thirteen...","og_url":"https:\/\/www.mirare.fr\/en\/artists\/bertrand-cuiller\/","og_site_name":"Mirare","article_publisher":"https:\/\/fr-fr.facebook.com\/pages\/category\/Record-Label\/Mirare-151247074906672\/","article_modified_time":"2022-02-28T15:33:55+00:00","og_image":[{"width":1350,"height":1080,"url":"https:\/\/www.mirare.fr\/wp-content\/uploads\/2022\/01\/JBM-06902Jean-Baptiste-Millot.jpg","type":"image\/jpeg"}],"twitter_card":"summary_large_image","twitter_misc":{"Est. reading time":"1 minute"},"schema":{"@context":"https:\/\/schema.org","@graph":[{"@type":"WebPage","@id":"https:\/\/www.mirare.fr\/en\/artists\/bertrand-cuiller\/","url":"https:\/\/www.mirare.fr\/en\/artists\/bertrand-cuiller\/","name":"Bertrand Cuiller - Mirare","isPartOf":{"@id":"https:\/\/www.mirare.fr\/en\/#website"},"primaryImageOfPage":{"@id":"https:\/\/www.mirare.fr\/en\/artists\/bertrand-cuiller\/#primaryimage"},"image":{"@id":"https:\/\/www.mirare.fr\/en\/artists\/bertrand-cuiller\/#primaryimage"},"thumbnailUrl":"https:\/\/www.mirare.fr\/wp-content\/uploads\/2022\/01\/JBM-06902Jean-Baptiste-Millot.jpg","datePublished":"2022-01-04T10:08:14+00:00","dateModified":"2022-02-28T15:33:55+00:00","description":"Born into a family of musicians, Bertrand Cuiller began studying the harpsichord with his mother Jocelyne at the age of eight. At thirteen...","breadcrumb":{"@id":"https:\/\/www.mirare.fr\/en\/artists\/bertrand-cuiller\/#breadcrumb"},"inLanguage":"en-US","potentialAction":[{"@type":"ReadAction","target":["https:\/\/www.mirare.fr\/en\/artists\/bertrand-cuiller\/"]}]},{"@type":"ImageObject","inLanguage":"en-US","@id":"https:\/\/www.mirare.fr\/en\/artists\/bertrand-cuiller\/#primaryimage","url":"https:\/\/www.mirare.fr\/wp-content\/uploads\/2022\/01\/JBM-06902Jean-Baptiste-Millot.jpg","contentUrl":"https:\/\/www.mirare.fr\/wp-content\/uploads\/2022\/01\/JBM-06902Jean-Baptiste-Millot.jpg","width":1350,"height":1080},{"@type":"BreadcrumbList","@id":"https:\/\/www.mirare.fr\/en\/artists\/bertrand-cuiller\/#breadcrumb","itemListElement":[{"@type":"ListItem","position":1,"name":"Home","item":"https:\/\/www.mirare.fr\/en\/"},{"@type":"ListItem","position":2,"name":"Bertrand Cuiller"}]},{"@type":"WebSite","@id":"https:\/\/www.mirare.fr\/en\/#website","url":"https:\/\/www.mirare.fr\/en\/","name":"Mirare","description":"","publisher":{"@id":"https:\/\/www.mirare.fr\/en\/#organization"},"potentialAction":[{"@type":"SearchAction","target":{"@type":"EntryPoint","urlTemplate":"https:\/\/www.mirare.fr\/en\/?s={search_term_string}"},"query-input":{"@type":"PropertyValueSpecification","valueRequired":true,"valueName":"search_term_string"}}],"inLanguage":"en-US"},{"@type":"Organization","@id":"https:\/\/www.mirare.fr\/en\/#organization","name":"Mirare Productions","url":"https:\/\/www.mirare.fr\/en\/","logo":{"@type":"ImageObject","inLanguage":"en-US","@id":"https:\/\/www.mirare.fr\/en\/#\/schema\/logo\/image\/","url":"https:\/\/www.mirare.fr\/wp-content\/uploads\/2022\/02\/mirare-logo.png","contentUrl":"https:\/\/www.mirare.fr\/wp-content\/uploads\/2022\/02\/mirare-logo.png","width":1319,"height":253,"caption":"Mirare Productions"},"image":{"@id":"https:\/\/www.mirare.fr\/en\/#\/schema\/logo\/image\/"},"sameAs":["https:\/\/fr-fr.facebook.com\/pages\/category\/Record-Label\/Mirare-151247074906672\/","https:\/\/www.instagram.com\/mirare_records\/?hl=fr"]}]}},"_links":{"self":[{"href":"https:\/\/www.mirare.fr\/en\/wp-json\/wp\/v2\/artist\/13504","targetHints":{"allow":["GET"]}}],"collection":[{"href":"https:\/\/www.mirare.fr\/en\/wp-json\/wp\/v2\/artist"}],"about":[{"href":"https:\/\/www.mirare.fr\/en\/wp-json\/wp\/v2\/types\/artist"}],"author":[{"embeddable":true,"href":"https:\/\/www.mirare.fr\/en\/wp-json\/wp\/v2\/users\/1"}],"version-history":[{"count":1,"href":"https:\/\/www.mirare.fr\/en\/wp-json\/wp\/v2\/artist\/13504\/revisions"}],"predecessor-version":[{"id":13512,"href":"https:\/\/www.mirare.fr\/en\/wp-json\/wp\/v2\/artist\/13504\/revisions\/13512"}],"wp:featuredmedia":[{"embeddable":true,"href":"https:\/\/www.mirare.fr\/en\/wp-json\/wp\/v2\/media\/13505"}],"wp:attachment":[{"href":"https:\/\/www.mirare.fr\/en\/wp-json\/wp\/v2\/media?parent=13504"}],"curies":[{"name":"wp","href":"https:\/\/api.w.org\/{rel}","templated":true}]}}

<p>Born into a family of musicians, Bertrand Cuiller began studying the harpsichord with his mother Jocelyne at the age of eight. At thirteen he met Pierre Hantaï, who was his mentor for several years. He also studied the harpsichord with Christophe Rousset at the Conservatoire National Supérieur de Musique et de Danse de Paris. His fascination with the sound of the horn led to his learning to play both the Baroque and the modern instrument. In 1998, at the age of nineteen, he won third prize at the Bruges International Harpsichord Competition.</p>
<p>Bertrand Cuiller devotes his recital career to the solo harpsichord repertory, with a particular penchant for the English composers William Byrd and John Bull, whose music he has recorded for Mirare and Alpha. His discography for these labels also includes harpsichord concertos by J. S. Bach with his father Daniel Cuiller and Stradivaria, and sonatas by Domenico Scarlatti.</p>
<p>In 2014 Bertrand Cuiller formed the Baroque ensemble Le Caravansérail, with the aim of mounting projects centring on composers who are especially close to his heart and whose music he wishes to explore with larger forces.<br />
He also appears as a chamber musician with Bruno Cocset and Les Basses Réunies, as a member of La Rêveuse, and in duo repertory with Sophie Gent, Marine Sablonnière, and Jana Semerádová.</p>
<p>Bertrand Cuiller has created several productions with the actress and director Louise Moaty, including John Blow’s opera Venus and Adonis in the 2012/13 season, in which he conducted the chorus and orchestra of Les Musiciens du Paradis and the Maîtrise de Caen, with Céline Scheen and Marc Mauillon in the title roles.</p>
<p>Bertrand Cuiller and Le Caravansérail are in residence at Royaumont from 2014 to 2016.</p>

<p>Born into a family of musicians, Bertrand Cuiller began studying the harpsichord with his mother Jocelyne at the age of eight. At thirteen he met Pierre Hantaï, who was his mentor for several years. He also studied the harpsichord with Christophe Rousset at the Conservatoire National Supérieur de Musique et de Danse de Paris. His [&hellip;]</p>
