{"id":13487,"date":"2022-01-04T11:08:34","date_gmt":"2022-01-04T10:08:34","guid":{"rendered":"https:\/\/www.mirare.fr\/artistes\/amandine-beyer-gli-incogniti\/"},"modified":"2022-02-28T16:32:32","modified_gmt":"2022-02-28T15:32:32","slug":"amandine-beyer-gli-incogniti","status":"publish","type":"artist","link":"https:\/\/www.mirare.fr\/en\/artists\/amandine-beyer-gli-incogniti\/","title":{"rendered":"Amandine Beyer &#8211; Gli Incogniti"},"content":{"rendered":"<p>The ensemble founded by Amandine Beyer in 2006 takes its name from the Accademia degli Incogniti, a musical society active in Venice in the 1630s. The choice of name was motivated by the group\u2019s taste for the unknown in all its forms, whether this involves experimentation with sonorities, exploration of new repertory, or rediscovery of the \u2018classics\u2019. The primary aim of its approach founded on the pleasure of a \u2018union of tastes\u2019 (the go\u00fbts r\u00e9unis dear to Fran\u00e7ois Couperin), achieved through collective work, is to convey to its listeners a committed and cohesive vision of the music it tackles.<\/p>\n<p>Gli Incogniti has appeared in many leading venues (including the opera houses of Dijon and Monte Carlo and the Th\u00e9\u00e2tre de la Ville in Paris) and at such festivals as Via Stellae in Spain, Tage Alter Musik in Regensburg (Germany), and Saintes, Sabl\u00e9 and Lanvellec in France. Its first recordings, devoted to the violin concertos of Bach and Vivaldi, were immediately singled out for mention by the international press. After programmes of music by Nicola Matteis and Johann Rosenm\u00fcller, in 2013 the ensemble released a new version of Corelli\u2019s celebrated Concerti Grossi op.6 that obtained a Diapason d\u2019Or of the year (Zig-Zag Territoires).<\/p>\n","protected":false},"excerpt":{"rendered":"<p>The ensemble founded by Amandine Beyer in 2006 takes its name from the Accademia degli Incogniti, a musical society active in Venice in the 1630s. The choice of name was motivated by the group\u2019s taste for the unknown in all its forms, whether this involves experimentation with sonorities, exploration of new repertory, or rediscovery of [&hellip;]<\/p>\n","protected":false},"author":1,"featured_media":13488,"template":"","class_list":["post-13487","artist","type-artist","status-publish","has-post-thumbnail","hentry"],"acf":[],"yoast_head":"<!-- This site is optimized with the Yoast SEO plugin v27.5 - https:\/\/yoast.com\/product\/yoast-seo-wordpress\/ -->\n<title>Amandine Beyer - Gli Incogniti - Mirare<\/title>\n<meta name=\"description\" content=\"The ensemble founded by Amandine Beyer in 2006 takes its name from the Accademia degli Incogniti, a musical society active in Venice...\" \/>\n<meta name=\"robots\" content=\"index, follow, max-snippet:-1, max-image-preview:large, max-video-preview:-1\" \/>\n<link rel=\"canonical\" href=\"https:\/\/www.mirare.fr\/en\/artists\/amandine-beyer-gli-incogniti\/\" \/>\n<meta property=\"og:locale\" content=\"en_US\" \/>\n<meta property=\"og:type\" content=\"article\" \/>\n<meta property=\"og:title\" content=\"Amandine Beyer - Gli Incogniti - Mirare\" \/>\n<meta property=\"og:description\" content=\"The ensemble founded by Amandine Beyer in 2006 takes its name from the Accademia degli Incogniti, a musical society active in Venice...\" \/>\n<meta property=\"og:url\" content=\"https:\/\/www.mirare.fr\/en\/artists\/amandine-beyer-gli-incogniti\/\" \/>\n<meta property=\"og:site_name\" content=\"Mirare\" \/>\n<meta property=\"article:publisher\" content=\"https:\/\/fr-fr.facebook.com\/pages\/category\/Record-Label\/Mirare-151247074906672\/\" \/>\n<meta property=\"article:modified_time\" content=\"2022-02-28T15:32:32+00:00\" \/>\n<meta property=\"og:image\" content=\"https:\/\/www.mirare.fr\/wp-content\/uploads\/2022\/01\/AMANDINE_KEISER_CREDIT-T-PETERS.jpg\" \/>\n\t<meta property=\"og:image:width\" content=\"1350\" \/>\n\t<meta property=\"og:image:height\" content=\"1080\" \/>\n\t<meta property=\"og:image:type\" content=\"image\/jpeg\" \/>\n<meta name=\"twitter:card\" content=\"summary_large_image\" \/>\n<meta name=\"twitter:label1\" content=\"Est. reading time\" \/>\n\t<meta name=\"twitter:data1\" content=\"1 minute\" \/>\n<script type=\"application\/ld+json\" class=\"yoast-schema-graph\">{\"@context\":\"https:\\\/\\\/schema.org\",\"@graph\":[{\"@type\":\"WebPage\",\"@id\":\"https:\\\/\\\/www.mirare.fr\\\/en\\\/artists\\\/amandine-beyer-gli-incogniti\\\/\",\"url\":\"https:\\\/\\\/www.mirare.fr\\\/en\\\/artists\\\/amandine-beyer-gli-incogniti\\\/\",\"name\":\"Amandine Beyer - Gli Incogniti - Mirare\",\"isPartOf\":{\"@id\":\"https:\\\/\\\/www.mirare.fr\\\/en\\\/#website\"},\"primaryImageOfPage\":{\"@id\":\"https:\\\/\\\/www.mirare.fr\\\/en\\\/artists\\\/amandine-beyer-gli-incogniti\\\/#primaryimage\"},\"image\":{\"@id\":\"https:\\\/\\\/www.mirare.fr\\\/en\\\/artists\\\/amandine-beyer-gli-incogniti\\\/#primaryimage\"},\"thumbnailUrl\":\"https:\\\/\\\/www.mirare.fr\\\/wp-content\\\/uploads\\\/2022\\\/01\\\/AMANDINE_KEISER_CREDIT-T-PETERS.jpg\",\"datePublished\":\"2022-01-04T10:08:34+00:00\",\"dateModified\":\"2022-02-28T15:32:32+00:00\",\"description\":\"The ensemble founded by Amandine Beyer in 2006 takes its name from the Accademia degli Incogniti, a musical society active in Venice...\",\"breadcrumb\":{\"@id\":\"https:\\\/\\\/www.mirare.fr\\\/en\\\/artists\\\/amandine-beyer-gli-incogniti\\\/#breadcrumb\"},\"inLanguage\":\"en-US\",\"potentialAction\":[{\"@type\":\"ReadAction\",\"target\":[\"https:\\\/\\\/www.mirare.fr\\\/en\\\/artists\\\/amandine-beyer-gli-incogniti\\\/\"]}]},{\"@type\":\"ImageObject\",\"inLanguage\":\"en-US\",\"@id\":\"https:\\\/\\\/www.mirare.fr\\\/en\\\/artists\\\/amandine-beyer-gli-incogniti\\\/#primaryimage\",\"url\":\"https:\\\/\\\/www.mirare.fr\\\/wp-content\\\/uploads\\\/2022\\\/01\\\/AMANDINE_KEISER_CREDIT-T-PETERS.jpg\",\"contentUrl\":\"https:\\\/\\\/www.mirare.fr\\\/wp-content\\\/uploads\\\/2022\\\/01\\\/AMANDINE_KEISER_CREDIT-T-PETERS.jpg\",\"width\":1350,\"height\":1080},{\"@type\":\"BreadcrumbList\",\"@id\":\"https:\\\/\\\/www.mirare.fr\\\/en\\\/artists\\\/amandine-beyer-gli-incogniti\\\/#breadcrumb\",\"itemListElement\":[{\"@type\":\"ListItem\",\"position\":1,\"name\":\"Home\",\"item\":\"https:\\\/\\\/www.mirare.fr\\\/en\\\/\"},{\"@type\":\"ListItem\",\"position\":2,\"name\":\"Amandine Beyer &#8211; Gli Incogniti\"}]},{\"@type\":\"WebSite\",\"@id\":\"https:\\\/\\\/www.mirare.fr\\\/en\\\/#website\",\"url\":\"https:\\\/\\\/www.mirare.fr\\\/en\\\/\",\"name\":\"Mirare\",\"description\":\"\",\"publisher\":{\"@id\":\"https:\\\/\\\/www.mirare.fr\\\/en\\\/#organization\"},\"potentialAction\":[{\"@type\":\"SearchAction\",\"target\":{\"@type\":\"EntryPoint\",\"urlTemplate\":\"https:\\\/\\\/www.mirare.fr\\\/en\\\/?s={search_term_string}\"},\"query-input\":{\"@type\":\"PropertyValueSpecification\",\"valueRequired\":true,\"valueName\":\"search_term_string\"}}],\"inLanguage\":\"en-US\"},{\"@type\":\"Organization\",\"@id\":\"https:\\\/\\\/www.mirare.fr\\\/en\\\/#organization\",\"name\":\"Mirare Productions\",\"url\":\"https:\\\/\\\/www.mirare.fr\\\/en\\\/\",\"logo\":{\"@type\":\"ImageObject\",\"inLanguage\":\"en-US\",\"@id\":\"https:\\\/\\\/www.mirare.fr\\\/en\\\/#\\\/schema\\\/logo\\\/image\\\/\",\"url\":\"https:\\\/\\\/www.mirare.fr\\\/wp-content\\\/uploads\\\/2022\\\/02\\\/mirare-logo.png\",\"contentUrl\":\"https:\\\/\\\/www.mirare.fr\\\/wp-content\\\/uploads\\\/2022\\\/02\\\/mirare-logo.png\",\"width\":1319,\"height\":253,\"caption\":\"Mirare Productions\"},\"image\":{\"@id\":\"https:\\\/\\\/www.mirare.fr\\\/en\\\/#\\\/schema\\\/logo\\\/image\\\/\"},\"sameAs\":[\"https:\\\/\\\/fr-fr.facebook.com\\\/pages\\\/category\\\/Record-Label\\\/Mirare-151247074906672\\\/\",\"https:\\\/\\\/www.instagram.com\\\/mirare_records\\\/?hl=fr\"]}]}<\/script>\n<!-- \/ Yoast SEO plugin. -->","yoast_head_json":{"title":"Amandine Beyer - Gli Incogniti - Mirare","description":"The ensemble founded by Amandine Beyer in 2006 takes its name from the Accademia degli Incogniti, a musical society active in Venice...","robots":{"index":"index","follow":"follow","max-snippet":"max-snippet:-1","max-image-preview":"max-image-preview:large","max-video-preview":"max-video-preview:-1"},"canonical":"https:\/\/www.mirare.fr\/en\/artists\/amandine-beyer-gli-incogniti\/","og_locale":"en_US","og_type":"article","og_title":"Amandine Beyer - Gli Incogniti - Mirare","og_description":"The ensemble founded by Amandine Beyer in 2006 takes its name from the Accademia degli Incogniti, a musical society active in Venice...","og_url":"https:\/\/www.mirare.fr\/en\/artists\/amandine-beyer-gli-incogniti\/","og_site_name":"Mirare","article_publisher":"https:\/\/fr-fr.facebook.com\/pages\/category\/Record-Label\/Mirare-151247074906672\/","article_modified_time":"2022-02-28T15:32:32+00:00","og_image":[{"width":1350,"height":1080,"url":"https:\/\/www.mirare.fr\/wp-content\/uploads\/2022\/01\/AMANDINE_KEISER_CREDIT-T-PETERS.jpg","type":"image\/jpeg"}],"twitter_card":"summary_large_image","twitter_misc":{"Est. reading time":"1 minute"},"schema":{"@context":"https:\/\/schema.org","@graph":[{"@type":"WebPage","@id":"https:\/\/www.mirare.fr\/en\/artists\/amandine-beyer-gli-incogniti\/","url":"https:\/\/www.mirare.fr\/en\/artists\/amandine-beyer-gli-incogniti\/","name":"Amandine Beyer - Gli Incogniti - Mirare","isPartOf":{"@id":"https:\/\/www.mirare.fr\/en\/#website"},"primaryImageOfPage":{"@id":"https:\/\/www.mirare.fr\/en\/artists\/amandine-beyer-gli-incogniti\/#primaryimage"},"image":{"@id":"https:\/\/www.mirare.fr\/en\/artists\/amandine-beyer-gli-incogniti\/#primaryimage"},"thumbnailUrl":"https:\/\/www.mirare.fr\/wp-content\/uploads\/2022\/01\/AMANDINE_KEISER_CREDIT-T-PETERS.jpg","datePublished":"2022-01-04T10:08:34+00:00","dateModified":"2022-02-28T15:32:32+00:00","description":"The ensemble founded by Amandine Beyer in 2006 takes its name from the Accademia degli Incogniti, a musical society active in Venice...","breadcrumb":{"@id":"https:\/\/www.mirare.fr\/en\/artists\/amandine-beyer-gli-incogniti\/#breadcrumb"},"inLanguage":"en-US","potentialAction":[{"@type":"ReadAction","target":["https:\/\/www.mirare.fr\/en\/artists\/amandine-beyer-gli-incogniti\/"]}]},{"@type":"ImageObject","inLanguage":"en-US","@id":"https:\/\/www.mirare.fr\/en\/artists\/amandine-beyer-gli-incogniti\/#primaryimage","url":"https:\/\/www.mirare.fr\/wp-content\/uploads\/2022\/01\/AMANDINE_KEISER_CREDIT-T-PETERS.jpg","contentUrl":"https:\/\/www.mirare.fr\/wp-content\/uploads\/2022\/01\/AMANDINE_KEISER_CREDIT-T-PETERS.jpg","width":1350,"height":1080},{"@type":"BreadcrumbList","@id":"https:\/\/www.mirare.fr\/en\/artists\/amandine-beyer-gli-incogniti\/#breadcrumb","itemListElement":[{"@type":"ListItem","position":1,"name":"Home","item":"https:\/\/www.mirare.fr\/en\/"},{"@type":"ListItem","position":2,"name":"Amandine Beyer &#8211; Gli Incogniti"}]},{"@type":"WebSite","@id":"https:\/\/www.mirare.fr\/en\/#website","url":"https:\/\/www.mirare.fr\/en\/","name":"Mirare","description":"","publisher":{"@id":"https:\/\/www.mirare.fr\/en\/#organization"},"potentialAction":[{"@type":"SearchAction","target":{"@type":"EntryPoint","urlTemplate":"https:\/\/www.mirare.fr\/en\/?s={search_term_string}"},"query-input":{"@type":"PropertyValueSpecification","valueRequired":true,"valueName":"search_term_string"}}],"inLanguage":"en-US"},{"@type":"Organization","@id":"https:\/\/www.mirare.fr\/en\/#organization","name":"Mirare Productions","url":"https:\/\/www.mirare.fr\/en\/","logo":{"@type":"ImageObject","inLanguage":"en-US","@id":"https:\/\/www.mirare.fr\/en\/#\/schema\/logo\/image\/","url":"https:\/\/www.mirare.fr\/wp-content\/uploads\/2022\/02\/mirare-logo.png","contentUrl":"https:\/\/www.mirare.fr\/wp-content\/uploads\/2022\/02\/mirare-logo.png","width":1319,"height":253,"caption":"Mirare Productions"},"image":{"@id":"https:\/\/www.mirare.fr\/en\/#\/schema\/logo\/image\/"},"sameAs":["https:\/\/fr-fr.facebook.com\/pages\/category\/Record-Label\/Mirare-151247074906672\/","https:\/\/www.instagram.com\/mirare_records\/?hl=fr"]}]}},"_links":{"self":[{"href":"https:\/\/www.mirare.fr\/en\/wp-json\/wp\/v2\/artist\/13487","targetHints":{"allow":["GET"]}}],"collection":[{"href":"https:\/\/www.mirare.fr\/en\/wp-json\/wp\/v2\/artist"}],"about":[{"href":"https:\/\/www.mirare.fr\/en\/wp-json\/wp\/v2\/types\/artist"}],"author":[{"embeddable":true,"href":"https:\/\/www.mirare.fr\/en\/wp-json\/wp\/v2\/users\/1"}],"version-history":[{"count":1,"href":"https:\/\/www.mirare.fr\/en\/wp-json\/wp\/v2\/artist\/13487\/revisions"}],"predecessor-version":[{"id":13493,"href":"https:\/\/www.mirare.fr\/en\/wp-json\/wp\/v2\/artist\/13487\/revisions\/13493"}],"wp:featuredmedia":[{"embeddable":true,"href":"https:\/\/www.mirare.fr\/en\/wp-json\/wp\/v2\/media\/13488"}],"wp:attachment":[{"href":"https:\/\/www.mirare.fr\/en\/wp-json\/wp\/v2\/media?parent=13487"}],"curies":[{"name":"wp","href":"https:\/\/api.w.org\/{rel}","templated":true}]}}

<p>The ensemble founded by Amandine Beyer in 2006 takes its name from the Accademia degli Incogniti, a musical society active in Venice in the 1630s. The choice of name was motivated by the group’s taste for the unknown in all its forms, whether this involves experimentation with sonorities, exploration of new repertory, or rediscovery of the ‘classics’. The primary aim of its approach founded on the pleasure of a ‘union of tastes’ (the goûts réunis dear to François Couperin), achieved through collective work, is to convey to its listeners a committed and cohesive vision of the music it tackles.</p>
<p>Gli Incogniti has appeared in many leading venues (including the opera houses of Dijon and Monte Carlo and the Théâtre de la Ville in Paris) and at such festivals as Via Stellae in Spain, Tage Alter Musik in Regensburg (Germany), and Saintes, Sablé and Lanvellec in France. Its first recordings, devoted to the violin concertos of Bach and Vivaldi, were immediately singled out for mention by the international press. After programmes of music by Nicola Matteis and Johann Rosenmüller, in 2013 the ensemble released a new version of Corelli’s celebrated Concerti Grossi op.6 that obtained a Diapason d’Or of the year (Zig-Zag Territoires).</p>
