{"id":13481,"date":"2022-01-04T11:08:06","date_gmt":"2022-01-04T10:08:06","guid":{"rendered":"https:\/\/www.mirare.fr\/artistes\/adam-laloum\/"},"modified":"2022-02-28T16:31:41","modified_gmt":"2022-02-28T15:31:41","slug":"adam-laloum","status":"publish","type":"artist","link":"https:\/\/www.mirare.fr\/en\/artists\/adam-laloum\/","title":{"rendered":"Adam Laloum"},"content":{"rendered":"<p>Adam Laloum achieved international recognition in 2009 when he won First Prize at the prestigious Clara Haskil Competition and entered the class of Evgeni Koroliov, winner of the 1977 Clara Haskil Prize, at the Musikhochschule in Hamburg.<\/p>\n<p>Since then he has appeared at such festivals as Lucerne, Verbier, La Roque-d\u2019Anth\u00e9ron, Bad Kissingen, Piano aux Jacobins, Aix-en-Provence Easter Festival, La Folle Journ\u00e9e de Nantes, Klavier-Festival Ruhr and Rheingau Musik Festival, and venues including the Wigmore Hall in London, the Herkulessaal in Munich, the Berlin Philharmonie, the Th\u00e9\u00e2tre des Champs-\u00c9lys\u00e9es and Auditorium du Louvre in Paris, the Zurich Tonhalle, and the Conservatorio Giuseppe Verdi in Milan. Among the orchestras with which he has performed are the Orchestra of the Mariinsky Theatre (under Valery Gergiev), the Orchestre de Paris (Cornelius Meister), the Orchestre de Chambre de Lausanne (Joshua Weilerstein), the Orchestre Philharmonique de Radio France (Sir Roger Norrington), and the Deutsches Sinfonieorchester at the Berlin Philharmonie.<\/p>\n<p>An enthusiastic chamber musician, he joined Mi-Sa Yang and Victor Julien-Laferri\u00e8re to found the Trio Les Esprits, whose first disc, of works by Beethoven and Schumann, was released on Mirare. This recording was distinguished by The Strad magazine with \u2018The Strad recommends\u2019. A subsequent disc of the Brahms Clarinet Sonatas and Trio with Rapha\u00ebl S\u00e9v\u00e8re and Victor Julien-Laferri\u00e8re received a Diapason d\u2019Or of the Year 2015 and ffff in T\u00e9l\u00e9rama. He has also recorded two solo recital programmes for Mirare, devoted to Brahms and Schumann respectively, which have been highly acclaimed by the critics, earning a Diapason d\u2019Or of the Year 2015, ffff in T\u00e9l\u00e9rama, and other distinctions.<\/p>\n<p>He holds prizes and scholarships from the Fondation de France and the Fondation Groupe Banque Populaire. Adam Laloum is the artistic director of \u2018Les Pages Musicales de Lagrasse\u2019, a chamber music festival he founded in 2015.<\/p>\n","protected":false},"excerpt":{"rendered":"<p>Adam Laloum achieved international recognition in 2009 when he won First Prize at the prestigious Clara Haskil Competition and entered the class of Evgeni Koroliov, winner of the 1977 Clara Haskil Prize, at the Musikhochschule in Hamburg. Since then he has appeared at such festivals as Lucerne, Verbier, La Roque-d\u2019Anth\u00e9ron, Bad Kissingen, Piano aux Jacobins, [&hellip;]<\/p>\n","protected":false},"author":1,"featured_media":13482,"template":"","class_list":["post-13481","artist","type-artist","status-publish","has-post-thumbnail","hentry"],"acf":[],"yoast_head":"<!-- This site is optimized with the Yoast SEO plugin v27.5 - https:\/\/yoast.com\/product\/yoast-seo-wordpress\/ -->\n<title>Adam Laloum - Mirare<\/title>\n<meta name=\"description\" content=\"Adam Laloum achieved international recognition in 2009 when he won First Prize at the prestigious Clara Haskil Competition and entered the...\" \/>\n<meta name=\"robots\" content=\"index, follow, max-snippet:-1, max-image-preview:large, max-video-preview:-1\" \/>\n<link rel=\"canonical\" href=\"https:\/\/www.mirare.fr\/en\/artists\/adam-laloum\/\" \/>\n<meta property=\"og:locale\" content=\"en_US\" \/>\n<meta property=\"og:type\" content=\"article\" \/>\n<meta property=\"og:title\" content=\"Adam Laloum - Mirare\" \/>\n<meta property=\"og:description\" content=\"Adam Laloum achieved international recognition in 2009 when he won First Prize at the prestigious Clara Haskil Competition and entered the...\" \/>\n<meta property=\"og:url\" content=\"https:\/\/www.mirare.fr\/en\/artists\/adam-laloum\/\" \/>\n<meta property=\"og:site_name\" content=\"Mirare\" \/>\n<meta property=\"article:publisher\" content=\"https:\/\/fr-fr.facebook.com\/pages\/category\/Record-Label\/Mirare-151247074906672\/\" \/>\n<meta property=\"article:modified_time\" content=\"2022-02-28T15:31:41+00:00\" \/>\n<meta property=\"og:image\" content=\"https:\/\/www.mirare.fr\/wp-content\/uploads\/2022\/01\/IMG_9493.JPG\" \/>\n\t<meta property=\"og:image:width\" content=\"2784\" \/>\n\t<meta property=\"og:image:height\" content=\"1856\" \/>\n\t<meta property=\"og:image:type\" content=\"image\/jpeg\" \/>\n<meta name=\"twitter:card\" content=\"summary_large_image\" \/>\n<meta name=\"twitter:label1\" content=\"Est. reading time\" \/>\n\t<meta name=\"twitter:data1\" content=\"2 minutes\" \/>\n<script type=\"application\/ld+json\" class=\"yoast-schema-graph\">{\"@context\":\"https:\\\/\\\/schema.org\",\"@graph\":[{\"@type\":\"WebPage\",\"@id\":\"https:\\\/\\\/www.mirare.fr\\\/en\\\/artists\\\/adam-laloum\\\/\",\"url\":\"https:\\\/\\\/www.mirare.fr\\\/en\\\/artists\\\/adam-laloum\\\/\",\"name\":\"Adam Laloum - Mirare\",\"isPartOf\":{\"@id\":\"https:\\\/\\\/www.mirare.fr\\\/en\\\/#website\"},\"primaryImageOfPage\":{\"@id\":\"https:\\\/\\\/www.mirare.fr\\\/en\\\/artists\\\/adam-laloum\\\/#primaryimage\"},\"image\":{\"@id\":\"https:\\\/\\\/www.mirare.fr\\\/en\\\/artists\\\/adam-laloum\\\/#primaryimage\"},\"thumbnailUrl\":\"https:\\\/\\\/www.mirare.fr\\\/wp-content\\\/uploads\\\/2022\\\/01\\\/IMG_9493.JPG\",\"datePublished\":\"2022-01-04T10:08:06+00:00\",\"dateModified\":\"2022-02-28T15:31:41+00:00\",\"description\":\"Adam Laloum achieved international recognition in 2009 when he won First Prize at the prestigious Clara Haskil Competition and entered the...\",\"breadcrumb\":{\"@id\":\"https:\\\/\\\/www.mirare.fr\\\/en\\\/artists\\\/adam-laloum\\\/#breadcrumb\"},\"inLanguage\":\"en-US\",\"potentialAction\":[{\"@type\":\"ReadAction\",\"target\":[\"https:\\\/\\\/www.mirare.fr\\\/en\\\/artists\\\/adam-laloum\\\/\"]}]},{\"@type\":\"ImageObject\",\"inLanguage\":\"en-US\",\"@id\":\"https:\\\/\\\/www.mirare.fr\\\/en\\\/artists\\\/adam-laloum\\\/#primaryimage\",\"url\":\"https:\\\/\\\/www.mirare.fr\\\/wp-content\\\/uploads\\\/2022\\\/01\\\/IMG_9493.JPG\",\"contentUrl\":\"https:\\\/\\\/www.mirare.fr\\\/wp-content\\\/uploads\\\/2022\\\/01\\\/IMG_9493.JPG\",\"width\":2784,\"height\":1856},{\"@type\":\"BreadcrumbList\",\"@id\":\"https:\\\/\\\/www.mirare.fr\\\/en\\\/artists\\\/adam-laloum\\\/#breadcrumb\",\"itemListElement\":[{\"@type\":\"ListItem\",\"position\":1,\"name\":\"Home\",\"item\":\"https:\\\/\\\/www.mirare.fr\\\/en\\\/\"},{\"@type\":\"ListItem\",\"position\":2,\"name\":\"Adam Laloum\"}]},{\"@type\":\"WebSite\",\"@id\":\"https:\\\/\\\/www.mirare.fr\\\/en\\\/#website\",\"url\":\"https:\\\/\\\/www.mirare.fr\\\/en\\\/\",\"name\":\"Mirare\",\"description\":\"\",\"publisher\":{\"@id\":\"https:\\\/\\\/www.mirare.fr\\\/en\\\/#organization\"},\"potentialAction\":[{\"@type\":\"SearchAction\",\"target\":{\"@type\":\"EntryPoint\",\"urlTemplate\":\"https:\\\/\\\/www.mirare.fr\\\/en\\\/?s={search_term_string}\"},\"query-input\":{\"@type\":\"PropertyValueSpecification\",\"valueRequired\":true,\"valueName\":\"search_term_string\"}}],\"inLanguage\":\"en-US\"},{\"@type\":\"Organization\",\"@id\":\"https:\\\/\\\/www.mirare.fr\\\/en\\\/#organization\",\"name\":\"Mirare Productions\",\"url\":\"https:\\\/\\\/www.mirare.fr\\\/en\\\/\",\"logo\":{\"@type\":\"ImageObject\",\"inLanguage\":\"en-US\",\"@id\":\"https:\\\/\\\/www.mirare.fr\\\/en\\\/#\\\/schema\\\/logo\\\/image\\\/\",\"url\":\"https:\\\/\\\/www.mirare.fr\\\/wp-content\\\/uploads\\\/2022\\\/02\\\/mirare-logo.png\",\"contentUrl\":\"https:\\\/\\\/www.mirare.fr\\\/wp-content\\\/uploads\\\/2022\\\/02\\\/mirare-logo.png\",\"width\":1319,\"height\":253,\"caption\":\"Mirare Productions\"},\"image\":{\"@id\":\"https:\\\/\\\/www.mirare.fr\\\/en\\\/#\\\/schema\\\/logo\\\/image\\\/\"},\"sameAs\":[\"https:\\\/\\\/fr-fr.facebook.com\\\/pages\\\/category\\\/Record-Label\\\/Mirare-151247074906672\\\/\",\"https:\\\/\\\/www.instagram.com\\\/mirare_records\\\/?hl=fr\"]}]}<\/script>\n<!-- \/ Yoast SEO plugin. -->","yoast_head_json":{"title":"Adam Laloum - Mirare","description":"Adam Laloum achieved international recognition in 2009 when he won First Prize at the prestigious Clara Haskil Competition and entered the...","robots":{"index":"index","follow":"follow","max-snippet":"max-snippet:-1","max-image-preview":"max-image-preview:large","max-video-preview":"max-video-preview:-1"},"canonical":"https:\/\/www.mirare.fr\/en\/artists\/adam-laloum\/","og_locale":"en_US","og_type":"article","og_title":"Adam Laloum - Mirare","og_description":"Adam Laloum achieved international recognition in 2009 when he won First Prize at the prestigious Clara Haskil Competition and entered the...","og_url":"https:\/\/www.mirare.fr\/en\/artists\/adam-laloum\/","og_site_name":"Mirare","article_publisher":"https:\/\/fr-fr.facebook.com\/pages\/category\/Record-Label\/Mirare-151247074906672\/","article_modified_time":"2022-02-28T15:31:41+00:00","og_image":[{"width":2784,"height":1856,"url":"https:\/\/www.mirare.fr\/wp-content\/uploads\/2022\/01\/IMG_9493.JPG","type":"image\/jpeg"}],"twitter_card":"summary_large_image","twitter_misc":{"Est. reading time":"2 minutes"},"schema":{"@context":"https:\/\/schema.org","@graph":[{"@type":"WebPage","@id":"https:\/\/www.mirare.fr\/en\/artists\/adam-laloum\/","url":"https:\/\/www.mirare.fr\/en\/artists\/adam-laloum\/","name":"Adam Laloum - Mirare","isPartOf":{"@id":"https:\/\/www.mirare.fr\/en\/#website"},"primaryImageOfPage":{"@id":"https:\/\/www.mirare.fr\/en\/artists\/adam-laloum\/#primaryimage"},"image":{"@id":"https:\/\/www.mirare.fr\/en\/artists\/adam-laloum\/#primaryimage"},"thumbnailUrl":"https:\/\/www.mirare.fr\/wp-content\/uploads\/2022\/01\/IMG_9493.JPG","datePublished":"2022-01-04T10:08:06+00:00","dateModified":"2022-02-28T15:31:41+00:00","description":"Adam Laloum achieved international recognition in 2009 when he won First Prize at the prestigious Clara Haskil Competition and entered the...","breadcrumb":{"@id":"https:\/\/www.mirare.fr\/en\/artists\/adam-laloum\/#breadcrumb"},"inLanguage":"en-US","potentialAction":[{"@type":"ReadAction","target":["https:\/\/www.mirare.fr\/en\/artists\/adam-laloum\/"]}]},{"@type":"ImageObject","inLanguage":"en-US","@id":"https:\/\/www.mirare.fr\/en\/artists\/adam-laloum\/#primaryimage","url":"https:\/\/www.mirare.fr\/wp-content\/uploads\/2022\/01\/IMG_9493.JPG","contentUrl":"https:\/\/www.mirare.fr\/wp-content\/uploads\/2022\/01\/IMG_9493.JPG","width":2784,"height":1856},{"@type":"BreadcrumbList","@id":"https:\/\/www.mirare.fr\/en\/artists\/adam-laloum\/#breadcrumb","itemListElement":[{"@type":"ListItem","position":1,"name":"Home","item":"https:\/\/www.mirare.fr\/en\/"},{"@type":"ListItem","position":2,"name":"Adam Laloum"}]},{"@type":"WebSite","@id":"https:\/\/www.mirare.fr\/en\/#website","url":"https:\/\/www.mirare.fr\/en\/","name":"Mirare","description":"","publisher":{"@id":"https:\/\/www.mirare.fr\/en\/#organization"},"potentialAction":[{"@type":"SearchAction","target":{"@type":"EntryPoint","urlTemplate":"https:\/\/www.mirare.fr\/en\/?s={search_term_string}"},"query-input":{"@type":"PropertyValueSpecification","valueRequired":true,"valueName":"search_term_string"}}],"inLanguage":"en-US"},{"@type":"Organization","@id":"https:\/\/www.mirare.fr\/en\/#organization","name":"Mirare Productions","url":"https:\/\/www.mirare.fr\/en\/","logo":{"@type":"ImageObject","inLanguage":"en-US","@id":"https:\/\/www.mirare.fr\/en\/#\/schema\/logo\/image\/","url":"https:\/\/www.mirare.fr\/wp-content\/uploads\/2022\/02\/mirare-logo.png","contentUrl":"https:\/\/www.mirare.fr\/wp-content\/uploads\/2022\/02\/mirare-logo.png","width":1319,"height":253,"caption":"Mirare Productions"},"image":{"@id":"https:\/\/www.mirare.fr\/en\/#\/schema\/logo\/image\/"},"sameAs":["https:\/\/fr-fr.facebook.com\/pages\/category\/Record-Label\/Mirare-151247074906672\/","https:\/\/www.instagram.com\/mirare_records\/?hl=fr"]}]}},"_links":{"self":[{"href":"https:\/\/www.mirare.fr\/en\/wp-json\/wp\/v2\/artist\/13481","targetHints":{"allow":["GET"]}}],"collection":[{"href":"https:\/\/www.mirare.fr\/en\/wp-json\/wp\/v2\/artist"}],"about":[{"href":"https:\/\/www.mirare.fr\/en\/wp-json\/wp\/v2\/types\/artist"}],"author":[{"embeddable":true,"href":"https:\/\/www.mirare.fr\/en\/wp-json\/wp\/v2\/users\/1"}],"version-history":[{"count":2,"href":"https:\/\/www.mirare.fr\/en\/wp-json\/wp\/v2\/artist\/13481\/revisions"}],"predecessor-version":[{"id":13484,"href":"https:\/\/www.mirare.fr\/en\/wp-json\/wp\/v2\/artist\/13481\/revisions\/13484"}],"wp:featuredmedia":[{"embeddable":true,"href":"https:\/\/www.mirare.fr\/en\/wp-json\/wp\/v2\/media\/13482"}],"wp:attachment":[{"href":"https:\/\/www.mirare.fr\/en\/wp-json\/wp\/v2\/media?parent=13481"}],"curies":[{"name":"wp","href":"https:\/\/api.w.org\/{rel}","templated":true}]}}

<p>Adam Laloum achieved international recognition in 2009 when he won First Prize at the prestigious Clara Haskil Competition and entered the class of Evgeni Koroliov, winner of the 1977 Clara Haskil Prize, at the Musikhochschule in Hamburg.</p>
<p>Since then he has appeared at such festivals as Lucerne, Verbier, La Roque-d’Anthéron, Bad Kissingen, Piano aux Jacobins, Aix-en-Provence Easter Festival, La Folle Journée de Nantes, Klavier-Festival Ruhr and Rheingau Musik Festival, and venues including the Wigmore Hall in London, the Herkulessaal in Munich, the Berlin Philharmonie, the Théâtre des Champs-Élysées and Auditorium du Louvre in Paris, the Zurich Tonhalle, and the Conservatorio Giuseppe Verdi in Milan. Among the orchestras with which he has performed are the Orchestra of the Mariinsky Theatre (under Valery Gergiev), the Orchestre de Paris (Cornelius Meister), the Orchestre de Chambre de Lausanne (Joshua Weilerstein), the Orchestre Philharmonique de Radio France (Sir Roger Norrington), and the Deutsches Sinfonieorchester at the Berlin Philharmonie.</p>
<p>An enthusiastic chamber musician, he joined Mi-Sa Yang and Victor Julien-Laferrière to found the Trio Les Esprits, whose first disc, of works by Beethoven and Schumann, was released on Mirare. This recording was distinguished by The Strad magazine with ‘The Strad recommends’. A subsequent disc of the Brahms Clarinet Sonatas and Trio with Raphaël Sévère and Victor Julien-Laferrière received a Diapason d’Or of the Year 2015 and ffff in Télérama. He has also recorded two solo recital programmes for Mirare, devoted to Brahms and Schumann respectively, which have been highly acclaimed by the critics, earning a Diapason d’Or of the Year 2015, ffff in Télérama, and other distinctions.</p>
<p>He holds prizes and scholarships from the Fondation de France and the Fondation Groupe Banque Populaire. Adam Laloum is the artistic director of ‘Les Pages Musicales de Lagrasse’, a chamber music festival he founded in 2015.</p>

<p>Adam Laloum achieved international recognition in 2009 when he won First Prize at the prestigious Clara Haskil Competition and entered the class of Evgeni Koroliov, winner of the 1977 Clara Haskil Prize, at the Musikhochschule in Hamburg. Since then he has appeared at such festivals as Lucerne, Verbier, La Roque-d’Anthéron, Bad Kissingen, Piano aux Jacobins, [&hellip;]</p>
