{"id":19939,"date":"2025-10-28T16:42:53","date_gmt":"2025-10-28T15:42:53","guid":{"rendered":"https:\/\/www.mirare.fr\/albums\/faure-en-heritage\/"},"modified":"2025-10-28T16:45:03","modified_gmt":"2025-10-28T15:45:03","slug":"faure-en-heritage","status":"publish","type":"album","link":"https:\/\/www.mirare.fr\/en\/albums\/faure-en-heritage\/","title":{"rendered":"Faur\u00e9 en h\u00e9ritage"},"content":{"rendered":"<p class=\"p2\">Gaspard Dehaene offers an exhilarating, poetical immersion into Gabriel Faur\u00e9\u2019s class. His performance conveys the enthusiasm, the liveliness and sensitivity specific to each composer of this generation that passed through the Conservatoire de Paris. A tribute to the French master and the pianists who got to know him and celebrated him, this record is also a wonderful collection of musical pieces in praise of transmission.<\/p>\n","protected":false},"excerpt":{"rendered":"<p>Gaspard Dehaene offers an exhilarating, poetical immersion into Gabriel Faur\u00e9\u2019s class. His performance conveys the enthusiasm, the liveliness and sensitivity specific to each composer of this generation that passed through the Conservatoire de Paris. A tribute to the French master and the pianists who got to know him and celebrated him, this record is also [&hellip;]<\/p>\n","protected":false},"author":3,"featured_media":19940,"template":"","genre":[3355],"composer":[3387,3088,3090,3388,3026,3389,3062,3067,3390,3391],"class_list":["post-19939","album","type-album","status-publish","has-post-thumbnail","hentry","genre-classique-en","composer-aubert","composer-bonis-mel-en","composer-boulanger-lili-en","composer-enesco","composer-faure-en","composer-koechlin","composer-ladmirault-paul-en","composer-ravel-en","composer-roger-ducasse","composer-schmitt"],"acf":[],"yoast_head":"<!-- This site is optimized with the Yoast SEO plugin v27.5 - https:\/\/yoast.com\/product\/yoast-seo-wordpress\/ -->\n<title>Faur\u00e9 en h\u00e9ritage - Mirare<\/title>\n<meta name=\"description\" content=\"Gaspard Dehaene offers an exhilarating, poetical immersion into Gabriel Faur\u00e9\u2019s class.\" \/>\n<meta name=\"robots\" content=\"index, follow, max-snippet:-1, max-image-preview:large, max-video-preview:-1\" \/>\n<link rel=\"canonical\" href=\"https:\/\/www.mirare.fr\/en\/albums\/faure-en-heritage\/\" \/>\n<meta property=\"og:locale\" content=\"en_US\" \/>\n<meta property=\"og:type\" content=\"article\" \/>\n<meta property=\"og:title\" content=\"Faur\u00e9 en h\u00e9ritage - Mirare\" \/>\n<meta property=\"og:description\" content=\"Gaspard Dehaene offers an exhilarating, poetical immersion into Gabriel Faur\u00e9\u2019s class.\" \/>\n<meta property=\"og:url\" content=\"https:\/\/www.mirare.fr\/en\/albums\/faure-en-heritage\/\" \/>\n<meta property=\"og:site_name\" content=\"Mirare\" \/>\n<meta property=\"article:publisher\" content=\"https:\/\/fr-fr.facebook.com\/pages\/category\/Record-Label\/Mirare-151247074906672\/\" \/>\n<meta property=\"article:modified_time\" content=\"2025-10-28T15:45:03+00:00\" \/>\n<meta property=\"og:image\" content=\"https:\/\/www.mirare.fr\/wp-content\/uploads\/2025\/10\/MIR776_RECTO.jpg\" \/>\n\t<meta property=\"og:image:width\" content=\"1649\" \/>\n\t<meta property=\"og:image:height\" content=\"1484\" \/>\n\t<meta property=\"og:image:type\" content=\"image\/jpeg\" \/>\n<meta name=\"twitter:card\" content=\"summary_large_image\" \/>\n<meta name=\"twitter:label1\" content=\"Est. reading time\" \/>\n\t<meta name=\"twitter:data1\" content=\"1 minute\" \/>\n<script type=\"application\/ld+json\" class=\"yoast-schema-graph\">{\"@context\":\"https:\\\/\\\/schema.org\",\"@graph\":[{\"@type\":\"WebPage\",\"@id\":\"https:\\\/\\\/www.mirare.fr\\\/en\\\/albums\\\/faure-en-heritage\\\/\",\"url\":\"https:\\\/\\\/www.mirare.fr\\\/en\\\/albums\\\/faure-en-heritage\\\/\",\"name\":\"Faur\u00e9 en h\u00e9ritage - Mirare\",\"isPartOf\":{\"@id\":\"https:\\\/\\\/www.mirare.fr\\\/en\\\/#website\"},\"primaryImageOfPage\":{\"@id\":\"https:\\\/\\\/www.mirare.fr\\\/en\\\/albums\\\/faure-en-heritage\\\/#primaryimage\"},\"image\":{\"@id\":\"https:\\\/\\\/www.mirare.fr\\\/en\\\/albums\\\/faure-en-heritage\\\/#primaryimage\"},\"thumbnailUrl\":\"https:\\\/\\\/www.mirare.fr\\\/wp-content\\\/uploads\\\/2025\\\/10\\\/MIR776_RECTO.jpg\",\"datePublished\":\"2025-10-28T15:42:53+00:00\",\"dateModified\":\"2025-10-28T15:45:03+00:00\",\"description\":\"Gaspard Dehaene offers an exhilarating, poetical immersion into Gabriel Faur\u00e9\u2019s class.\",\"breadcrumb\":{\"@id\":\"https:\\\/\\\/www.mirare.fr\\\/en\\\/albums\\\/faure-en-heritage\\\/#breadcrumb\"},\"inLanguage\":\"en-US\",\"potentialAction\":[{\"@type\":\"ReadAction\",\"target\":[\"https:\\\/\\\/www.mirare.fr\\\/en\\\/albums\\\/faure-en-heritage\\\/\"]}]},{\"@type\":\"ImageObject\",\"inLanguage\":\"en-US\",\"@id\":\"https:\\\/\\\/www.mirare.fr\\\/en\\\/albums\\\/faure-en-heritage\\\/#primaryimage\",\"url\":\"https:\\\/\\\/www.mirare.fr\\\/wp-content\\\/uploads\\\/2025\\\/10\\\/MIR776_RECTO.jpg\",\"contentUrl\":\"https:\\\/\\\/www.mirare.fr\\\/wp-content\\\/uploads\\\/2025\\\/10\\\/MIR776_RECTO.jpg\",\"width\":1649,\"height\":1484},{\"@type\":\"BreadcrumbList\",\"@id\":\"https:\\\/\\\/www.mirare.fr\\\/en\\\/albums\\\/faure-en-heritage\\\/#breadcrumb\",\"itemListElement\":[{\"@type\":\"ListItem\",\"position\":1,\"name\":\"Home\",\"item\":\"https:\\\/\\\/www.mirare.fr\\\/en\\\/\"},{\"@type\":\"ListItem\",\"position\":2,\"name\":\"Faur\u00e9 en h\u00e9ritage\"}]},{\"@type\":\"WebSite\",\"@id\":\"https:\\\/\\\/www.mirare.fr\\\/en\\\/#website\",\"url\":\"https:\\\/\\\/www.mirare.fr\\\/en\\\/\",\"name\":\"Mirare\",\"description\":\"\",\"publisher\":{\"@id\":\"https:\\\/\\\/www.mirare.fr\\\/en\\\/#organization\"},\"potentialAction\":[{\"@type\":\"SearchAction\",\"target\":{\"@type\":\"EntryPoint\",\"urlTemplate\":\"https:\\\/\\\/www.mirare.fr\\\/en\\\/?s={search_term_string}\"},\"query-input\":{\"@type\":\"PropertyValueSpecification\",\"valueRequired\":true,\"valueName\":\"search_term_string\"}}],\"inLanguage\":\"en-US\"},{\"@type\":\"Organization\",\"@id\":\"https:\\\/\\\/www.mirare.fr\\\/en\\\/#organization\",\"name\":\"Mirare Productions\",\"url\":\"https:\\\/\\\/www.mirare.fr\\\/en\\\/\",\"logo\":{\"@type\":\"ImageObject\",\"inLanguage\":\"en-US\",\"@id\":\"https:\\\/\\\/www.mirare.fr\\\/en\\\/#\\\/schema\\\/logo\\\/image\\\/\",\"url\":\"https:\\\/\\\/www.mirare.fr\\\/wp-content\\\/uploads\\\/2022\\\/02\\\/mirare-logo.png\",\"contentUrl\":\"https:\\\/\\\/www.mirare.fr\\\/wp-content\\\/uploads\\\/2022\\\/02\\\/mirare-logo.png\",\"width\":1319,\"height\":253,\"caption\":\"Mirare Productions\"},\"image\":{\"@id\":\"https:\\\/\\\/www.mirare.fr\\\/en\\\/#\\\/schema\\\/logo\\\/image\\\/\"},\"sameAs\":[\"https:\\\/\\\/fr-fr.facebook.com\\\/pages\\\/category\\\/Record-Label\\\/Mirare-151247074906672\\\/\",\"https:\\\/\\\/www.instagram.com\\\/mirare_records\\\/?hl=fr\"]}]}<\/script>\n<!-- \/ Yoast SEO plugin. -->","yoast_head_json":{"title":"Faur\u00e9 en h\u00e9ritage - Mirare","description":"Gaspard Dehaene offers an exhilarating, poetical immersion into Gabriel Faur\u00e9\u2019s class.","robots":{"index":"index","follow":"follow","max-snippet":"max-snippet:-1","max-image-preview":"max-image-preview:large","max-video-preview":"max-video-preview:-1"},"canonical":"https:\/\/www.mirare.fr\/en\/albums\/faure-en-heritage\/","og_locale":"en_US","og_type":"article","og_title":"Faur\u00e9 en h\u00e9ritage - Mirare","og_description":"Gaspard Dehaene offers an exhilarating, poetical immersion into Gabriel Faur\u00e9\u2019s class.","og_url":"https:\/\/www.mirare.fr\/en\/albums\/faure-en-heritage\/","og_site_name":"Mirare","article_publisher":"https:\/\/fr-fr.facebook.com\/pages\/category\/Record-Label\/Mirare-151247074906672\/","article_modified_time":"2025-10-28T15:45:03+00:00","og_image":[{"width":1649,"height":1484,"url":"https:\/\/www.mirare.fr\/wp-content\/uploads\/2025\/10\/MIR776_RECTO.jpg","type":"image\/jpeg"}],"twitter_card":"summary_large_image","twitter_misc":{"Est. reading time":"1 minute"},"schema":{"@context":"https:\/\/schema.org","@graph":[{"@type":"WebPage","@id":"https:\/\/www.mirare.fr\/en\/albums\/faure-en-heritage\/","url":"https:\/\/www.mirare.fr\/en\/albums\/faure-en-heritage\/","name":"Faur\u00e9 en h\u00e9ritage - Mirare","isPartOf":{"@id":"https:\/\/www.mirare.fr\/en\/#website"},"primaryImageOfPage":{"@id":"https:\/\/www.mirare.fr\/en\/albums\/faure-en-heritage\/#primaryimage"},"image":{"@id":"https:\/\/www.mirare.fr\/en\/albums\/faure-en-heritage\/#primaryimage"},"thumbnailUrl":"https:\/\/www.mirare.fr\/wp-content\/uploads\/2025\/10\/MIR776_RECTO.jpg","datePublished":"2025-10-28T15:42:53+00:00","dateModified":"2025-10-28T15:45:03+00:00","description":"Gaspard Dehaene offers an exhilarating, poetical immersion into Gabriel Faur\u00e9\u2019s class.","breadcrumb":{"@id":"https:\/\/www.mirare.fr\/en\/albums\/faure-en-heritage\/#breadcrumb"},"inLanguage":"en-US","potentialAction":[{"@type":"ReadAction","target":["https:\/\/www.mirare.fr\/en\/albums\/faure-en-heritage\/"]}]},{"@type":"ImageObject","inLanguage":"en-US","@id":"https:\/\/www.mirare.fr\/en\/albums\/faure-en-heritage\/#primaryimage","url":"https:\/\/www.mirare.fr\/wp-content\/uploads\/2025\/10\/MIR776_RECTO.jpg","contentUrl":"https:\/\/www.mirare.fr\/wp-content\/uploads\/2025\/10\/MIR776_RECTO.jpg","width":1649,"height":1484},{"@type":"BreadcrumbList","@id":"https:\/\/www.mirare.fr\/en\/albums\/faure-en-heritage\/#breadcrumb","itemListElement":[{"@type":"ListItem","position":1,"name":"Home","item":"https:\/\/www.mirare.fr\/en\/"},{"@type":"ListItem","position":2,"name":"Faur\u00e9 en h\u00e9ritage"}]},{"@type":"WebSite","@id":"https:\/\/www.mirare.fr\/en\/#website","url":"https:\/\/www.mirare.fr\/en\/","name":"Mirare","description":"","publisher":{"@id":"https:\/\/www.mirare.fr\/en\/#organization"},"potentialAction":[{"@type":"SearchAction","target":{"@type":"EntryPoint","urlTemplate":"https:\/\/www.mirare.fr\/en\/?s={search_term_string}"},"query-input":{"@type":"PropertyValueSpecification","valueRequired":true,"valueName":"search_term_string"}}],"inLanguage":"en-US"},{"@type":"Organization","@id":"https:\/\/www.mirare.fr\/en\/#organization","name":"Mirare Productions","url":"https:\/\/www.mirare.fr\/en\/","logo":{"@type":"ImageObject","inLanguage":"en-US","@id":"https:\/\/www.mirare.fr\/en\/#\/schema\/logo\/image\/","url":"https:\/\/www.mirare.fr\/wp-content\/uploads\/2022\/02\/mirare-logo.png","contentUrl":"https:\/\/www.mirare.fr\/wp-content\/uploads\/2022\/02\/mirare-logo.png","width":1319,"height":253,"caption":"Mirare Productions"},"image":{"@id":"https:\/\/www.mirare.fr\/en\/#\/schema\/logo\/image\/"},"sameAs":["https:\/\/fr-fr.facebook.com\/pages\/category\/Record-Label\/Mirare-151247074906672\/","https:\/\/www.instagram.com\/mirare_records\/?hl=fr"]}]}},"_links":{"self":[{"href":"https:\/\/www.mirare.fr\/en\/wp-json\/wp\/v2\/album\/19939","targetHints":{"allow":["GET"]}}],"collection":[{"href":"https:\/\/www.mirare.fr\/en\/wp-json\/wp\/v2\/album"}],"about":[{"href":"https:\/\/www.mirare.fr\/en\/wp-json\/wp\/v2\/types\/album"}],"author":[{"embeddable":true,"href":"https:\/\/www.mirare.fr\/en\/wp-json\/wp\/v2\/users\/3"}],"version-history":[{"count":2,"href":"https:\/\/www.mirare.fr\/en\/wp-json\/wp\/v2\/album\/19939\/revisions"}],"predecessor-version":[{"id":19944,"href":"https:\/\/www.mirare.fr\/en\/wp-json\/wp\/v2\/album\/19939\/revisions\/19944"}],"wp:featuredmedia":[{"embeddable":true,"href":"https:\/\/www.mirare.fr\/en\/wp-json\/wp\/v2\/media\/19940"}],"wp:attachment":[{"href":"https:\/\/www.mirare.fr\/en\/wp-json\/wp\/v2\/media?parent=19939"}],"wp:term":[{"taxonomy":"genre","embeddable":true,"href":"https:\/\/www.mirare.fr\/en\/wp-json\/wp\/v2\/genre?post=19939"},{"taxonomy":"composer","embeddable":true,"href":"https:\/\/www.mirare.fr\/en\/wp-json\/wp\/v2\/composer?post=19939"}],"curies":[{"name":"wp","href":"https:\/\/api.w.org\/{rel}","templated":true}]}}

Fauré en héritage

<p class="p2">Gaspard Dehaene offers an exhilarating, poetical immersion into Gabriel Fauré’s class. His performance conveys the enthusiasm, the liveliness and sensitivity specific to each composer of this generation that passed through the Conservatoire de Paris. A tribute to the French master and the pianists who got to know him and celebrated him, this record is also a wonderful collection of musical pieces in praise of transmission.</p>

<p>Gaspard Dehaene offers an exhilarating, poetical immersion into Gabriel Fauré’s class. His performance conveys the enthusiasm, the liveliness and sensitivity specific to each composer of this generation that passed through the Conservatoire de Paris. A tribute to the French master and the pianists who got to know him and celebrated him, this record is also [&hellip;]</p>

<!-- This site is optimized with the Yoast SEO plugin v27.5 - https://yoast.com/product/yoast-seo-wordpress/ -->
<title>Fauré en héritage - Mirare</title>
<meta name="description" content="Gaspard Dehaene offers an exhilarating, poetical immersion into Gabriel Fauré’s class." />
<meta name="robots" content="index, follow, max-snippet:-1, max-image-preview:large, max-video-preview:-1" />
<link rel="canonical" href="https://www.mirare.fr/en/albums/faure-en-heritage/" />
<meta property="og:locale" content="en_US" />
<meta property="og:type" content="article" />
<meta property="og:title" content="Fauré en héritage - Mirare" />
<meta property="og:description" content="Gaspard Dehaene offers an exhilarating, poetical immersion into Gabriel Fauré’s class." />
<meta property="og:url" content="https://www.mirare.fr/en/albums/faure-en-heritage/" />
<meta property="og:site_name" content="Mirare" />
<meta property="article:publisher" content="https://fr-fr.facebook.com/pages/category/Record-Label/Mirare-151247074906672/" />
<meta property="article:modified_time" content="2025-10-28T15:45:03+00:00" />
<meta property="og:image" content="https://www.mirare.fr/wp-content/uploads/2025/10/MIR776_RECTO.jpg" />
	<meta property="og:image:width" content="1649" />
	<meta property="og:image:height" content="1484" />
	<meta property="og:image:type" content="image/jpeg" />
<meta name="twitter:card" content="summary_large_image" />
<meta name="twitter:label1" content="Est. reading time" />
	<meta name="twitter:data1" content="1 minute" />
<script type="application/ld+json" class="yoast-schema-graph">{"@context":"https:\/\/schema.org","@graph":[{"@type":"WebPage","@id":"https:\/\/www.mirare.fr\/en\/albums\/faure-en-heritage\/","url":"https:\/\/www.mirare.fr\/en\/albums\/faure-en-heritage\/","name":"Fauré en héritage - Mirare","isPartOf":{"@id":"https:\/\/www.mirare.fr\/en\/#website"},"primaryImageOfPage":{"@id":"https:\/\/www.mirare.fr\/en\/albums\/faure-en-heritage\/#primaryimage"},"image":{"@id":"https:\/\/www.mirare.fr\/en\/albums\/faure-en-heritage\/#primaryimage"},"thumbnailUrl":"https:\/\/www.mirare.fr\/wp-content\/uploads\/2025\/10\/MIR776_RECTO.jpg","datePublished":"2025-10-28T15:42:53+00:00","dateModified":"2025-10-28T15:45:03+00:00","description":"Gaspard Dehaene offers an exhilarating, poetical immersion into Gabriel Fauré’s class.","breadcrumb":{"@id":"https:\/\/www.mirare.fr\/en\/albums\/faure-en-heritage\/#breadcrumb"},"inLanguage":"en-US","potentialAction":[{"@type":"ReadAction","target":["https:\/\/www.mirare.fr\/en\/albums\/faure-en-heritage\/"]}]},{"@type":"ImageObject","inLanguage":"en-US","@id":"https:\/\/www.mirare.fr\/en\/albums\/faure-en-heritage\/#primaryimage","url":"https:\/\/www.mirare.fr\/wp-content\/uploads\/2025\/10\/MIR776_RECTO.jpg","contentUrl":"https:\/\/www.mirare.fr\/wp-content\/uploads\/2025\/10\/MIR776_RECTO.jpg","width":1649,"height":1484},{"@type":"BreadcrumbList","@id":"https:\/\/www.mirare.fr\/en\/albums\/faure-en-heritage\/#breadcrumb","itemListElement":[{"@type":"ListItem","position":1,"name":"Home","item":"https:\/\/www.mirare.fr\/en\/"},{"@type":"ListItem","position":2,"name":"Fauré en héritage"}]},{"@type":"WebSite","@id":"https:\/\/www.mirare.fr\/en\/#website","url":"https:\/\/www.mirare.fr\/en\/","name":"Mirare","description":"","publisher":{"@id":"https:\/\/www.mirare.fr\/en\/#organization"},"potentialAction":[{"@type":"SearchAction","target":{"@type":"EntryPoint","urlTemplate":"https:\/\/www.mirare.fr\/en\/?s={search_term_string}"},"query-input":{"@type":"PropertyValueSpecification","valueRequired":true,"valueName":"search_term_string"}}],"inLanguage":"en-US"},{"@type":"Organization","@id":"https:\/\/www.mirare.fr\/en\/#organization","name":"Mirare Productions","url":"https:\/\/www.mirare.fr\/en\/","logo":{"@type":"ImageObject","inLanguage":"en-US","@id":"https:\/\/www.mirare.fr\/en\/#\/schema\/logo\/image\/","url":"https:\/\/www.mirare.fr\/wp-content\/uploads\/2022\/02\/mirare-logo.png","contentUrl":"https:\/\/www.mirare.fr\/wp-content\/uploads\/2022\/02\/mirare-logo.png","width":1319,"height":253,"caption":"Mirare Productions"},"image":{"@id":"https:\/\/www.mirare.fr\/en\/#\/schema\/logo\/image\/"},"sameAs":["https:\/\/fr-fr.facebook.com\/pages\/category\/Record-Label\/Mirare-151247074906672\/","https:\/\/www.instagram.com\/mirare_records\/?hl=fr"]}]}</script>
<!-- / Yoast SEO plugin. -->

Fauré en héritage - Mirare

Gaspard Dehaene offers an exhilarating, poetical immersion into Gabriel Fauré’s class.
