{"id":19356,"date":"2024-12-31T15:29:37","date_gmt":"2024-12-31T14:29:37","guid":{"rendered":"https:\/\/www.mirare.fr\/albums\/momentum-2\/"},"modified":"2025-01-28T11:57:34","modified_gmt":"2025-01-28T10:57:34","slug":"momentum-2","status":"publish","type":"album","link":"https:\/\/www.mirare.fr\/en\/albums\/momentum-2\/","title":{"rendered":"Momentum 2"},"content":{"rendered":"<p class=\"p1\">The second instalment of our &#8216;Momentum&#8217; diptych offers a mirror image in two pieces never before recorded together: the young fin-de-si\u00e8cle Strauss in his last chamber work, and the Korngold of the post-war period, still decked in the colours of Hollywood. The fleeting moment of this reflection is captured in the snapshot of this recording, in which Liya Petrova and her partners Alexandre Kantorow and Duncan Ward combine to make the strings of two masterpieces vibrate in sympathy. A unique \u00e9lan, a momentum to be grasped.<\/p>\n","protected":false},"excerpt":{"rendered":"<p>The second instalment of our &#8216;Momentum&#8217; diptych offers a mirror image in two pieces never before recorded together: the young fin-de-si\u00e8cle Strauss in his last chamber work, and the Korngold of the post-war period, still decked in the colours of Hollywood. The fleeting moment of this reflection is captured in the snapshot of this recording, [&hellip;]<\/p>\n","protected":false},"author":3,"featured_media":19357,"template":"","genre":[3355],"composer":[3118,3143],"class_list":["post-19356","album","type-album","status-publish","has-post-thumbnail","hentry","genre-classique-en","composer-korngold-en","composer-strauss-en"],"acf":[],"yoast_head":"<!-- This site is optimized with the Yoast SEO plugin v27.5 - https:\/\/yoast.com\/product\/yoast-seo-wordpress\/ -->\n<title>Momentum 2 - Mirare<\/title>\n<meta name=\"description\" content=\"Le deuxi\u00e8me volet de ce \u00ab Momentum \u00bb grave un reflet in\u00e9dit : celui du jeune Strauss de la fin de si\u00e8cle et ses derni\u00e8res pages de musique de chambre, dans le Korngold d&#039;apr\u00e8s-guerre, aux couleurs hollywoodiennes.\" \/>\n<meta name=\"robots\" content=\"index, follow, max-snippet:-1, max-image-preview:large, max-video-preview:-1\" \/>\n<link rel=\"canonical\" href=\"https:\/\/www.mirare.fr\/en\/albums\/momentum-2\/\" \/>\n<meta property=\"og:locale\" content=\"en_US\" \/>\n<meta property=\"og:type\" content=\"article\" \/>\n<meta property=\"og:title\" content=\"Momentum 2 - Mirare\" \/>\n<meta property=\"og:description\" content=\"Le deuxi\u00e8me volet de ce \u00ab Momentum \u00bb grave un reflet in\u00e9dit : celui du jeune Strauss de la fin de si\u00e8cle et ses derni\u00e8res pages de musique de chambre, dans le Korngold d&#039;apr\u00e8s-guerre, aux couleurs hollywoodiennes.\" \/>\n<meta property=\"og:url\" content=\"https:\/\/www.mirare.fr\/en\/albums\/momentum-2\/\" \/>\n<meta property=\"og:site_name\" content=\"Mirare\" \/>\n<meta property=\"article:publisher\" content=\"https:\/\/fr-fr.facebook.com\/pages\/category\/Record-Label\/Mirare-151247074906672\/\" \/>\n<meta property=\"article:modified_time\" content=\"2025-01-28T10:57:34+00:00\" \/>\n<meta property=\"og:image\" content=\"https:\/\/www.mirare.fr\/wp-content\/uploads\/2024\/12\/MIR690-LIYA-PETROVA-RECTO.jpg\" \/>\n\t<meta property=\"og:image:width\" content=\"1673\" \/>\n\t<meta property=\"og:image:height\" content=\"1504\" \/>\n\t<meta property=\"og:image:type\" content=\"image\/jpeg\" \/>\n<meta name=\"twitter:card\" content=\"summary_large_image\" \/>\n<meta name=\"twitter:label1\" content=\"Est. reading time\" \/>\n\t<meta name=\"twitter:data1\" content=\"1 minute\" \/>\n<script type=\"application\/ld+json\" class=\"yoast-schema-graph\">{\"@context\":\"https:\\\/\\\/schema.org\",\"@graph\":[{\"@type\":\"WebPage\",\"@id\":\"https:\\\/\\\/www.mirare.fr\\\/en\\\/albums\\\/momentum-2\\\/\",\"url\":\"https:\\\/\\\/www.mirare.fr\\\/en\\\/albums\\\/momentum-2\\\/\",\"name\":\"Momentum 2 - Mirare\",\"isPartOf\":{\"@id\":\"https:\\\/\\\/www.mirare.fr\\\/en\\\/#website\"},\"primaryImageOfPage\":{\"@id\":\"https:\\\/\\\/www.mirare.fr\\\/en\\\/albums\\\/momentum-2\\\/#primaryimage\"},\"image\":{\"@id\":\"https:\\\/\\\/www.mirare.fr\\\/en\\\/albums\\\/momentum-2\\\/#primaryimage\"},\"thumbnailUrl\":\"https:\\\/\\\/www.mirare.fr\\\/wp-content\\\/uploads\\\/2024\\\/12\\\/MIR690-LIYA-PETROVA-RECTO.jpg\",\"datePublished\":\"2024-12-31T14:29:37+00:00\",\"dateModified\":\"2025-01-28T10:57:34+00:00\",\"description\":\"Le deuxi\u00e8me volet de ce \u00ab Momentum \u00bb grave un reflet in\u00e9dit : celui du jeune Strauss de la fin de si\u00e8cle et ses derni\u00e8res pages de musique de chambre, dans le Korngold d'apr\u00e8s-guerre, aux couleurs hollywoodiennes.\",\"breadcrumb\":{\"@id\":\"https:\\\/\\\/www.mirare.fr\\\/en\\\/albums\\\/momentum-2\\\/#breadcrumb\"},\"inLanguage\":\"en-US\",\"potentialAction\":[{\"@type\":\"ReadAction\",\"target\":[\"https:\\\/\\\/www.mirare.fr\\\/en\\\/albums\\\/momentum-2\\\/\"]}]},{\"@type\":\"ImageObject\",\"inLanguage\":\"en-US\",\"@id\":\"https:\\\/\\\/www.mirare.fr\\\/en\\\/albums\\\/momentum-2\\\/#primaryimage\",\"url\":\"https:\\\/\\\/www.mirare.fr\\\/wp-content\\\/uploads\\\/2024\\\/12\\\/MIR690-LIYA-PETROVA-RECTO.jpg\",\"contentUrl\":\"https:\\\/\\\/www.mirare.fr\\\/wp-content\\\/uploads\\\/2024\\\/12\\\/MIR690-LIYA-PETROVA-RECTO.jpg\",\"width\":1673,\"height\":1504},{\"@type\":\"BreadcrumbList\",\"@id\":\"https:\\\/\\\/www.mirare.fr\\\/en\\\/albums\\\/momentum-2\\\/#breadcrumb\",\"itemListElement\":[{\"@type\":\"ListItem\",\"position\":1,\"name\":\"Home\",\"item\":\"https:\\\/\\\/www.mirare.fr\\\/en\\\/\"},{\"@type\":\"ListItem\",\"position\":2,\"name\":\"Momentum 2\"}]},{\"@type\":\"WebSite\",\"@id\":\"https:\\\/\\\/www.mirare.fr\\\/en\\\/#website\",\"url\":\"https:\\\/\\\/www.mirare.fr\\\/en\\\/\",\"name\":\"Mirare\",\"description\":\"\",\"publisher\":{\"@id\":\"https:\\\/\\\/www.mirare.fr\\\/en\\\/#organization\"},\"potentialAction\":[{\"@type\":\"SearchAction\",\"target\":{\"@type\":\"EntryPoint\",\"urlTemplate\":\"https:\\\/\\\/www.mirare.fr\\\/en\\\/?s={search_term_string}\"},\"query-input\":{\"@type\":\"PropertyValueSpecification\",\"valueRequired\":true,\"valueName\":\"search_term_string\"}}],\"inLanguage\":\"en-US\"},{\"@type\":\"Organization\",\"@id\":\"https:\\\/\\\/www.mirare.fr\\\/en\\\/#organization\",\"name\":\"Mirare Productions\",\"url\":\"https:\\\/\\\/www.mirare.fr\\\/en\\\/\",\"logo\":{\"@type\":\"ImageObject\",\"inLanguage\":\"en-US\",\"@id\":\"https:\\\/\\\/www.mirare.fr\\\/en\\\/#\\\/schema\\\/logo\\\/image\\\/\",\"url\":\"https:\\\/\\\/www.mirare.fr\\\/wp-content\\\/uploads\\\/2022\\\/02\\\/mirare-logo.png\",\"contentUrl\":\"https:\\\/\\\/www.mirare.fr\\\/wp-content\\\/uploads\\\/2022\\\/02\\\/mirare-logo.png\",\"width\":1319,\"height\":253,\"caption\":\"Mirare Productions\"},\"image\":{\"@id\":\"https:\\\/\\\/www.mirare.fr\\\/en\\\/#\\\/schema\\\/logo\\\/image\\\/\"},\"sameAs\":[\"https:\\\/\\\/fr-fr.facebook.com\\\/pages\\\/category\\\/Record-Label\\\/Mirare-151247074906672\\\/\",\"https:\\\/\\\/www.instagram.com\\\/mirare_records\\\/?hl=fr\"]}]}<\/script>\n<!-- \/ Yoast SEO plugin. -->","yoast_head_json":{"title":"Momentum 2 - Mirare","description":"Le deuxi\u00e8me volet de ce \u00ab Momentum \u00bb grave un reflet in\u00e9dit : celui du jeune Strauss de la fin de si\u00e8cle et ses derni\u00e8res pages de musique de chambre, dans le Korngold d'apr\u00e8s-guerre, aux couleurs hollywoodiennes.","robots":{"index":"index","follow":"follow","max-snippet":"max-snippet:-1","max-image-preview":"max-image-preview:large","max-video-preview":"max-video-preview:-1"},"canonical":"https:\/\/www.mirare.fr\/en\/albums\/momentum-2\/","og_locale":"en_US","og_type":"article","og_title":"Momentum 2 - Mirare","og_description":"Le deuxi\u00e8me volet de ce \u00ab Momentum \u00bb grave un reflet in\u00e9dit : celui du jeune Strauss de la fin de si\u00e8cle et ses derni\u00e8res pages de musique de chambre, dans le Korngold d'apr\u00e8s-guerre, aux couleurs hollywoodiennes.","og_url":"https:\/\/www.mirare.fr\/en\/albums\/momentum-2\/","og_site_name":"Mirare","article_publisher":"https:\/\/fr-fr.facebook.com\/pages\/category\/Record-Label\/Mirare-151247074906672\/","article_modified_time":"2025-01-28T10:57:34+00:00","og_image":[{"width":1673,"height":1504,"url":"https:\/\/www.mirare.fr\/wp-content\/uploads\/2024\/12\/MIR690-LIYA-PETROVA-RECTO.jpg","type":"image\/jpeg"}],"twitter_card":"summary_large_image","twitter_misc":{"Est. reading time":"1 minute"},"schema":{"@context":"https:\/\/schema.org","@graph":[{"@type":"WebPage","@id":"https:\/\/www.mirare.fr\/en\/albums\/momentum-2\/","url":"https:\/\/www.mirare.fr\/en\/albums\/momentum-2\/","name":"Momentum 2 - Mirare","isPartOf":{"@id":"https:\/\/www.mirare.fr\/en\/#website"},"primaryImageOfPage":{"@id":"https:\/\/www.mirare.fr\/en\/albums\/momentum-2\/#primaryimage"},"image":{"@id":"https:\/\/www.mirare.fr\/en\/albums\/momentum-2\/#primaryimage"},"thumbnailUrl":"https:\/\/www.mirare.fr\/wp-content\/uploads\/2024\/12\/MIR690-LIYA-PETROVA-RECTO.jpg","datePublished":"2024-12-31T14:29:37+00:00","dateModified":"2025-01-28T10:57:34+00:00","description":"Le deuxi\u00e8me volet de ce \u00ab Momentum \u00bb grave un reflet in\u00e9dit : celui du jeune Strauss de la fin de si\u00e8cle et ses derni\u00e8res pages de musique de chambre, dans le Korngold d'apr\u00e8s-guerre, aux couleurs hollywoodiennes.","breadcrumb":{"@id":"https:\/\/www.mirare.fr\/en\/albums\/momentum-2\/#breadcrumb"},"inLanguage":"en-US","potentialAction":[{"@type":"ReadAction","target":["https:\/\/www.mirare.fr\/en\/albums\/momentum-2\/"]}]},{"@type":"ImageObject","inLanguage":"en-US","@id":"https:\/\/www.mirare.fr\/en\/albums\/momentum-2\/#primaryimage","url":"https:\/\/www.mirare.fr\/wp-content\/uploads\/2024\/12\/MIR690-LIYA-PETROVA-RECTO.jpg","contentUrl":"https:\/\/www.mirare.fr\/wp-content\/uploads\/2024\/12\/MIR690-LIYA-PETROVA-RECTO.jpg","width":1673,"height":1504},{"@type":"BreadcrumbList","@id":"https:\/\/www.mirare.fr\/en\/albums\/momentum-2\/#breadcrumb","itemListElement":[{"@type":"ListItem","position":1,"name":"Home","item":"https:\/\/www.mirare.fr\/en\/"},{"@type":"ListItem","position":2,"name":"Momentum 2"}]},{"@type":"WebSite","@id":"https:\/\/www.mirare.fr\/en\/#website","url":"https:\/\/www.mirare.fr\/en\/","name":"Mirare","description":"","publisher":{"@id":"https:\/\/www.mirare.fr\/en\/#organization"},"potentialAction":[{"@type":"SearchAction","target":{"@type":"EntryPoint","urlTemplate":"https:\/\/www.mirare.fr\/en\/?s={search_term_string}"},"query-input":{"@type":"PropertyValueSpecification","valueRequired":true,"valueName":"search_term_string"}}],"inLanguage":"en-US"},{"@type":"Organization","@id":"https:\/\/www.mirare.fr\/en\/#organization","name":"Mirare Productions","url":"https:\/\/www.mirare.fr\/en\/","logo":{"@type":"ImageObject","inLanguage":"en-US","@id":"https:\/\/www.mirare.fr\/en\/#\/schema\/logo\/image\/","url":"https:\/\/www.mirare.fr\/wp-content\/uploads\/2022\/02\/mirare-logo.png","contentUrl":"https:\/\/www.mirare.fr\/wp-content\/uploads\/2022\/02\/mirare-logo.png","width":1319,"height":253,"caption":"Mirare Productions"},"image":{"@id":"https:\/\/www.mirare.fr\/en\/#\/schema\/logo\/image\/"},"sameAs":["https:\/\/fr-fr.facebook.com\/pages\/category\/Record-Label\/Mirare-151247074906672\/","https:\/\/www.instagram.com\/mirare_records\/?hl=fr"]}]}},"_links":{"self":[{"href":"https:\/\/www.mirare.fr\/en\/wp-json\/wp\/v2\/album\/19356","targetHints":{"allow":["GET"]}}],"collection":[{"href":"https:\/\/www.mirare.fr\/en\/wp-json\/wp\/v2\/album"}],"about":[{"href":"https:\/\/www.mirare.fr\/en\/wp-json\/wp\/v2\/types\/album"}],"author":[{"embeddable":true,"href":"https:\/\/www.mirare.fr\/en\/wp-json\/wp\/v2\/users\/3"}],"version-history":[{"count":3,"href":"https:\/\/www.mirare.fr\/en\/wp-json\/wp\/v2\/album\/19356\/revisions"}],"predecessor-version":[{"id":19424,"href":"https:\/\/www.mirare.fr\/en\/wp-json\/wp\/v2\/album\/19356\/revisions\/19424"}],"wp:featuredmedia":[{"embeddable":true,"href":"https:\/\/www.mirare.fr\/en\/wp-json\/wp\/v2\/media\/19357"}],"wp:attachment":[{"href":"https:\/\/www.mirare.fr\/en\/wp-json\/wp\/v2\/media?parent=19356"}],"wp:term":[{"taxonomy":"genre","embeddable":true,"href":"https:\/\/www.mirare.fr\/en\/wp-json\/wp\/v2\/genre?post=19356"},{"taxonomy":"composer","embeddable":true,"href":"https:\/\/www.mirare.fr\/en\/wp-json\/wp\/v2\/composer?post=19356"}],"curies":[{"name":"wp","href":"https:\/\/api.w.org\/{rel}","templated":true}]}}

<p class="p1">The second instalment of our &#8216;Momentum&#8217; diptych offers a mirror image in two pieces never before recorded together: the young fin-de-siècle Strauss in his last chamber work, and the Korngold of the post-war period, still decked in the colours of Hollywood. The fleeting moment of this reflection is captured in the snapshot of this recording, in which Liya Petrova and her partners Alexandre Kantorow and Duncan Ward combine to make the strings of two masterpieces vibrate in sympathy. A unique élan, a momentum to be grasped.</p>

<p>The second instalment of our &#8216;Momentum&#8217; diptych offers a mirror image in two pieces never before recorded together: the young fin-de-siècle Strauss in his last chamber work, and the Korngold of the post-war period, still decked in the colours of Hollywood. The fleeting moment of this reflection is captured in the snapshot of this recording, [&hellip;]</p>

<!-- This site is optimized with the Yoast SEO plugin v27.5 - https://yoast.com/product/yoast-seo-wordpress/ -->
<title>Momentum 2 - Mirare</title>
<meta name="description" content="Le deuxième volet de ce « Momentum » grave un reflet inédit : celui du jeune Strauss de la fin de siècle et ses dernières pages de musique de chambre, dans le Korngold d&#039;après-guerre, aux couleurs hollywoodiennes." />
<meta name="robots" content="index, follow, max-snippet:-1, max-image-preview:large, max-video-preview:-1" />
<link rel="canonical" href="https://www.mirare.fr/en/albums/momentum-2/" />
<meta property="og:locale" content="en_US" />
<meta property="og:type" content="article" />
<meta property="og:title" content="Momentum 2 - Mirare" />
<meta property="og:description" content="Le deuxième volet de ce « Momentum » grave un reflet inédit : celui du jeune Strauss de la fin de siècle et ses dernières pages de musique de chambre, dans le Korngold d&#039;après-guerre, aux couleurs hollywoodiennes." />
<meta property="og:url" content="https://www.mirare.fr/en/albums/momentum-2/" />
<meta property="og:site_name" content="Mirare" />
<meta property="article:publisher" content="https://fr-fr.facebook.com/pages/category/Record-Label/Mirare-151247074906672/" />
<meta property="article:modified_time" content="2025-01-28T10:57:34+00:00" />
<meta property="og:image" content="https://www.mirare.fr/wp-content/uploads/2024/12/MIR690-LIYA-PETROVA-RECTO.jpg" />
	<meta property="og:image:width" content="1673" />
	<meta property="og:image:height" content="1504" />
	<meta property="og:image:type" content="image/jpeg" />
<meta name="twitter:card" content="summary_large_image" />
<meta name="twitter:label1" content="Est. reading time" />
	<meta name="twitter:data1" content="1 minute" />
<script type="application/ld+json" class="yoast-schema-graph">{"@context":"https:\/\/schema.org","@graph":[{"@type":"WebPage","@id":"https:\/\/www.mirare.fr\/en\/albums\/momentum-2\/","url":"https:\/\/www.mirare.fr\/en\/albums\/momentum-2\/","name":"Momentum 2 - Mirare","isPartOf":{"@id":"https:\/\/www.mirare.fr\/en\/#website"},"primaryImageOfPage":{"@id":"https:\/\/www.mirare.fr\/en\/albums\/momentum-2\/#primaryimage"},"image":{"@id":"https:\/\/www.mirare.fr\/en\/albums\/momentum-2\/#primaryimage"},"thumbnailUrl":"https:\/\/www.mirare.fr\/wp-content\/uploads\/2024\/12\/MIR690-LIYA-PETROVA-RECTO.jpg","datePublished":"2024-12-31T14:29:37+00:00","dateModified":"2025-01-28T10:57:34+00:00","description":"Le deuxième volet de ce « Momentum » grave un reflet inédit : celui du jeune Strauss de la fin de siècle et ses dernières pages de musique de chambre, dans le Korngold d'après-guerre, aux couleurs hollywoodiennes.","breadcrumb":{"@id":"https:\/\/www.mirare.fr\/en\/albums\/momentum-2\/#breadcrumb"},"inLanguage":"en-US","potentialAction":[{"@type":"ReadAction","target":["https:\/\/www.mirare.fr\/en\/albums\/momentum-2\/"]}]},{"@type":"ImageObject","inLanguage":"en-US","@id":"https:\/\/www.mirare.fr\/en\/albums\/momentum-2\/#primaryimage","url":"https:\/\/www.mirare.fr\/wp-content\/uploads\/2024\/12\/MIR690-LIYA-PETROVA-RECTO.jpg","contentUrl":"https:\/\/www.mirare.fr\/wp-content\/uploads\/2024\/12\/MIR690-LIYA-PETROVA-RECTO.jpg","width":1673,"height":1504},{"@type":"BreadcrumbList","@id":"https:\/\/www.mirare.fr\/en\/albums\/momentum-2\/#breadcrumb","itemListElement":[{"@type":"ListItem","position":1,"name":"Home","item":"https:\/\/www.mirare.fr\/en\/"},{"@type":"ListItem","position":2,"name":"Momentum 2"}]},{"@type":"WebSite","@id":"https:\/\/www.mirare.fr\/en\/#website","url":"https:\/\/www.mirare.fr\/en\/","name":"Mirare","description":"","publisher":{"@id":"https:\/\/www.mirare.fr\/en\/#organization"},"potentialAction":[{"@type":"SearchAction","target":{"@type":"EntryPoint","urlTemplate":"https:\/\/www.mirare.fr\/en\/?s={search_term_string}"},"query-input":{"@type":"PropertyValueSpecification","valueRequired":true,"valueName":"search_term_string"}}],"inLanguage":"en-US"},{"@type":"Organization","@id":"https:\/\/www.mirare.fr\/en\/#organization","name":"Mirare Productions","url":"https:\/\/www.mirare.fr\/en\/","logo":{"@type":"ImageObject","inLanguage":"en-US","@id":"https:\/\/www.mirare.fr\/en\/#\/schema\/logo\/image\/","url":"https:\/\/www.mirare.fr\/wp-content\/uploads\/2022\/02\/mirare-logo.png","contentUrl":"https:\/\/www.mirare.fr\/wp-content\/uploads\/2022\/02\/mirare-logo.png","width":1319,"height":253,"caption":"Mirare Productions"},"image":{"@id":"https:\/\/www.mirare.fr\/en\/#\/schema\/logo\/image\/"},"sameAs":["https:\/\/fr-fr.facebook.com\/pages\/category\/Record-Label\/Mirare-151247074906672\/","https:\/\/www.instagram.com\/mirare_records\/?hl=fr"]}]}</script>
<!-- / Yoast SEO plugin. -->

Le deuxième volet de ce « Momentum » grave un reflet inédit : celui du jeune Strauss de la fin de siècle et ses dernières pages de musique de chambre, dans le Korngold d'après-guerre, aux couleurs hollywoodiennes.
