{"id":17458,"date":"2022-12-14T11:18:06","date_gmt":"2022-12-14T10:18:06","guid":{"rendered":"https:\/\/www.mirare.fr\/albums\/chut-la-nuit\/"},"modified":"2023-01-27T12:11:11","modified_gmt":"2023-01-27T11:11:11","slug":"chut-la-nuit","status":"publish","type":"album","link":"https:\/\/www.mirare.fr\/en\/albums\/chut-la-nuit\/","title":{"rendered":"Chut ! La nuit me prot\u00e8ge"},"content":{"rendered":"<p>After the success of the first two CDs in the &#8221; Chut ! &#8221; series (&#8221; I fall asleep with Beethoven &#8221; and &#8221; I dream with Schubert &#8220;), Ren\u00e9 Martin has created a new CD designed for the very young. On the theme of the serene and protective night, he has carefully chosen the most beautiful lullabies, nocturnes, etc., performed by some of the most emblematic artists of the Folle Journ\u00e9e, such as Brigitte Engerer and Luis Fernando P\u00e9rez, but also by promising talents of the rising generation, such as the young Cello8 octet.<\/p>\n","protected":false},"excerpt":{"rendered":"<p>After the success of the first two CDs in the &#8221; Chut ! &#8221; series (&#8221; I fall asleep with Beethoven &#8221; and &#8221; I dream with Schubert &#8220;), Ren\u00e9 Martin has created a new CD designed for the very young. On the theme of the serene and protective night, he has carefully chosen the [&hellip;]<\/p>\n","protected":false},"author":4,"featured_media":17459,"template":"","genre":[2976],"composer":[3015,3058,2989,3011,3017,3102,3065,3012,3053,2991,3037,3007],"class_list":["post-17458","album","type-album","status-publish","has-post-thumbnail","hentry","genre-compilation-en","composer-beethoven-ludwig-von-en","composer-bizet-en","composer-brahms-johannes-en","composer-chopin-en","composer-debussy-en","composer-hahn-en","composer-hahn-reynaldo-en","composer-liszt-en","composer-schubert-en","composer-schumann-robert-en","composer-scriabin-en","composer-tchaikovsky-en"],"acf":[],"yoast_head":"<!-- This site is optimized with the Yoast SEO plugin v27.5 - https:\/\/yoast.com\/product\/yoast-seo-wordpress\/ -->\n<title>Chut ! La nuit me prot\u00e8ge - Mirare<\/title>\n<meta name=\"description\" content=\"Sur le th\u00e8me de la nuit, Ren\u00e9 Martin a choisi avec soin les plus belles berceuses, nocturnes, etc. embl\u00e9matiques de la Folle Journ\u00e9e 2023.\" \/>\n<meta name=\"robots\" content=\"index, follow, max-snippet:-1, max-image-preview:large, max-video-preview:-1\" \/>\n<link rel=\"canonical\" href=\"https:\/\/www.mirare.fr\/en\/albums\/chut-la-nuit\/\" \/>\n<meta property=\"og:locale\" content=\"en_US\" \/>\n<meta property=\"og:type\" content=\"article\" \/>\n<meta property=\"og:title\" content=\"Chut ! La nuit me prot\u00e8ge - Mirare\" \/>\n<meta property=\"og:description\" content=\"Sur le th\u00e8me de la nuit, Ren\u00e9 Martin a choisi avec soin les plus belles berceuses, nocturnes, etc. embl\u00e9matiques de la Folle Journ\u00e9e 2023.\" \/>\n<meta property=\"og:url\" content=\"https:\/\/www.mirare.fr\/en\/albums\/chut-la-nuit\/\" \/>\n<meta property=\"og:site_name\" content=\"Mirare\" \/>\n<meta property=\"article:publisher\" content=\"https:\/\/fr-fr.facebook.com\/pages\/category\/Record-Label\/Mirare-151247074906672\/\" \/>\n<meta property=\"article:modified_time\" content=\"2023-01-27T11:11:11+00:00\" \/>\n<meta property=\"og:image\" content=\"https:\/\/www.mirare.fr\/wp-content\/uploads\/2022\/12\/VISUEL-MIR678.jpg\" \/>\n\t<meta property=\"og:image:width\" content=\"1648\" \/>\n\t<meta property=\"og:image:height\" content=\"1482\" \/>\n\t<meta property=\"og:image:type\" content=\"image\/jpeg\" \/>\n<meta name=\"twitter:card\" content=\"summary_large_image\" \/>\n<script type=\"application\/ld+json\" class=\"yoast-schema-graph\">{\"@context\":\"https:\\\/\\\/schema.org\",\"@graph\":[{\"@type\":\"WebPage\",\"@id\":\"https:\\\/\\\/www.mirare.fr\\\/en\\\/albums\\\/chut-la-nuit\\\/\",\"url\":\"https:\\\/\\\/www.mirare.fr\\\/en\\\/albums\\\/chut-la-nuit\\\/\",\"name\":\"Chut ! La nuit me prot\u00e8ge - Mirare\",\"isPartOf\":{\"@id\":\"https:\\\/\\\/www.mirare.fr\\\/en\\\/#website\"},\"primaryImageOfPage\":{\"@id\":\"https:\\\/\\\/www.mirare.fr\\\/en\\\/albums\\\/chut-la-nuit\\\/#primaryimage\"},\"image\":{\"@id\":\"https:\\\/\\\/www.mirare.fr\\\/en\\\/albums\\\/chut-la-nuit\\\/#primaryimage\"},\"thumbnailUrl\":\"https:\\\/\\\/www.mirare.fr\\\/wp-content\\\/uploads\\\/2022\\\/12\\\/VISUEL-MIR678.jpg\",\"datePublished\":\"2022-12-14T10:18:06+00:00\",\"dateModified\":\"2023-01-27T11:11:11+00:00\",\"description\":\"Sur le th\u00e8me de la nuit, Ren\u00e9 Martin a choisi avec soin les plus belles berceuses, nocturnes, etc. embl\u00e9matiques de la Folle Journ\u00e9e 2023.\",\"breadcrumb\":{\"@id\":\"https:\\\/\\\/www.mirare.fr\\\/en\\\/albums\\\/chut-la-nuit\\\/#breadcrumb\"},\"inLanguage\":\"en-US\",\"potentialAction\":[{\"@type\":\"ReadAction\",\"target\":[\"https:\\\/\\\/www.mirare.fr\\\/en\\\/albums\\\/chut-la-nuit\\\/\"]}]},{\"@type\":\"ImageObject\",\"inLanguage\":\"en-US\",\"@id\":\"https:\\\/\\\/www.mirare.fr\\\/en\\\/albums\\\/chut-la-nuit\\\/#primaryimage\",\"url\":\"https:\\\/\\\/www.mirare.fr\\\/wp-content\\\/uploads\\\/2022\\\/12\\\/VISUEL-MIR678.jpg\",\"contentUrl\":\"https:\\\/\\\/www.mirare.fr\\\/wp-content\\\/uploads\\\/2022\\\/12\\\/VISUEL-MIR678.jpg\",\"width\":1648,\"height\":1482},{\"@type\":\"BreadcrumbList\",\"@id\":\"https:\\\/\\\/www.mirare.fr\\\/en\\\/albums\\\/chut-la-nuit\\\/#breadcrumb\",\"itemListElement\":[{\"@type\":\"ListItem\",\"position\":1,\"name\":\"Home\",\"item\":\"https:\\\/\\\/www.mirare.fr\\\/en\\\/\"},{\"@type\":\"ListItem\",\"position\":2,\"name\":\"Chut ! La nuit me prot\u00e8ge\"}]},{\"@type\":\"WebSite\",\"@id\":\"https:\\\/\\\/www.mirare.fr\\\/en\\\/#website\",\"url\":\"https:\\\/\\\/www.mirare.fr\\\/en\\\/\",\"name\":\"Mirare\",\"description\":\"\",\"publisher\":{\"@id\":\"https:\\\/\\\/www.mirare.fr\\\/en\\\/#organization\"},\"potentialAction\":[{\"@type\":\"SearchAction\",\"target\":{\"@type\":\"EntryPoint\",\"urlTemplate\":\"https:\\\/\\\/www.mirare.fr\\\/en\\\/?s={search_term_string}\"},\"query-input\":{\"@type\":\"PropertyValueSpecification\",\"valueRequired\":true,\"valueName\":\"search_term_string\"}}],\"inLanguage\":\"en-US\"},{\"@type\":\"Organization\",\"@id\":\"https:\\\/\\\/www.mirare.fr\\\/en\\\/#organization\",\"name\":\"Mirare Productions\",\"url\":\"https:\\\/\\\/www.mirare.fr\\\/en\\\/\",\"logo\":{\"@type\":\"ImageObject\",\"inLanguage\":\"en-US\",\"@id\":\"https:\\\/\\\/www.mirare.fr\\\/en\\\/#\\\/schema\\\/logo\\\/image\\\/\",\"url\":\"https:\\\/\\\/www.mirare.fr\\\/wp-content\\\/uploads\\\/2022\\\/02\\\/mirare-logo.png\",\"contentUrl\":\"https:\\\/\\\/www.mirare.fr\\\/wp-content\\\/uploads\\\/2022\\\/02\\\/mirare-logo.png\",\"width\":1319,\"height\":253,\"caption\":\"Mirare Productions\"},\"image\":{\"@id\":\"https:\\\/\\\/www.mirare.fr\\\/en\\\/#\\\/schema\\\/logo\\\/image\\\/\"},\"sameAs\":[\"https:\\\/\\\/fr-fr.facebook.com\\\/pages\\\/category\\\/Record-Label\\\/Mirare-151247074906672\\\/\",\"https:\\\/\\\/www.instagram.com\\\/mirare_records\\\/?hl=fr\"]}]}<\/script>\n<!-- \/ Yoast SEO plugin. -->","yoast_head_json":{"title":"Chut ! La nuit me prot\u00e8ge - Mirare","description":"Sur le th\u00e8me de la nuit, Ren\u00e9 Martin a choisi avec soin les plus belles berceuses, nocturnes, etc. embl\u00e9matiques de la Folle Journ\u00e9e 2023.","robots":{"index":"index","follow":"follow","max-snippet":"max-snippet:-1","max-image-preview":"max-image-preview:large","max-video-preview":"max-video-preview:-1"},"canonical":"https:\/\/www.mirare.fr\/en\/albums\/chut-la-nuit\/","og_locale":"en_US","og_type":"article","og_title":"Chut ! La nuit me prot\u00e8ge - Mirare","og_description":"Sur le th\u00e8me de la nuit, Ren\u00e9 Martin a choisi avec soin les plus belles berceuses, nocturnes, etc. embl\u00e9matiques de la Folle Journ\u00e9e 2023.","og_url":"https:\/\/www.mirare.fr\/en\/albums\/chut-la-nuit\/","og_site_name":"Mirare","article_publisher":"https:\/\/fr-fr.facebook.com\/pages\/category\/Record-Label\/Mirare-151247074906672\/","article_modified_time":"2023-01-27T11:11:11+00:00","og_image":[{"width":1648,"height":1482,"url":"https:\/\/www.mirare.fr\/wp-content\/uploads\/2022\/12\/VISUEL-MIR678.jpg","type":"image\/jpeg"}],"twitter_card":"summary_large_image","schema":{"@context":"https:\/\/schema.org","@graph":[{"@type":"WebPage","@id":"https:\/\/www.mirare.fr\/en\/albums\/chut-la-nuit\/","url":"https:\/\/www.mirare.fr\/en\/albums\/chut-la-nuit\/","name":"Chut ! La nuit me prot\u00e8ge - Mirare","isPartOf":{"@id":"https:\/\/www.mirare.fr\/en\/#website"},"primaryImageOfPage":{"@id":"https:\/\/www.mirare.fr\/en\/albums\/chut-la-nuit\/#primaryimage"},"image":{"@id":"https:\/\/www.mirare.fr\/en\/albums\/chut-la-nuit\/#primaryimage"},"thumbnailUrl":"https:\/\/www.mirare.fr\/wp-content\/uploads\/2022\/12\/VISUEL-MIR678.jpg","datePublished":"2022-12-14T10:18:06+00:00","dateModified":"2023-01-27T11:11:11+00:00","description":"Sur le th\u00e8me de la nuit, Ren\u00e9 Martin a choisi avec soin les plus belles berceuses, nocturnes, etc. embl\u00e9matiques de la Folle Journ\u00e9e 2023.","breadcrumb":{"@id":"https:\/\/www.mirare.fr\/en\/albums\/chut-la-nuit\/#breadcrumb"},"inLanguage":"en-US","potentialAction":[{"@type":"ReadAction","target":["https:\/\/www.mirare.fr\/en\/albums\/chut-la-nuit\/"]}]},{"@type":"ImageObject","inLanguage":"en-US","@id":"https:\/\/www.mirare.fr\/en\/albums\/chut-la-nuit\/#primaryimage","url":"https:\/\/www.mirare.fr\/wp-content\/uploads\/2022\/12\/VISUEL-MIR678.jpg","contentUrl":"https:\/\/www.mirare.fr\/wp-content\/uploads\/2022\/12\/VISUEL-MIR678.jpg","width":1648,"height":1482},{"@type":"BreadcrumbList","@id":"https:\/\/www.mirare.fr\/en\/albums\/chut-la-nuit\/#breadcrumb","itemListElement":[{"@type":"ListItem","position":1,"name":"Home","item":"https:\/\/www.mirare.fr\/en\/"},{"@type":"ListItem","position":2,"name":"Chut ! La nuit me prot\u00e8ge"}]},{"@type":"WebSite","@id":"https:\/\/www.mirare.fr\/en\/#website","url":"https:\/\/www.mirare.fr\/en\/","name":"Mirare","description":"","publisher":{"@id":"https:\/\/www.mirare.fr\/en\/#organization"},"potentialAction":[{"@type":"SearchAction","target":{"@type":"EntryPoint","urlTemplate":"https:\/\/www.mirare.fr\/en\/?s={search_term_string}"},"query-input":{"@type":"PropertyValueSpecification","valueRequired":true,"valueName":"search_term_string"}}],"inLanguage":"en-US"},{"@type":"Organization","@id":"https:\/\/www.mirare.fr\/en\/#organization","name":"Mirare Productions","url":"https:\/\/www.mirare.fr\/en\/","logo":{"@type":"ImageObject","inLanguage":"en-US","@id":"https:\/\/www.mirare.fr\/en\/#\/schema\/logo\/image\/","url":"https:\/\/www.mirare.fr\/wp-content\/uploads\/2022\/02\/mirare-logo.png","contentUrl":"https:\/\/www.mirare.fr\/wp-content\/uploads\/2022\/02\/mirare-logo.png","width":1319,"height":253,"caption":"Mirare Productions"},"image":{"@id":"https:\/\/www.mirare.fr\/en\/#\/schema\/logo\/image\/"},"sameAs":["https:\/\/fr-fr.facebook.com\/pages\/category\/Record-Label\/Mirare-151247074906672\/","https:\/\/www.instagram.com\/mirare_records\/?hl=fr"]}]}},"_links":{"self":[{"href":"https:\/\/www.mirare.fr\/en\/wp-json\/wp\/v2\/album\/17458","targetHints":{"allow":["GET"]}}],"collection":[{"href":"https:\/\/www.mirare.fr\/en\/wp-json\/wp\/v2\/album"}],"about":[{"href":"https:\/\/www.mirare.fr\/en\/wp-json\/wp\/v2\/types\/album"}],"author":[{"embeddable":true,"href":"https:\/\/www.mirare.fr\/en\/wp-json\/wp\/v2\/users\/4"}],"version-history":[{"count":5,"href":"https:\/\/www.mirare.fr\/en\/wp-json\/wp\/v2\/album\/17458\/revisions"}],"predecessor-version":[{"id":17685,"href":"https:\/\/www.mirare.fr\/en\/wp-json\/wp\/v2\/album\/17458\/revisions\/17685"}],"wp:featuredmedia":[{"embeddable":true,"href":"https:\/\/www.mirare.fr\/en\/wp-json\/wp\/v2\/media\/17459"}],"wp:attachment":[{"href":"https:\/\/www.mirare.fr\/en\/wp-json\/wp\/v2\/media?parent=17458"}],"wp:term":[{"taxonomy":"genre","embeddable":true,"href":"https:\/\/www.mirare.fr\/en\/wp-json\/wp\/v2\/genre?post=17458"},{"taxonomy":"composer","embeddable":true,"href":"https:\/\/www.mirare.fr\/en\/wp-json\/wp\/v2\/composer?post=17458"}],"curies":[{"name":"wp","href":"https:\/\/api.w.org\/{rel}","templated":true}]}}

Chut ! La nuit me protège

<p>After the success of the first two CDs in the &#8221; Chut ! &#8221; series (&#8221; I fall asleep with Beethoven &#8221; and &#8221; I dream with Schubert &#8220;), René Martin has created a new CD designed for the very young. On the theme of the serene and protective night, he has carefully chosen the most beautiful lullabies, nocturnes, etc., performed by some of the most emblematic artists of the Folle Journée, such as Brigitte Engerer and Luis Fernando Pérez, but also by promising talents of the rising generation, such as the young Cello8 octet.</p>

<p>After the success of the first two CDs in the &#8221; Chut ! &#8221; series (&#8221; I fall asleep with Beethoven &#8221; and &#8221; I dream with Schubert &#8220;), René Martin has created a new CD designed for the very young. On the theme of the serene and protective night, he has carefully chosen the [&hellip;]</p>

<!-- This site is optimized with the Yoast SEO plugin v27.5 - https://yoast.com/product/yoast-seo-wordpress/ -->
<title>Chut ! La nuit me protège - Mirare</title>
<meta name="description" content="Sur le thème de la nuit, René Martin a choisi avec soin les plus belles berceuses, nocturnes, etc. emblématiques de la Folle Journée 2023." />
<meta name="robots" content="index, follow, max-snippet:-1, max-image-preview:large, max-video-preview:-1" />
<link rel="canonical" href="https://www.mirare.fr/en/albums/chut-la-nuit/" />
<meta property="og:locale" content="en_US" />
<meta property="og:type" content="article" />
<meta property="og:title" content="Chut ! La nuit me protège - Mirare" />
<meta property="og:description" content="Sur le thème de la nuit, René Martin a choisi avec soin les plus belles berceuses, nocturnes, etc. emblématiques de la Folle Journée 2023." />
<meta property="og:url" content="https://www.mirare.fr/en/albums/chut-la-nuit/" />
<meta property="og:site_name" content="Mirare" />
<meta property="article:publisher" content="https://fr-fr.facebook.com/pages/category/Record-Label/Mirare-151247074906672/" />
<meta property="article:modified_time" content="2023-01-27T11:11:11+00:00" />
<meta property="og:image" content="https://www.mirare.fr/wp-content/uploads/2022/12/VISUEL-MIR678.jpg" />
	<meta property="og:image:width" content="1648" />
	<meta property="og:image:height" content="1482" />
	<meta property="og:image:type" content="image/jpeg" />
<meta name="twitter:card" content="summary_large_image" />
<script type="application/ld+json" class="yoast-schema-graph">{"@context":"https:\/\/schema.org","@graph":[{"@type":"WebPage","@id":"https:\/\/www.mirare.fr\/en\/albums\/chut-la-nuit\/","url":"https:\/\/www.mirare.fr\/en\/albums\/chut-la-nuit\/","name":"Chut ! La nuit me protège - Mirare","isPartOf":{"@id":"https:\/\/www.mirare.fr\/en\/#website"},"primaryImageOfPage":{"@id":"https:\/\/www.mirare.fr\/en\/albums\/chut-la-nuit\/#primaryimage"},"image":{"@id":"https:\/\/www.mirare.fr\/en\/albums\/chut-la-nuit\/#primaryimage"},"thumbnailUrl":"https:\/\/www.mirare.fr\/wp-content\/uploads\/2022\/12\/VISUEL-MIR678.jpg","datePublished":"2022-12-14T10:18:06+00:00","dateModified":"2023-01-27T11:11:11+00:00","description":"Sur le thème de la nuit, René Martin a choisi avec soin les plus belles berceuses, nocturnes, etc. emblématiques de la Folle Journée 2023.","breadcrumb":{"@id":"https:\/\/www.mirare.fr\/en\/albums\/chut-la-nuit\/#breadcrumb"},"inLanguage":"en-US","potentialAction":[{"@type":"ReadAction","target":["https:\/\/www.mirare.fr\/en\/albums\/chut-la-nuit\/"]}]},{"@type":"ImageObject","inLanguage":"en-US","@id":"https:\/\/www.mirare.fr\/en\/albums\/chut-la-nuit\/#primaryimage","url":"https:\/\/www.mirare.fr\/wp-content\/uploads\/2022\/12\/VISUEL-MIR678.jpg","contentUrl":"https:\/\/www.mirare.fr\/wp-content\/uploads\/2022\/12\/VISUEL-MIR678.jpg","width":1648,"height":1482},{"@type":"BreadcrumbList","@id":"https:\/\/www.mirare.fr\/en\/albums\/chut-la-nuit\/#breadcrumb","itemListElement":[{"@type":"ListItem","position":1,"name":"Home","item":"https:\/\/www.mirare.fr\/en\/"},{"@type":"ListItem","position":2,"name":"Chut ! La nuit me protège"}]},{"@type":"WebSite","@id":"https:\/\/www.mirare.fr\/en\/#website","url":"https:\/\/www.mirare.fr\/en\/","name":"Mirare","description":"","publisher":{"@id":"https:\/\/www.mirare.fr\/en\/#organization"},"potentialAction":[{"@type":"SearchAction","target":{"@type":"EntryPoint","urlTemplate":"https:\/\/www.mirare.fr\/en\/?s={search_term_string}"},"query-input":{"@type":"PropertyValueSpecification","valueRequired":true,"valueName":"search_term_string"}}],"inLanguage":"en-US"},{"@type":"Organization","@id":"https:\/\/www.mirare.fr\/en\/#organization","name":"Mirare Productions","url":"https:\/\/www.mirare.fr\/en\/","logo":{"@type":"ImageObject","inLanguage":"en-US","@id":"https:\/\/www.mirare.fr\/en\/#\/schema\/logo\/image\/","url":"https:\/\/www.mirare.fr\/wp-content\/uploads\/2022\/02\/mirare-logo.png","contentUrl":"https:\/\/www.mirare.fr\/wp-content\/uploads\/2022\/02\/mirare-logo.png","width":1319,"height":253,"caption":"Mirare Productions"},"image":{"@id":"https:\/\/www.mirare.fr\/en\/#\/schema\/logo\/image\/"},"sameAs":["https:\/\/fr-fr.facebook.com\/pages\/category\/Record-Label\/Mirare-151247074906672\/","https:\/\/www.instagram.com\/mirare_records\/?hl=fr"]}]}</script>
<!-- / Yoast SEO plugin. -->

Chut ! La nuit me protège - Mirare

Sur le thème de la nuit, René Martin a choisi avec soin les plus belles berceuses, nocturnes, etc. emblématiques de la Folle Journée 2023.
